NOAA-Style Climate Reports


Report for 2008 May
                  MONTHLY CLIMATOLOGICAL SUMMARY FOR 5/2008
                                        HEAT  COOL        
     MEAN                               DEG   DEG       WIND SPEED       DOM MEAN  MEAN
DAY  TEMP  HIGH   TIME     LOW   TIME   DAYS  DAYS RAIN AVG  HI  TIME    DIR BAROM HUM
---------------------------------------------------------------------------------------
1    47.8  64.0   1:38pm  32.7   6:50am   17    0  0.35   2  18  11:53am ENE 29.80   53
2    43.7  46.2   8:50pm  40.3   4:12am   21    0  0.87   1  14   2:00pm ENE 29.55   96
3    44.0  50.2   3:19pm  29.7  11:32pm   21    0  0.00   3  28  12:04pm WNW 29.52   79
4    49.0  68.5   3:24pm  25.3   5:44am   16    0  0.00   4  38   2:14pm  SW 29.84   51
5    51.8  67.8   3:44pm  32.9   6:12am   13    0  0.00   4  28   1:37pm WNW 29.89   44
6    54.4  73.6   3:10pm  38.1   5:44am   12    1  0.04   1  17   2:18pm   E 29.85   53
7    51.0  61.0  10:06am  34.5  11:58pm   14    0  0.20   4  34   1:03pm  NW 29.60   68
8    47.9  66.9   3:23pm  28.0   5:53am   17    0  0.00   2  22   4:52pm   S 29.81   55
9    50.0  63.3   5:37pm  38.7  11:59pm   15    0  0.00   0  13   3:31pm   S 29.84   53
10   47.7  64.9   1:41pm  27.9   5:35am   17    0  0.00   1  17   1:36pm   E 29.86   49
11   47.0  54.9  11:32am  40.5   5:52am   18    0  0.08   1  22  11:27pm NNE 29.67   63
12   48.6  66.7   3:30pm  33.4   5:53am   16    0  0.00   2  19   9:17am ENE 29.90   55
13   53.9  69.8   2:17pm  37.2   5:55am   12    0  0.08   3  26   3:55pm   S 29.84   64
14   55.3  69.6   3:56pm  39.4  11:59pm   10    1  0.04   4  30   9:19am WNW 29.81   56
15   55.7  74.5   3:15pm  34.9   5:24am   11    2  0.00   3  22   4:14pm SSE 29.99   48
16   59.1  75.6   2:18pm  47.1   6:32am    7    1  0.00   2  33   3:51pm   W 29.70   49
17   55.3  70.0   1:32pm  43.5   5:55am   10    0  0.00   5  39   2:28pm WNW 29.49   54
18   46.2  59.2   3:52pm  35.2  10:31pm   18    0  0.00   3  34  12:48pm WNW 29.57   52
19   50.9  67.6   3:48pm  30.7   5:20am   14    0  0.00   2  24  10:00am WNW 29.61   41
20   53.1  68.5   2:38pm  38.7   3:06am   12    0  0.00   5  38   1:55pm WNW 29.59   41
21   53.1  68.4   2:37pm  38.1   3:18am   12    0  0.00   4  28   1:47pm WNW 29.64   44
22   53.2  67.8   4:59pm  41.9   2:56am   12    0  0.00   1  22   9:24am   E 29.89   50
23   55.2  71.4   4:58pm  39.9   3:03am   11    1  0.00   1  18   3:26pm   E 30.14   51
24   54.4  73.0   3:21pm  34.9   4:13am   12    2  0.00   2  17   2:15pm   E 30.17   51
25   54.2  72.1   2:05pm  35.2   4:11am   12    1  0.67   2  25   1:37pm SSE 29.84   74
26   60.2  79.7   1:38pm  38.8  10:17pm    8    3  0.00   4  38   1:19pm   N 29.70   66
27   46.8  66.2   4:54pm  32.5   5:16am   18    0  0.00   2  18  11:31am   E 30.23   49
28   53.2  76.5   4:06pm  27.3   5:17am   14    2  0.00   2  22   4:24pm SSE 30.28   47
29   60.1  78.8   4:09pm  38.3   5:16am    8    3  0.00   2  22  12:00pm SSE 30.07   43
30   56.5  68.7   6:38pm  46.2   7:24am    9    1  0.59   1  23   4:18pm WSW 29.68   86
31   57.0  64.0   1:33pm  45.3  11:56pm    8    0  0.00   5  34  12:21pm WNW 29.70   68
---------------------------------------------------------------------------------------
TOT  52.1  79.7  5/26/08  25.3   5/4/08  417   20  2.91   3  39  5/17/08 WNW 29.81   57

HEAT BASE: 65.0
COOL BASE: 65.0