NOAA-Style Climate Reports


Report for 2008 March
                  MONTHLY CLIMATOLOGICAL SUMMARY FOR 3/2008
                                        HEAT  COOL        
     MEAN                               DEG   DEG       WIND SPEED       DOM MEAN  MEAN
DAY  TEMP  HIGH   TIME     LOW   TIME   DAYS  DAYS RAIN AVG  HI  TIME    DIR BAROM HUM
---------------------------------------------------------------------------------------
1    19.6  37.6   2:52pm   8.4   6:25am   45    0  0.04   1  13   2:08pm   S 30.05   50
2    29.1  43.3  12:06pm   9.1  12:00am   36    0  0.47   2  22  11:34am   E 29.76   75
3    28.1  36.0   3:08pm  14.4  11:48pm   37    0  0.00   5  28   3:34pm WNW 29.78   58
4    14.3  28.8   2:17pm   0.1   6:25am   51    0  0.00   0  13   2:16pm   E 30.02   46
5    21.7  33.4   2:54pm  10.4   2:13am   43    0  0.00   1  18   4:09pm  SW 29.86   65
6    17.5  14.7   6:37pm  -0.9  11:57pm   48    0  0.00   3   9   6:40pm WNW 30.02   49
7     4.4  23.5   2:22pm  -9.4   3:55am   60    0  0.00   1  22  12:16pm WNW 30.26   35
8     7.3  28.6   3:04pm -12.3   6:15am   58    0  0.00   1  17   2:08pm WNW 30.02   38
9    14.8  34.0   2:47pm  -1.5   3:28am   48    0  0.00   0  16   3:09pm SSE 30.17   29
10   18.5  40.8   2:44pm  -4.5   7:20am   46    0  0.00   2  22  11:58am  SW 30.24   45
11   33.0  51.8   3:33pm  21.0   5:59am   32    0  0.00   4  28   3:21pm  SW 29.80   52
12   29.3  38.8   1:09pm  23.2   3:00am   36    0  0.00   1  17   4:08pm   S 29.85   67
13   35.1  52.2   4:22pm  26.2  12:00am   30    0  0.16   2  26   1:51pm   W 29.56   77
14   33.8  46.8   1:07pm  23.7   4:30am   31    0  0.00   3  25  10:20am WNW 29.62   63
15   29.1  39.7   4:14pm  19.8  11:59pm   36    0  0.00   2  21  12:21am  NW 29.90   49
16   23.8  39.2   4:07pm  12.7   5:49am   40    0  0.00   1  15   2:02pm   E 30.32   54
17   24.9  37.6   2:47pm  11.8   1:50am   40    0  0.00   1  17  12:23pm   S 30.32   71
18   33.0  39.4   3:47pm  29.1   2:36am   32    0  0.12   1  20  10:36pm WNW 29.85   83
19   38.1  50.2   3:27pm  25.9  11:13pm   27    0  0.04   3  29   3:30pm WNW 29.82   51
20   30.6  45.9   4:05pm  19.9   6:21am   34    0  0.00   2  22   2:01pm WNW 30.13   45
21   24.9  32.9   3:56pm  18.0   4:38am   40    0  0.00   1  13  11:51am   E 30.23   56
22   28.1  43.5   2:48pm  13.5   6:41am   37    0  0.00   0  14   2:20pm   E 30.22   51
23   25.8  36.1   4:18pm  12.7  11:59pm   39    0  0.00   1  18   2:34pm NNE 30.23   55
24   24.4  41.2   2:11pm   5.5   6:38am   41    0  0.00   4  33  12:44pm SSE 30.14   53
25   35.9  47.8   1:07pm  26.4  11:34pm   29    0  0.12   6  32  12:46pm  SW 29.63   72
26   33.2  49.6   3:23pm  18.1   6:33am   32    0  0.00   4  32   3:56pm   W 29.93   58
27   29.8  41.0   3:34pm  21.2   7:05am   35    0  0.00   1  17   1:44pm WNW 30.01   49
28   27.9  44.6   4:30pm  14.7   6:53am   37    0  0.00   1  24  11:08am  NW 30.19   50
29   29.9  46.8   4:11pm  12.7   6:54am   35    0  0.00   2  20  12:26pm   S 30.33   56
30   36.3  45.9   2:09pm  28.4  12:00am   28    0  0.00   2  20  10:18am   S 30.13   61
31   34.5  39.0  12:42pm  32.7  10:35pm   30    0  0.04   0  13  11:20am  NE 29.88   81
---------------------------------------------------------------------------------------
TOT  26.4 158.0   3/6/08 -12.3   3/8/08 1193    0  0.98   2  33  3/24/08 WNW 30.01   56

HEAT BASE: 65.0
COOL BASE: 65.0