NOAA-Style Climate Reports


Report for 2008 February

Daily NOAA report



                            MONTHLY CLIMATOLOGICAL SUMMARY for FEB. 2008

NAME: Athelstane Weather   CITY: Athelstane STATE: Wisconsin
ELEV: 812 LAT: 045:23:00 LONG: 0088:07:00

                            TEMPERATURE ( °F), RAIN (in.), WIND SPEED (mph)

                                               HEAT     COOL           AVG
      MEAN                                     DEG      DEG            WIND                       DOM
DAY   TEMP    HIGH   TIME     LOW    TIME      DAYS     DAYS    RAIN   SPEED    HIGH    TIME      DIR
--------------------------------------------------------------------------------------------------------
01    16.0   026.4   13:09    03.7   02:05     49.0     00.0   00.00   00.0     00.0    00:00      N 
02    23.0   029.7   12:17    10.2   01:06     41.9     00.0   00.00   00.0     00.0    00:00      SW
03    27.5   033.8   11:24    23.2   18:10     37.4     00.0   00.00   00.3     12.7    11:29      SW
04    28.7   030.9   15:19    25.5   05:20     36.3     00.0   00.00   00.1     10.3    12:05     ENE
05    31.4   038.3   12:27    25.2   00:00     33.5     00.0   00.04   00.4     11.5    22:05     NNE
06    20.5   030.0   13:04    04.5   00:00     44.4     00.0   00.00   01.1     12.7    14:14     NNE
07    11.6   030.0   14:29   -05.1   07:19     53.3     00.0   00.00   00.4     14.9    14:00      SW
08    14.4   028.9   14:22   -02.4   04:16     50.5     00.0   00.00   00.3     12.7    12:20     SSW
09    21.7   034.5   12:12   -02.6   00:00     43.2     00.0   00.00   01.5     29.9    14:29     WNW
10   -06.5   -000.0   14:27   -13.9   06:00     71.5     00.0   00.00   00.0     00.0    00:00     WNW
11   -04.2   017.2   14:25   -19.5   07:13     69.1     00.0   00.00   00.0     04.6    14:05      NW
12    05.6   020.7   12:26   -14.6   01:26     59.3     00.0   00.00   00.0     00.0    00:00     NNW
13    11.2   029.1   14:27   -06.3   05:19     53.8     00.0   00.00   00.4     14.9    14:16      SW
14    17.6   024.8   15:09    07.2   00:00     47.3     00.0   00.00   00.0     00.0    00:00      W 
15    04.2   016.7   14:14   -05.4   05:03     60.8     00.0   00.00   00.0     00.0    00:00     WNW
16    14.2   032.5   15:00   -04.4   02:29     50.7     00.0   00.00   01.1     19.6    12:21     SSW
17    19.8   026.6   17:26    05.7   01:29     45.2     00.0   00.00   00.0     00.0    00:00     WNW
18    17.0   023.5   12:24    08.2   00:00     48.0     00.0   00.00   00.0     00.0    00:00     NNW
19    08.5   020.3   12:06    00.3   00:00     56.4     00.0   00.00   00.0     11.5    12:15     WNW
20    03.6   020.5   14:28   -13.2   00:00     61.3     00.0   00.00   00.5     16.1    13:30      NW
21    02.9   025.5   15:00   -22.7   06:26     62.0     00.0   00.00   00.7     20.7    16:00      SW
22    13.7   033.1   15:17   -04.4   07:21     51.2     00.0   00.08   00.4     12.7    12:17     WSW
23    16.7   038.1   15:05   -03.3   03:03     48.2     00.0   00.04   01.3     17.3    13:20     WSW
24    24.1   046.0   14:21    02.3   07:09     40.9     00.0   00.24   02.2     20.7    13:00      S 
25    32.6   045.0   13:26    23.2   05:29     32.3     00.0   00.04   01.0     18.4    00:00      NW
26    20.1   026.2   15:00    13.8   00:00     44.9     00.0   00.00   00.2     18.4    00:07     NNW
27    12.3   027.3   14:12   -01.1   00:00     52.7     00.0   00.00   01.0     19.6    14:14      NW
28    11.0   027.9   12:04   -10.1   05:24     53.9     00.0   00.00   01.1     19.6    16:29     SSW
29    22.9   036.5   15:10    15.8   23:08     42.1     00.0   00.00   02.0     26.4    18:32      W 
--------------------------------------------------------------------------------------------------------
15.2 (14.8)   46.0  day 24    -22.7  day 21   1441.2    000.0   00.00   00.6     29.9   day 29      W 
Max