NOAA-Style Climate Reports


Report for 2008 February
                  MONTHLY CLIMATOLOGICAL SUMMARY FOR 2/2008
                                        HEAT  COOL        
     MEAN                               DEG   DEG       WIND SPEED       DOM MEAN  MEAN
DAY  TEMP  HIGH   TIME     LOW   TIME   DAYS  DAYS RAIN AVG  HI  TIME    DIR BAROM HUM
---------------------------------------------------------------------------------------
1    16.0  26.4   1:07pm   3.7   2:07am   49    0  0.00   0   0  12:00am   N 30.03   65
2    23.0  29.7  12:32pm  10.2  12:47am   42    0  0.00   0   0  12:00am   N 29.94   86
3    27.5  33.8  11:46am  23.2   6:18pm   37    0  0.00   1  14  11:46am SSE 30.06   74
4    28.6  30.9  12:33pm  25.5  12:09am   36    0  0.00   0  11  12:07pm   E 29.89   88
5    31.5  38.3  12:48pm  25.3  11:53pm   34    0  0.04   0  14  10:29am NNE 29.90   82
6    20.6  30.2   1:05pm   4.5  11:56pm   44    0  0.00   1  14  12:31pm NNE 29.82   65
7    11.8  30.2   2:42pm  -5.1   7:04am   53    0  0.00   1  16   1:48pm SSE 29.83   61
8    14.1  28.9   2:42pm  -2.4   4:09am   49    0  0.00   0  13  12:38pm   S 29.76   62
9    21.9  34.7  12:05pm  -2.6  11:56pm   43    0  0.00   1  31   2:49pm WNW 29.58   69
10   -6.5  -0.0   2:52pm -13.9   5:54am   71    0  0.00   0   0  12:00am   N 30.04   20
11   -4.1  17.4   2:52pm -19.5   7:06am   69    0  0.00   0  11   2:12pm WNW 30.31   18
12    5.5  20.8  12:53pm -14.6   1:45am   60    0  0.00   0   0  12:00am   N 30.08   52
13   11.1  29.3   2:48pm  -6.3   5:23am   54    0  0.00   1  17  12:57pm WNW 29.82   60
14   17.7  24.8  12:45pm   7.2  11:59pm   47    0  0.00   0   0  12:00am   N 29.87   68
15    4.2  16.7   2:24pm  -5.4   4:58am   61    0  0.00   0   0  12:00am   N 30.22   41
16   14.3  32.5   2:58pm  -4.4   2:52am   51    0  0.00   1  19  12:37pm SSE 29.95   45
17   19.8  26.6   5:23pm   5.7   1:48am   45    0  0.00   0   0  12:00am   N 29.36   78
18   17.1  23.5  12:44pm   8.2  11:55pm   48    0  0.00   0   0  12:00am   N 29.54   63
19    8.6  20.7  12:10pm   0.3  11:58pm   56    0  0.00   0  12  12:15pm WNW 29.83   54
20    3.8  20.5   2:50pm -13.0  11:57pm   61    0  0.00   1  17   1:33pm WNW 30.22   42
21    2.7  25.5   2:55pm -22.7   6:24am   62    0  0.00   1  22  12:22pm  SW 30.18   39
22   13.9  33.1   3:20pm  -4.4   7:12am   51    0  0.08   0  14  12:27pm SSE 29.94   43
23   16.7  38.3   2:47pm  -3.3   2:37am   48    0  0.04   1  18  10:58am   W 29.97   46
24   24.1  46.0   2:38pm   2.3   7:14am   40    0  0.24   2  21  12:53pm SSE 29.88   55
25   32.7  45.1   1:53pm  23.2   5:29am   32    0  0.04   1  17  11:07am WNW 29.78   66
26   20.2  26.4   2:55pm  13.8  11:59pm   45    0  0.00   1  18  12:01am   N 29.92   48
27   12.5  27.5   2:00pm  -0.9  11:56pm   53    0  0.00   1  20   1:08pm   N 29.99   49
28   11.1  28.0  12:10pm -10.1   5:33am   54    0  0.00   1  20   3:23pm SSE 30.07   46
29   22.7  36.5   3:19pm  15.6  11:22pm   42    0  0.00   2  30   7:29pm WNW 29.83   67
---------------------------------------------------------------------------------------
TOT  15.3  46.0  2/24/08 -22.7  2/21/08 1438    0  0.43   1  31   2/9/08 WNW 29.92   57

HEAT BASE: 65.0
COOL BASE: 65.0