NOAA-Style Climate Reports


Report for 2007 December
                  MONTHLY CLIMATOLOGICAL SUMMARY FOR 12/2007
                                        HEAT  COOL        
     MEAN                               DEG   DEG       WIND SPEED       DOM MEAN  MEAN
DAY  TEMP  HIGH   TIME     LOW   TIME   DAYS  DAYS RAIN AVG  HI  TIME    DIR BAROM HUM
---------------------------------------------------------------------------------------
1    12.6  26.1  11:55pm  -4.2   2:12am   52    0  0.00   1  15   8:00pm ENE 30.21   64
2    31.7  34.2  12:56pm  26.1  12:00am   33    0  0.00   0  17   3:04pm WNW 29.69   96
3    21.0  27.9  11:54am   9.9   7:25pm   44    0  0.00   2  37   8:20am WNW 30.09   65
4    16.7  24.8  12:10pm   6.8   7:50am   48    0  0.00   1  15  10:18am WNW 29.97   69
5    11.5  20.5  12:24pm  -2.0  10:16pm   53    0  0.00   2  24  10:06am WNW 30.00   59
6     5.8  18.5  11:56pm -15.7   7:17am   59    0  0.00   2  22  12:35pm SSE 30.02   52
7    19.1  28.4  11:58am   1.9   9:59pm   43    0  0.00   2  23   2:44pm   W 29.93   64
8     7.0  18.5  12:43pm  -6.7   7:51am   57    0  0.00   1  17  11:50am   W 30.32   26
9    15.2  21.6  11:54am   5.4   7:29am   50    0  0.00   1  15   9:20am WNW 30.32   48
10   10.9  25.0   2:25pm  -4.0   7:49am   54    0  0.00   0  13  12:36pm SSE 30.22   49
11   22.7  28.9   2:35pm  16.0  12:00am   42    0  0.00   3  34   7:46pm WNW 30.04   65
12   12.5  25.5   2:47pm   0.5  10:19pm   53    0  0.00   1  19  12:00am WNW 30.19   58
13   22.0  29.8   6:54pm   5.9  12:00am   43    0  0.00   4  36  11:06pm  SW 29.83   62
14   10.6  19.8  12:05pm  -2.2  11:50pm   54    0  0.00   1  24  12:56am WNW 30.30   51
15   12.3  25.3   1:54pm  -2.4  12:01am   53    0  0.00   0   5   9:12pm WNW 30.15   59
16   18.3  28.8  12:24pm   7.9   7:51am   47    0  0.00   3  30   4:49pm WNW 29.86   67
17   15.7  27.1   2:49pm   2.8   6:25am   49    0  0.00   1  17   6:52pm  SW 29.95   65
18   19.4  29.3   1:59pm   7.7   4:45am   46    0  0.00   1  18  11:56pm  SW 29.86   74
19   25.7  34.2  11:47am  13.1  10:15pm   39    0  0.00   2  25   6:20am WNW 29.99   72
20   27.0  34.9   1:51pm  18.0   7:37am   38    0  0.00   0  15  12:58pm SSW 30.02   84
21   33.2  34.9   1:50pm  30.2   2:01am   31    0  0.08   0  11  12:55pm  SW 29.95   94
22   34.9  37.4  12:57pm  33.4   1:01am   30    0  0.47   0  11   1:10pm SSE 29.75   97
23   25.7  40.8   7:19am  14.0   1:23pm   38    0  0.79   0  22   9:46am   E 29.18   89
24   25.6  28.0   3:18am  20.5  12:00am   39    0  0.00   0   0  12:00am   N 29.80   77
25   19.2  25.3   5:24pm  12.0   2:55am   46    0  0.00   0   0  12:00am   N 29.99   80
26   28.1  33.8   1:31pm  24.1  12:00am   37    0  0.00   0   6  11:56am ENE 29.93   88
27   26.9  32.5  12:38pm  18.7   7:00pm   38    0  0.00   1  26   1:09pm   W 29.97   77
28   20.5  23.7   1:23pm  14.0   6:53am   44    0  0.00   0   0  12:00am   N 29.97   82
29   18.4  28.8  12:00pm   7.7   7:58pm   47    0  0.00   0  20  12:39pm WSW 29.87   75
30   19.2  24.6  11:03am  14.5  11:57pm   43    0  0.00   0   0  12:00am   N 29.85   79
31   19.6  30.4  12:04pm   8.2   3:08am   45    0  0.00   0  13   1:26pm   S 29.79   78
---------------------------------------------------------------------------------------
TOT  19.6  40.8 12/23/07 -15.7  12/6/07 1396    0  1.34   1  37  12/3/07 WNW 29.97   70

HEAT BASE: 65.0
COOL BASE: 65.0