NOAA-Style Climate Reports


Report for 2007 December

Daily NOAA report



                            MONTHLY CLIMATOLOGICAL SUMMARY for DEC. 2007

NAME: Athelstane Weather   CITY: Athelstane STATE: Wisconsin
ELEV: 812 LAT: 045:23:00 LONG: 0088:07:00

                            TEMPERATURE ( °F), RAIN (in.), WIND SPEED (mph)

                                               HEAT     COOL           AVG
      MEAN                                     DEG      DEG            WIND                       DOM
DAY   TEMP    HIGH   TIME     LOW    TIME      DAYS     DAYS    RAIN   SPEED    HIGH    TIME      DIR
--------------------------------------------------------------------------------------------------------
01    13.0   026.2   00:00   -04.2   02:16     52.0     00.0   00.00   00.7     13.8    20:09     NNE
02    31.7   034.2   13:18    26.4   00:04     33.2     00.0   00.00   00.4     16.1    15:08      N 
03    20.9   027.9   11:32    09.9   19:17     44.0     00.0   00.00   02.1     36.8    08:14      NW
04    16.9   024.8   13:00    06.8   08:02     48.1     00.0   00.00   00.3     13.8    10:17     WNW
05    11.4   020.5   12:15   -01.8   22:17     53.5     00.0   00.00   02.1     24.1    11:29     WNW
06    05.7   018.5   00:00   -15.5   07:30     59.2     00.0   00.00   01.5     20.7    12:22     SSW
07    17.8   028.2   12:03    01.8   22:29     47.2     00.0   00.00   02.2     20.7    14:23     WSW
08    06.9   018.5   12:28   -06.7   08:04     58.0     00.0   00.00   00.7     17.3    11:28     WNW
09    15.1   021.6   12:00    05.4   07:16     49.9     00.0   00.00   00.5     13.8    11:14      W 
10    10.8   024.8   14:29   -04.0   08:02     54.1     00.0   00.00   00.5     12.7    12:22     SSW
11    22.8   028.9   14:28    16.2   00:04     42.2     00.0   00.00   03.1     33.4    20:00      W 
12    12.4   025.3   14:26    00.5   22:13     52.5     00.0   00.00   00.9     17.3    10:06     WSW
13    22.0   029.8   19:09    06.3   00:04     42.9     00.0   00.00   04.5     35.6    23:09      SW
14    10.4   019.8   12:04   -02.4   00:00     54.6     00.0   00.00   01.5     24.1    01:01     NNW
15    12.4   025.3   13:29   -02.4   00:09     52.5     00.0   00.00   00.0     05.8    00:00      NE
16    18.3   028.8   12:17    07.9   08:05     46.6     00.0   00.00   02.6     28.8    16:31     WNW
17    15.6   027.1   14:30    02.8   06:15     49.3     00.0   00.00   01.3     17.3    18:29      SW
18    19.4   029.3   14:03    07.7   04:24     45.5     00.0   00.00   00.6     14.9    23:15      SW
19    25.7   034.2   11:24    13.1   22:11     39.2     00.0   00.00   02.3     25.3    06:16     WNW
20    27.0   034.9   14:09    18.0   07:22     37.9     00.0   00.00   00.3     13.8    12:30      W 
21    33.2   034.9   13:26    30.2   02:29     31.8     00.0   00.08   00.1     10.3    12:29     WSW
22    34.9   037.4   14:06    33.4   01:29     30.0     00.0   00.47   00.0     10.3    13:07      SW
23    26.1   040.6   07:05    14.0   14:07     38.9     00.0   00.79   00.5     21.9    09:29      S 
24    25.5   028.0   04:04    20.5   00:04     39.4     00.0   00.00   00.0     00.0    00:00      W 
25    19.2   025.3   17:22    12.0   07:12     45.8     00.0   00.79   00.0     00.0    00:00      SW
26    28.2   033.8   13:28    24.1   00:17     36.8     00.0   00.00   00.0     04.6    11:29     NNW
27    26.8   032.5   12:23    18.7   19:03     38.1     00.0   00.00   00.7     25.3    13:08     WNW
28    20.6   023.7   15:14    14.0   06:28     44.4     00.0   00.00   00.0     00.0    00:00      NW
29    18.2   028.8   12:07    07.7   20:08     46.7     00.0   00.00   00.6     19.6    14:15     WSW
30    19.6   024.6   12:02    14.5   00:00     45.4     00.0   00.00   00.0     00.0    00:00      SW
31    19.7   030.2   12:03    08.2   03:10     45.3     00.0   00.00   00.4     12.7    13:14      S 
--------------------------------------------------------------------------------------------------------
19.6 (18.6)   40.6  day 23    -15.5  day 06   1404.8    000.0   00.00   01.0     36.8   day 03      W 
Max