NOAA-Style Climate Reports


Report for 2007 October
                  MONTHLY CLIMATOLOGICAL SUMMARY FOR 10/2007
                                        HEAT  COOL        
     MEAN                               DEG   DEG       WIND SPEED       DOM MEAN  MEAN
DAY  TEMP  HIGH   TIME     LOW   TIME   DAYS  DAYS RAIN AVG  HI  TIME    DIR BAROM HUM
---------------------------------------------------------------------------------------
1    61.7  66.2   2:30pm  59.7   1:11am    3    0  0.63   0  10  10:20am NNE 29.97   95
2    62.2  67.8   2:27pm  59.5   5:45am    3    0  0.91   2  22  10:01pm SSE 29.83   92
3    60.6  74.1   3:17pm  46.2  11:54pm    6    1  0.00   5  41   2:27am   W 29.77   60
4    57.7  80.1   3:06pm  41.2   4:13am   10    3  0.00   2  25  12:43pm SSE 29.96   69
5    61.9  81.7   2:41pm  49.3   2:22am    5    2  0.16   0  17   4:19pm WSW 30.04   88
6    68.4  77.0   3:17pm  62.6  11:57pm    0    4  0.20   0  17   9:36am SSE 29.93   94
7    70.9  87.6   2:28pm  58.8   6:20am    2    7  0.00   1  22   2:37pm SSE 29.93   83
8    69.4  84.6   2:28pm  52.0  11:58pm    1    6  0.00   4  37   4:52pm SSE 29.81   76
9    49.2  58.5  10:45am  43.2  11:47pm   16    0  0.00   6  37   1:27pm WNW 29.79   69
10   46.6  51.3   1:59pm  42.6   2:05am   18    0  0.00   6  34   1:01am   N 29.85   73
11   43.7  54.7   3:38pm  29.8  11:27pm   21    0  0.00   3  19  12:58pm   N 30.05   66
12   37.0  53.6   3:13pm  28.0   4:09am   28    0  0.00   1  22   9:32am WNW 29.98   73
13   39.5  61.9   4:09pm  25.5   6:59am   24    0  0.00   2  21  12:10pm WNW 29.96   66
14   41.4  54.5   1:01pm  27.7   3:44am   23    0  0.00   0   8   6:29am  SE 30.09   69
15   45.4  49.5  11:42pm  41.0   5:53am   20    0  0.16   0  13   5:51pm NNE 30.09   90
16   53.7  56.1  11:10pm  49.5  12:00am   11    0  1.26   1  17   9:20am   E 29.87   96
17   55.2  64.0   3:38pm  51.6   6:53am   10    0  0.00   1  17  10:14am SSE 29.82   88
18   60.2  69.3   3:28pm  54.3  10:47pm    5    0  1.89   3  22   7:02pm   E 29.28   90
19   54.1  57.0   1:29am  50.0   7:17pm   11    0  0.08   5  32   3:35pm SSE 29.08   85
20   57.2  68.2   2:21pm  49.8   7:54am    8    0  0.00   4  31  12:52am   W 29.50   54
21   55.8  70.7   1:53pm  40.1   6:46am   10    1  0.00   1  22  10:47am SSE 29.64   71
22   48.9  53.2   4:20pm  38.8  11:56pm   16    0  0.00   2  23  12:30am WNW 29.96   61
23   42.9  56.1  12:24pm  29.7   7:48am   22    0  0.12   3  34   7:21pm   W 29.83   68
24   39.6  51.6   3:25pm  26.2  11:52pm   25    0  0.00   3  26   9:32am WNW 30.14   64
25   36.0  56.8   3:23pm  22.8   6:25am   29    0  0.00   1  17  11:26am  SW 30.29   76
26   41.0  54.7   3:18pm  27.0   5:46am   24    0  0.04   0  13  10:52pm WNW 30.12   89
27   43.4  53.8   3:20pm  29.3  10:56pm   22    0  0.04   4  35   2:24pm  NW 30.14   63
28   35.3  51.6   3:25pm  23.5   7:28am   29    0  0.00   1  18  12:23pm SSE 30.41   62
29   44.3  65.1   3:25pm  32.0   7:44am   21    0  0.00   1  17   1:22pm SSE 30.18   59
30   49.7  68.0   3:24pm  31.5   4:00am   15    0  0.00   4  25   3:34pm SSE 29.98   68
31   51.1  58.8  12:00am  41.4  11:56pm   14    0  0.00   7  40   6:29pm WNW 29.77   50
---------------------------------------------------------------------------------------
TOT  51.1  87.6  10/7/07  22.8 10/25/07  455   26  5.47   2  41  10/3/07 WNW 29.91   74

HEAT BASE: 65.0
COOL BASE: 65.0