NOAA-Style Climate Reports


Report for 2007 September

Daily NOAA report



                            MONTHLY CLIMATOLOGICAL SUMMARY for SEP. 2007

NAME: Athelstane Weather   CITY: Athelstane STATE: Wisconsin
ELEV: 812 LAT: 045:23:00 LONG: 0088:07:00

                            TEMPERATURE ( °F), RAIN (in.), WIND SPEED (mph)

                                               HEAT     COOL           AVG
      MEAN                                     DEG      DEG            WIND                       DOM
DAY   TEMP    HIGH   TIME     LOW    TIME      DAYS     DAYS    RAIN   SPEED    HIGH    TIME      DIR
--------------------------------------------------------------------------------------------------------
01    67.4   084.2   14:18    52.0   06:09     00.0     02.4   00.00   01.5     18.4    13:30     SSW
02    71.1   087.4   15:04    57.7   06:19     00.0     06.2   00.00   03.8     26.4    11:23     SSW
03    68.7   085.8   16:01    52.0   07:00     00.0     03.8   00.00   00.8     17.3    14:16     WNW
04    72.0   089.8   16:29    59.9   03:25     00.0     07.0   00.00   01.1     19.6    17:08     SSW
05    75.3   091.8   15:24    59.7   06:28     00.0     10.4   00.00   02.4     24.1    13:08     SSW
06    75.3   086.9   15:05    65.1   04:10     00.0     10.4   00.00   03.0     20.7    13:20      S 
07    68.3   079.3   13:14    52.0   00:00     00.0     03.4   00.35   03.7     36.8    14:24     WSW
08    62.3   080.4   16:27    48.0   06:24     02.6     00.0   00.00   00.8     19.6    13:23      W 
09    59.4   068.5   13:19    45.9   00:00     05.5     00.0   00.00   00.8     18.4    14:21      N 
10    49.2   055.6   18:04    41.5   21:09     15.7     00.0   00.00   00.1     09.2    17:30     WNW
11    51.7   061.7   14:24    42.3   00:18     13.2     00.0   00.00   06.2     39.1    14:29      W 
12    50.8   067.3   16:28    39.0   06:20     14.2     00.0   00.00   01.5     25.3    00:20     WNW
13    57.5   074.8   14:15    45.5   01:00     07.4     00.0   00.16   02.5     25.3    13:07      S 
14    44.7   055.0   15:10    34.9   00:00     20.3     00.0   00.04   03.3     34.5    11:21     WNW
15    43.3   060.8   16:01    30.0   05:28     21.6     00.0   00.00   01.8     21.9    15:00      SW
16    50.2   068.4   14:23    32.4   02:19     14.7     00.0   00.00   02.3     25.3    15:23      S 
17    55.5   073.4   15:30    37.2   07:04     09.5     00.0   00.00   01.3     19.6    12:29     SSW
18    71.3   086.2   15:02    52.5   03:10     00.0     06.3   00.04   04.0     23.0    10:08      S 
19    67.8   080.1   15:29    56.3   00:00     00.0     02.9   00.04   03.9     28.8    11:22      W 
20    57.3   069.1   15:15    45.5   06:03     07.7     00.0   00.00   00.7     17.3    14:18      NW
21    68.3   087.4   15:29    58.1   00:10     00.0     03.3   00.39   04.1     34.5    22:29     SSW
22    59.4   077.0   15:29    47.3   00:00     05.5     00.0   00.00   03.2     26.4    13:05      W 
23    59.7   082.0   16:16    39.9   07:10     05.2     00.0   00.00   02.1     20.7    14:15      SW
24    70.0   089.1   14:23    51.3   07:08     00.0     05.0   00.08   03.8     26.4    23:23     SSW
25    66.6   077.2   13:17    55.0   00:00     00.0     01.7   00.08   03.5     23.0    20:22      SW
26    55.7   069.3   16:08    44.6   00:00     09.2     00.0   00.00   01.9     26.4    01:29      W 
27    54.0   070.5   16:00    42.8   01:09     11.0     00.0   00.00   01.9     23.0    14:15     WSW
28    56.4   073.2   16:13    45.9   07:14     08.6     00.0   00.00   01.9     20.7    10:14      NW
29    53.9   066.7   12:24    38.5   07:03     11.1     00.0   00.04   00.8     16.1    11:08     WSW
30    64.1   077.2   13:21    54.1   04:16     00.8     00.0   00.20   02.1     24.1    13:07      S 
--------------------------------------------------------------------------------------------------------
60.9 (61.7)   91.8  day 05     30.0  day 15   183.6    062.8   00.00   02.4     39.1   day 07      SW
Max >=  86: 7
Min  .008in) 6 (> .08in) 0 (> 0.8in)