NOAA-Style Climate Reports


Report for 2007 September
                  MONTHLY CLIMATOLOGICAL SUMMARY FOR 9/2007
                                        HEAT  COOL        
     MEAN                               DEG   DEG       WIND SPEED       DOM MEAN  MEAN
DAY  TEMP  HIGH   TIME     LOW   TIME   DAYS  DAYS RAIN AVG  HI  TIME    DIR BAROM HUM
---------------------------------------------------------------------------------------
1    67.2  84.2   2:26pm  52.0   5:39am    4    6  0.00   2  18   1:14pm SSE 30.15   70
2    71.2  87.4   3:08pm  57.7   6:25am    1    8  0.00   4  28  11:42am SSE 30.01   65
3    68.8  86.0   4:00pm  52.0   6:39am    2    6  0.00   1  17   2:25pm   W 30.05   62
4    71.9  89.8   4:37pm  59.9   3:46am    1    8  0.00   1  19   5:07pm SSE 29.93   65
5    75.3  91.9   3:45pm  59.7   6:41am    1   11  0.00   2  24   1:10pm SSE 29.87   69
6    75.4  87.1   2:00pm  65.1   3:56am    0   10  0.00   4  22   1:35pm SSE 29.80   72
7    68.4  79.3   1:26pm  52.0  11:38pm    2    5  0.35   3  37   2:35pm   W 29.69   79
8    62.3  80.4   4:47pm  48.0   6:37am    6    3  0.00   1  19   1:30pm WNW 30.00   70
9    59.5  68.7  12:23pm  45.9  11:58pm    6    0  0.00   1  18   2:40pm   N 30.11   68
10   49.2  55.6   6:07pm  41.5   8:57pm   16    0  0.00   0  10   5:49pm WNW 30.11   77
11   51.7  61.7   2:41pm  42.3  12:10am   13    0  0.00   6  40   2:52pm WNW 29.76   70
12   50.8  67.3   4:50pm  39.0   6:30am   14    0  0.00   2  26  12:30am WNW 30.06   64
13   57.4  75.0   2:30pm  45.5  12:00am    9    1  0.16   3  26  12:30pm SSE 29.86   77
14   44.8  55.2   3:19pm  34.9  11:59pm   20    0  0.04   3  35  11:40am WNW 29.94   73
15   43.4  60.8   3:36pm  30.0   5:48am   22    0  0.00   2  22   2:52pm WNW 30.20   65
16   49.8  68.5   2:38pm  32.4   2:13am   15    0  0.00   3  25   3:30pm SSE 30.09   65
17   55.4  73.4   3:58pm  37.2   6:34am   11    1  0.00   1  19  12:56pm SSE 30.01   75
18   68.5  86.4   3:20pm  52.5   2:49am    4    7  0.04   3  25  12:14pm SSE 29.90   75
19   67.8  80.2   3:51pm  56.5  11:52pm    1    4  0.04   4  30  11:38am WNW 29.98   72
20   57.3  69.1   3:26pm  45.5   5:50am    8    1  0.00   1  17   2:26pm WSW 30.15   80
21   68.3  87.4   3:48pm  57.9  12:00am    3    6  0.39   4  34  10:49pm SSE 29.74   78
22   59.5  77.0   3:54pm  47.3   6:39am    8    2  0.00   4  30  12:00am   W 29.98   56
23   59.8  82.2   3:50pm  39.9   7:09am    9    4  0.00   2  21  12:23pm SSE 30.11   61
24   69.9  89.1   2:32pm  51.3   6:44am    5    9  0.08   4  27  11:34pm SSE 29.88   65
25   66.7  77.5   1:31pm  55.0  11:52pm    1    3  0.08   4  23   2:36pm WSW 29.82   81
26   55.8  69.3   3:34pm  44.6  11:56pm   10    0  0.00   2  28   1:52am WNW 29.97   58
27   54.0  70.5   3:54pm  42.8   1:03am   11    0  0.00   2  23   2:23pm WNW 29.87   73
28   56.4  73.4   4:19pm  45.9   7:20am   10    1  0.00   2  21  10:20am WNW 30.09   64
29   53.9  66.7  12:43pm  38.5   6:16am   11    0  0.04   1  17  11:11am  SW 30.16   83
30   64.3  77.4   1:20pm  54.1   4:21am    4    3  0.20   2  24  11:26am SSE 29.97   69
---------------------------------------------------------------------------------------
TOT  60.8  91.9   9/5/07  30.0  9/15/07  227  102  1.42   2  40  9/11/07 SSE 29.98   70

HEAT BASE: 65.0
COOL BASE: 65.0