NOAA-Style Climate Reports


Report for 2007 July
                  MONTHLY CLIMATOLOGICAL SUMMARY FOR 7/2007
                                        HEAT  COOL        
     MEAN                               DEG   DEG       WIND SPEED       DOM MEAN  MEAN
DAY  TEMP  HIGH   TIME     LOW   TIME   DAYS  DAYS RAIN AVG  HI  TIME    DIR BAROM HUM
---------------------------------------------------------------------------------------
1    59.9  78.8   3:46pm  40.5   5:19am    9    4  0.00   1  15   5:27pm   E 30.26   55
2    59.9  67.1   4:26pm  53.8  12:00am    5    0  0.04   0  13   4:06pm  SW 30.21   81
3    68.6  83.5   4:01pm  58.3   5:19am    2    6  0.00   2  18  11:23am SSE 29.95   76
4    72.3  90.7   2:01pm  59.4   5:49am    1    8  0.00   2  34   2:20pm   W 29.83   69
5    68.4  85.1  11:53am  56.3   4:51am    2    5  0.16   2  22   2:43pm WNW 29.90   72
6    70.5  88.9   5:59pm  54.0   5:28am    3    8  0.00   1  18  11:47am WNW 30.00   67
7    76.1  95.2   5:51pm  57.0   5:34am    2   12  0.00   3  31   3:42pm  SE 29.80   60
8    79.2  99.5   3:56pm  68.7   2:31am    0   14  0.08   3  34   6:20pm SSE 29.59   72
9    76.3  94.1   5:48pm  66.6   5:36am    0   11  0.04   1  18   4:38pm WNW 29.78   66
10    0.0  57.2   7:15am  57.2   7:15am    0    0  0.00   0   7   7:15am ---  0.00    0
11   66.1  78.6   2:09pm  53.4  11:57pm    2    3  0.12   5  31   6:42pm   W 29.83   55
12   58.3  70.2  12:21pm  49.3   4:16am    7    1  0.08   3  36   2:52pm WNW 29.82   77
13   61.5  77.5   2:52pm  46.4   5:53am    6    3  0.00   2  21   5:35pm WNW 29.93   64
14   63.2  72.7   6:46pm  53.4  11:56pm    3    1  0.12   3  37   9:35am WNW 29.67   69
15   65.0  79.7   2:03pm  51.8   1:27am    5    5  0.00   3  26  12:19pm WNW 29.83   61
16   66.9  85.6   2:26pm  49.5   6:08am    5    7  0.00   1  17   4:09pm  SW 29.92   58
17   68.8  84.9   4:21pm  52.3   5:15am    3    7  0.00   1  15   1:54pm  SW 29.90   69
18   72.9  90.3   3:02pm  60.6   4:42am    1    9  0.00   1  17   3:13pm WSW 29.82   73
19   65.1  75.4   1:35pm  51.8  11:44pm    2    3  0.00   3  30  10:44am   N 29.92   64
20   63.4  81.0   4:05pm  47.5   6:01am    6    4  0.00   1  23   2:13pm WNW 30.15   61
21   63.5  83.1   3:54pm  42.8   5:32am    7    6  0.00   1  15   2:14pm   E 30.22   59
22   68.3  85.6   2:28pm  51.4   4:59am    4    8  0.00   2  20  12:56pm SSE 30.16   61
23   72.7  85.8   2:41pm  59.9   3:47am    1    9  0.00   2  22  10:42am  SE 30.05   62
24   77.7  95.4   2:59pm  63.5   5:49am    0   13  0.00   1  17   9:48am WNW 29.96   67
25   79.1  96.6   2:53pm  65.8   5:39am    0   14  0.00   1  14   4:12pm   E 29.94   67
26   74.8  90.7   2:11pm  67.6  11:51pm    0   10  0.71   1  17   5:39pm SSE 29.83   82
27   74.3  88.0   3:47pm  59.4  11:56pm    0   10  0.08   1  20  12:41pm  NE 29.83   70
28   72.4  91.6   5:27pm  56.3   2:18am    2   10  0.00   1  21   1:11pm NNE 29.98   58
29   72.8  91.6   3:46pm  54.9   6:00am    3   10  0.00   1  18  12:40pm   W 29.98   61
30   77.2  94.5   5:59pm  60.8   5:51am    1   13  0.00   2  22  11:29am WNW 29.99   58
31   79.5  97.3   5:17pm  63.0   5:03am    0   15  0.00   2  21   9:46am   W 30.00   59
---------------------------------------------------------------------------------------
TOT  69.9  99.5   7/8/07  40.5   7/1/07   83  226  1.42   2  39  7/10/07 WNW 29.93   66

HEAT BASE: 65.0
COOL BASE: 65.0