NOAA-Style Climate Reports


Report for 2007 June
                  MONTHLY CLIMATOLOGICAL SUMMARY FOR 6/2007
                                        HEAT  COOL        
     MEAN                               DEG   DEG       WIND SPEED       DOM MEAN  MEAN
DAY  TEMP  HIGH   TIME     LOW   TIME   DAYS  DAYS RAIN AVG  HI  TIME    DIR BAROM HUM
---------------------------------------------------------------------------------------
1    68.7  85.5   2:28pm  55.2   4:42am    3    6  0.00   1  14   4:52pm  SW 29.90   73
2    69.0  79.2   6:34pm  61.3   5:41am    1    5  0.00   1  18  11:43am  SW 29.75   75
3    66.3  80.2   1:07pm  59.9   5:09am    2    3  0.51   0  17   1:15pm   E 29.57   84
4    60.5  71.2   5:37pm  52.5  10:04pm    5    1  2.76   2  27   3:51pm   N 29.52   79
5    55.2  66.7   6:17pm  46.4  11:58pm   10    0  0.00   2  21  10:54am   N 29.75   56
6    57.3  75.7   1:04pm  38.7   5:13am   10    2  0.04   3  27  12:21pm SSE 29.71   67
7    66.6  80.4  12:11pm  51.1   4:41am    4    5  0.75   3  47   5:28pm SSE 29.38   83
8    63.8  77.0   5:57pm  49.5  11:59pm    3    2  0.00   5  34   3:21pm WNW 29.69   55
9    63.7  83.3   5:29pm  43.3   5:01am    7    5  0.00   3  27   2:36pm SSE 29.99   54
10   71.3  88.0   4:16pm  57.0   6:12am    2    8  0.00   3  23   4:21pm SSE 29.97   56
11   71.2  89.6   4:02pm  52.3   5:47am    3    9  0.00   2  19   2:07pm  SW 30.08   61
12   71.3  92.3   5:46pm  51.6   5:34am    4   10  0.00   1  14  11:17am WSW 30.19   57
13   70.5  93.6   5:48pm  48.4   5:02am    5   10  0.00   1  15   1:25pm WSW 30.11   58
14   73.8  93.4   4:11pm  54.9   5:22am    3   11  0.00   1  16  12:40pm WSW 30.03   57
15   75.5  95.4   2:23pm  55.0   5:26am    2   13  0.00   2  22  11:24am SSE 29.97   56
16   73.1  86.0   5:31pm  63.9   4:36am    0    8  0.20   0  16   2:57pm   W 29.93   72
17   68.1  83.8   1:36pm  32.0  12:26am    2    5  0.39   1  20  12:43pm  SW 29.93   78
18   72.2  87.8   3:03pm  61.3   4:35am    1    8  1.10   4  34   6:19pm SSE 29.69   79
19   65.3  76.5   6:04pm  51.8  11:59pm    3    3  0.04   5  33  10:59am WNW 29.78   62
20   63.4  85.8   3:18pm  44.2   5:30am    6    5  0.35   3  30   5:21pm  SE 29.99   70
21   65.9  85.5   6:26pm  50.0   5:47am    5    5  0.00   1  16  10:25am WNW 30.05   62
22   64.6  83.5   5:54pm  48.6   3:50am    6    5  0.00   2  17   6:34pm WSW 30.08   57
23   67.6  88.9   5:48pm  48.2   5:05am    5    8  0.00   2  23  12:12pm SSE 29.94   55
24   73.4  92.3   6:29pm  57.7   3:05am    2   10  0.00   2  20   2:03pm SSE 29.93   62
25   75.6  93.9   5:44pm  58.3   5:10am    1   12  0.00   2  21   3:06pm SSE 30.02   65
26   79.1  94.8   4:57pm  65.3   3:04am    0   14  0.00   2  20   3:09pm SSE 30.02   71
27   76.0  88.0   3:21pm  63.3  11:56pm    0   11  0.00   5  31   2:44am WNW 29.96   51
28   63.0  80.4   6:05pm  46.8  11:56pm    5    3  0.00   2  20  10:15am   N 30.13   51
29   62.4  88.0   6:12pm  38.7   5:03am    9    6  0.00   2  17  11:52am WNW 30.13   54
30   64.1  83.3   2:51pm  48.4   5:31am    6    5  0.00   1  19   1:52pm   N 30.13   57
---------------------------------------------------------------------------------------
TOT  67.9  95.4  6/15/07  32.0  6/17/07  111  199  6.14   2  47   6/7/07 SSE 29.91   64

HEAT BASE: 65.0
COOL BASE: 65.0