NOAA-Style Climate Reports


Report for 2007 May
                  MONTHLY CLIMATOLOGICAL SUMMARY FOR 5/2007
                                        HEAT  COOL        
     MEAN                               DEG   DEG       WIND SPEED       DOM MEAN  MEAN
DAY  TEMP  HIGH   TIME     LOW   TIME   DAYS  DAYS RAIN AVG  HI  TIME    DIR BAROM HUM
---------------------------------------------------------------------------------------
1    54.9  71.8   2:18pm  42.1   3:36am   11    1  0.00   1  22   9:16pm NNE 29.83   55
2    49.3  65.5   5:49pm  35.1   3:46am   16    0  0.00   1  21   9:07am ENE 30.12   61
3    51.5  70.0   2:39pm  32.7   6:12am   14    1  0.00   2  20   2:45pm ENE 30.22   53
4    52.9  72.3   2:32pm  32.4   6:08am   14    1  0.00   3  21  11:16am ENE 30.15   40
5    52.2  66.2  12:53pm  39.9   2:06am   13    0  0.00   3  17  11:40am ENE 30.21   40
6     0.0  71.6   2:13pm  71.6   2:13pm    0    0  0.00   0   6   2:13pm ---  0.00    0
7    64.5  74.7   4:17pm  50.7  11:59pm    1    1  0.00   1  18   4:19pm   S 29.94   44
8    65.9  84.9   3:23pm  47.8   5:30am    5    6  0.00   1  16   6:09pm  SW 29.95   60
9    64.0  77.2   4:51pm  53.6  11:37pm    3    2  0.16   1  22   3:47pm WSW 29.91   73
10   67.4  90.5   4:13pm  46.6   5:32am    6    8  0.00   2  22   4:15pm SSE 29.86   61
11   59.5  70.5   3:11pm  50.0  11:49pm    6    1  0.00   4  22   1:07am NNE 30.09   36
12   55.7  70.9   2:35pm  39.4  11:56pm   10    1  0.00   2  16  12:42pm ENE 30.23   35
13   47.4  68.5  12:23pm  28.8   5:32am   17    0  0.16   2  26   1:45pm SSE 30.19   60
14   65.3  90.1   4:02pm  41.0   4:56am    8    9  0.35   4  33  12:19pm SSE 29.76   64
15   56.6  63.9  12:30am  45.1  11:34pm    8    0  0.00   3  25   5:43pm   N 29.80   76
16   49.1  61.3  12:49pm  37.9  11:55pm   16    0  0.00   3  23   7:55am   N 30.00   56
17   53.6  75.4   5:45pm  32.9   5:44am   13    2  0.00   2  22   3:47pm WNW 30.21   47
18   57.4  75.4   1:59pm  34.5   5:11am   10    3  0.00   4  30  11:04am SSE 30.11   45
19   55.9  73.0  12:39pm  37.9  11:57pm   10    1  0.28   2  15   2:07pm  NE 29.98   76
20   47.5  67.5   5:49pm  35.6   3:46am   17    0  0.00   2  16  12:36am   N 30.12   61
21   51.2  66.0   5:37pm  41.5   4:39am   14    0  0.71   1  15   4:01pm  NE 30.07   77
22   63.8  86.4   3:34pm  40.5   5:42am    8    7  0.00   3  29   2:20pm SSE 29.98   61
23   70.6  86.9   3:47pm  56.3   2:06am    2    8  0.00   3  36   2:55pm SSE 29.97   55
24   71.3  86.9   1:36pm  52.5  11:59pm    1    6  0.20   5  32   2:27pm SSE 29.98   62
25   58.7  78.4   5:44pm  42.8   4:56am    9    3  0.00   3  25  12:48am WNW 30.15   54
26   54.6  70.0   1:40pm  38.8   5:37am   11    1  0.04   1  17   8:36am  NE 30.07   71
27   55.9  66.4   5:16pm  45.0  11:54pm    9    0  0.00   5  32  11:53am   W 29.90   65
28   58.4  78.8   4:10pm  37.9   5:21am   10    3  0.00   2  20   2:16pm  SW 30.11   60
29   66.1  89.2   2:58pm  47.7   4:57am    6    7  0.00   2  23   3:26pm SSE 30.05   67
30   71.4  89.2   3:42pm  56.1   5:31am    2    9  0.04   2  17  10:36am SSE 29.99   73
31   69.1  80.8   2:06pm  60.6   5:55am    1    5  0.00   1  20   9:56am SSE 29.93   81
---------------------------------------------------------------------------------------
TOT  58.4  90.5  5/10/07  28.8  5/13/07  273   84  1.93   2  36  5/23/07 SSE 30.04   58

HEAT BASE: 65.0
COOL BASE: 65.0