NOAA-Style Climate Reports


Report for 2007 March
                  MONTHLY CLIMATOLOGICAL SUMMARY FOR 3/2007
                                        HEAT  COOL        
     MEAN                               DEG   DEG       WIND SPEED       DOM MEAN  MEAN
DAY  TEMP  HIGH   TIME     LOW   TIME   DAYS  DAYS RAIN AVG  HI  TIME    DIR BAROM HUM
---------------------------------------------------------------------------------------
1    26.7  28.8  12:59am  25.3   7:26pm   38    0  0.00   4  22   5:19pm ENE 29.53   85
2    29.6  34.5  11:36am  22.6  11:59pm   35    0  0.00   1  16   1:16am NNE 29.04   88
3    20.9  29.1   1:35pm  10.0  11:54pm   44    0  0.00   3  22   5:39pm WNW 29.62   63
4    22.7  37.0   1:08pm   3.2   3:58am   41    0  0.00   4  28   9:30pm WNW 29.82   54
5    12.0  28.4  12:00am  -8.0  11:52pm   53    0  0.00   4  24  12:42am   N 30.28   45
6     4.5  16.5   1:34pm -13.7   2:59am   61    0  0.00   1  17  10:34am   S 30.43   48
7    10.3  28.4   2:54pm -10.1   5:39am   55    0  0.00   1  15   2:29pm WNW 30.27   53
8    17.6  33.8  12:09pm  -1.3   6:37am   45    0  0.00   3  21   2:35pm   S 30.14   56
9    31.6  48.2   2:35pm  15.4   4:41am   33    0  0.24   2  20  12:42pm   S 29.84   72
10   36.0  48.6   2:51pm  24.6  11:52pm   29    0  0.00   3  24   2:04pm WNW 29.97   60
11   37.0  52.9   3:11pm  18.1   6:37am   24    0  0.00   3  21  12:24pm   S 30.21   49
12   39.8  53.1   2:40pm  30.6   7:43am   25    0  0.04   1  15   3:59pm   S 29.90   75
13   46.2  64.0   3:25pm  36.7   4:53am   19    0  0.00   2  19   3:37pm  SW 29.65   69
14   39.4  44.2   1:03pm  32.5  11:59pm   26    0  0.00   1  19   2:59pm  NW 29.87   49
15   23.9  32.5  12:00am  15.3   6:46am   41    0  0.00   1  13   4:01pm NNE 30.31   48
16   25.7  36.3   2:27pm  19.2   5:49am   39    0  0.00   1  14   7:35am NNE 30.31   50
17   24.5  39.9   3:49pm  10.4   7:03am   41    0  0.00   1  23   1:41pm WNW 30.18   53
18   27.6  41.4   4:09pm  11.5   6:46am   37    0  0.00   3  20   5:39pm   S 30.09   54
19   34.5  45.7  12:41pm  20.8  11:52pm   31    0  0.24   5  39  10:49am  NW 29.87   65
20   23.1  34.2   4:27pm  11.1   6:41am   42    0  0.00   2  24   2:39pm SSW 30.44   55
21   32.2  36.7   2:17pm  24.3   4:02am   33    0  0.24   1  16  10:10am   S 29.96   85
22   41.1  49.5   4:22pm  32.7   9:09pm   24    0  0.08   5  38   8:12am WNW 29.85   60
23   42.2  58.6   3:43pm  29.5   5:31am   23    0  0.00   2  17  11:04am   S 30.03   53
24   47.0  66.2   3:15pm  32.5  12:36am   18    0  0.00   1  24   4:22pm SSE 30.08   75
25   47.8  60.4   4:57pm  39.2  12:00am   17    0  0.67   1  17  11:06pm   S 29.97   93
26   58.2  76.5   4:48pm  43.9  11:57pm    9    2  0.28   3  21  12:32pm WNW 29.80   75
27   47.3  59.9   1:30pm  35.6  11:10pm   18    0  0.00   3  18   5:11am NNE 30.13   68
28   40.2  48.0   4:04pm  35.8  12:00am   25    0  0.00   3  15   7:12am ENE 30.40   52
29   45.4  58.5   4:31pm  32.7   5:00am   20    0  0.00   2  22   1:02pm   S 30.40   38
30   41.7  46.8  12:00am  37.0  11:38pm   23    0  0.08   2  15   1:25pm ENE 30.34   72
31   40.5  49.8   1:54pm  35.6   6:38am   24    0  0.43   2  16  11:36pm ENE 29.99   79
---------------------------------------------------------------------------------------
TOT  32.8  76.5  3/26/07 -13.7   3/6/07  990    2  2.28   2  39  3/19/07  NE 30.02   62

HEAT BASE: 65.0
COOL BASE: 65.0