NOAA-Style Climate Reports


Report for 2007 February

Daily NOAA report



                            MONTHLY CLIMATOLOGICAL SUMMARY for FEB. 2007

NAME: Athelstane Weather   CITY: Athelstane STATE: Wisconsin
ELEV: 812 LAT: 045:23:00 LONG: 0088:07:00

                            TEMPERATURE ( °F), RAIN (in.), WIND SPEED (mph)

                                               HEAT     COOL           AVG
      MEAN                                     DEG      DEG            WIND                       DOM
DAY   TEMP    HIGH   TIME     LOW    TIME      DAYS     DAYS    RAIN   SPEED    HIGH    TIME      DIR
--------------------------------------------------------------------------------------------------------
01    13.3   021.9   13:28    05.7   08:14     51.7     00.0   00.00   01.2     18.4    14:30      SW
02    04.5   010.6   13:16   -10.8   00:00     60.4     00.0   00.00   02.9     19.6    14:29     WSW
03   -06.0   007.2   12:29   -13.9   04:20     70.9     00.0   00.00   03.6     20.7    15:01     WNW
04   -11.1   -001.5   12:29   -15.5   07:36     76.0     00.0   00.00   01.8     20.7    12:28     WNW
05   -08.6   008.2   15:01   -13.0   07:03     73.5     00.0   00.00   01.2     18.4    12:03     WNW
06   -02.7   010.4   15:28   -13.5   04:28     67.6     00.0   00.00   01.5     19.6    00:00     WNW
07    05.7   018.9   14:14   -03.8   07:37     59.2     00.0   00.00   05.1     24.1    00:00     WNW
08    08.7   021.2   14:29   -01.3   00:00     56.2     00.0   00.00   03.5     27.6    12:29     WNW
09    05.1   019.6   15:17   -09.6   07:28     59.9     00.0   00.00   02.0     17.3    21:21     WSW
10    08.2   020.3   15:16   -02.2   07:35     56.7     00.0   00.00   02.6     17.3    13:28      W 
11    11.6   024.6   15:05   -00.0   00:00     53.3     00.0   00.00   02.1     19.6    14:05      W 
12    08.7   020.7   14:28   -00.9   02:30     56.2     00.0   00.00   01.0     13.8    13:18     NNW
13    07.0   016.7   12:11   -00.2   21:18     57.9     00.0   00.00   00.8     12.7    12:29     NNE
14    04.0   016.5   13:29   -08.7   05:20     61.0     00.0   00.00   02.2     25.3    15:14      NW
15    01.0   009.5   10:18   -03.1   00:29     63.9     00.0   00.00   01.3     19.6    10:18     WNW
17    05.5   027.0   14:16   -01.1   08:02     59.4     00.0   00.00   01.3     20.7    15:17      SW
18    07.3   022.1   15:10   -03.8   07:26     57.7     00.0   00.00   00.8     18.4    12:26     WSW
19    24.1   037.8   15:10    15.6   07:10     40.8     00.0   00.00   03.8     20.7    13:27     SSW
20    27.7   041.2   15:10    16.9   08:02     37.2     00.0   00.00   01.1     14.9    17:02      SW
21    35.3   047.3   15:02    23.9   03:20     29.7     00.0   00.00   03.2     21.9    12:02     SSW
22    27.4   039.7   01:02    12.6   00:00     37.6     00.0   00.00   07.2     38.0    08:28      NW
23    18.7   028.8   14:10    08.8   07:02     46.3     00.0   00.00   00.7     13.8    12:02     ENE
24    23.5   027.0   14:02    20.8   04:29     41.5     00.0   00.00   02.3     21.9    14:02      NE
25    25.8   028.6   14:00    23.9   04:17     39.1     00.0   00.00   01.2     08.1    04:28      NE
26    25.5   028.8   12:20    22.6   00:00     39.4     00.0   00.00   00.0     03.5    13:22      NE
27    27.4   033.1   13:09    22.6   03:00     37.6     00.0   00.00   00.0     04.6    00:05     NNE
28    28.9   034.5   13:04    23.9   06:19     36.0     00.0   00.00   00.2     05.8    21:29      NE
--------------------------------------------------------------------------------------------------------
12.1 (13.3)   47.3  day 21    -15.5  day 04   1426.8    000.0   00.00   02.0     38.0   day 22      W 
Max