NOAA-Style Climate Reports


Report for 2007 February
                  MONTHLY CLIMATOLOGICAL SUMMARY FOR 2/2007
                                        HEAT  COOL        
     MEAN                               DEG   DEG       WIND SPEED       DOM MEAN  MEAN
DAY  TEMP  HIGH   TIME     LOW   TIME   DAYS  DAYS RAIN AVG  HI  TIME    DIR BAROM HUM
---------------------------------------------------------------------------------------
1    13.4  21.9   1:33pm   5.5   8:07am   51    0  0.00   1  18  12:50pm   W 29.61   31
2     4.4  10.6   1:03pm -10.7  11:57pm   59    0  0.00   4  25  11:44am WNW 29.58    2
3    -5.8   7.7  12:18pm -14.1   3:35am   69    0  0.00   4  30  12:59pm WNW 29.74    0
4    -9.8  -0.9  12:21pm -15.7   7:26am   72    0  0.00   3  26  12:28pm WNW 30.07    0
5    -4.5   8.2   2:24pm -13.2   6:39am   68    0  0.00   2  22  11:25am WNW 30.31    0
6    -2.4  10.6   3:24pm -13.5   4:04am   66    0  0.00   1  17   2:56pm   W 30.14    0
7     5.9  19.0   2:12pm  -4.0   7:19am   58    0  0.00   6  25  10:29am WNW 30.06   18
8     8.8  21.2   2:18pm  -1.5   7:08am   55    0  0.00   4  32   1:10pm WNW 30.09   20
9     5.3  19.8   2:07pm  -9.8   7:06am   58    0  0.00   3  22   8:21pm WNW 30.14   25
10    8.2  20.5   2:37pm  -2.4   7:17am   54    0  0.00   3  20  12:26am WNW 30.04   21
11   11.8  25.0   2:47pm   0.1  11:56pm   51    0  0.00   2  23   8:37am WNW 29.97   27
12    8.9  20.8   2:14pm  -0.9   2:04am   55    0  0.00   1  18  11:28am   N 30.27   26
13    7.2  17.2  11:51am  -0.2   8:56pm   57    0  0.00   1  16  12:15pm   N 30.38   28
14    4.1  16.5   1:24pm  -8.7   4:50am   60    0  0.00   2  26   9:45am WNW 30.26   25
15    7.1  21.4   2:45pm  -3.3  12:13am   57    0  0.00   2  24  10:14am WNW 30.08   22
16   13.8  27.3   1:48pm  -1.3   5:09am   50    0  0.00   4  26   1:50pm   S 29.68   27
17   18.2  27.0  12:44pm   5.5  11:57pm   42    0  0.00   3  25  10:51am  NW 29.78   47
18   10.3  22.1   3:00pm  -3.8   7:19am   50    0  0.00   1  22  11:29am   W 29.97   25
19   24.0  37.9   3:03pm  15.6   7:01am   41    0  0.00   4  25   8:55am   S 29.53   57
20   27.6  41.2   3:01pm  16.9   7:48am   37    0  0.00   1  17   3:12pm WNW 29.63   66
21   35.2  47.3   2:32pm  23.9   3:15am   30    0  0.00   4  23  11:53am SSE 29.62   65
22   27.5  39.9  12:45am  12.9  11:58pm   38    0  0.00   7  39   1:47am  NW 29.99   54
23   18.7  28.9   1:48pm   8.6   6:42am   46    0  0.00   1  17  12:29pm   E 30.36   56
24   23.5  27.1   1:43pm  20.8  12:00am   41    0  0.00   2  23   1:54pm ENE 30.17   58
25   25.8  28.6  12:29pm  23.9   3:08am   39    0  0.00   1   9   4:47am ENE 29.64   85
26   25.6  28.8  12:16pm  22.6  10:38pm   39    0  0.00   0   4  12:32am  NE 29.67   85
27   27.3  33.3   1:13pm  22.6  12:00am   38    0  0.00   0   6  12:01am  NE 29.95   86
28   28.9  34.5   1:01pm  23.9   6:28am   36    0  0.00   0   7   9:55pm   E 30.05   84
---------------------------------------------------------------------------------------
TOT  13.3  47.3  2/21/07 -15.7   2/4/07 1416    0  0.00   3  39  2/22/07 WNW 29.96   37

HEAT BASE: 65.0
COOL BASE: 65.0