NOAA-Style Climate Reports


Report for 2006 December
                  MONTHLY CLIMATOLOGICAL SUMMARY FOR 12/2006
                                        HEAT  COOL        
     MEAN                               DEG   DEG       WIND SPEED       DOM MEAN  MEAN
DAY  TEMP  HIGH   TIME     LOW   TIME   DAYS  DAYS RAIN AVG  HI  TIME    DIR BAROM HUM
---------------------------------------------------------------------------------------
1    25.1  31.3   2:15pm  16.5  12:00am   39    0  0.00   1  21   2:13pm   N 29.85   63
2    20.3  27.3  12:38pm  12.0  11:55pm   41    0  0.00   2  23   4:04pm   W 30.10   63
3    18.9  27.1   2:23pm  11.1   1:19am   44    0  0.00   2  27  10:56am WNW 30.22   43
4    14.1  19.8  12:37pm   5.9   8:32pm   50    0  0.00   1  17  12:19pm WNW 30.06   57
5    11.5  18.3   8:11pm  -0.0   7:44am   52    0  0.00   2  20  11:38am   S 30.00   41
6    17.7  25.5   9:56am   5.0  11:53pm   46    0  0.00   3  26   3:27pm WNW 29.88   61
7     9.6  18.3   1:46pm   1.2   1:19am   54    0  0.00   3  29  10:40am WNW 30.38   31
8    14.2  25.3   3:12pm  -1.8   6:13am   50    0  0.00   3  28   5:00pm   S 30.18   32
9    25.8  36.9   2:13pm  19.0   4:40am   29    0  0.00   3  22   8:44am   S 29.86   60
10   29.5  40.6  12:36pm  21.9   6:37am   33    0  0.04   0  13   9:25am SSE 29.92   79
11   30.6  37.6  11:59am  20.8   7:47am   34    0  0.00   0  10  11:52am   S 30.16   87
12   39.0  43.2   1:44pm  34.3  12:00am   25    0  0.31   1  16   7:30am   S 29.86   97
13   34.1  40.3   1:31am  27.7  11:45pm   30    0  0.04   2  25   8:33am  SW 29.72   93
14   32.4  37.6   2:24pm  27.7  12:26am   32    0  0.12   0  18   1:32pm   S 29.45   97
15   33.7  38.1  12:31pm  27.7   9:38pm   31    0  0.04   3  24  12:48pm WNW 29.70   85
16   33.7  38.1  12:46pm  29.1  12:00am   59    0  0.00   1  17   1:16pm WNW 29.73   87
17   30.7  35.8  12:46pm  27.0   6:11am   34    0  0.00   0  13   2:34pm  SW 29.96   81
18   27.3  33.8   1:38pm  18.5   9:19pm   37    0  0.00   1  17   7:21am WNW 30.26   61
19   26.8  40.8   2:08pm  15.3   2:50am   37    0  0.00   2  22   2:28pm  SW 30.23   65
20   30.6  39.0   1:24pm  24.3  11:22pm   34    0  0.00   1  18  11:34am   S 30.11   59
21   30.1  33.8  12:51pm  24.1   5:08am   34    0  0.00   0  11   2:14pm NNE 30.19   77
22   34.6  36.3  11:37am  33.1   6:13pm   30    0  0.67   0  16  11:28pm   S 29.68   97
23   33.9  37.8  12:07pm  26.8  11:55pm   30    0  0.35   3  28  10:16am WNW 29.71   85
24   29.3  40.1   2:02pm  19.9   7:38am   35    0  0.04   1  23   2:43pm   S 29.96   75
25   29.4  32.5  11:42am  25.3   2:54am   35    0  0.00   1  18   5:20pm   N 29.90   76
26   23.6  28.4   1:55pm  14.9  11:51pm   41    0  0.00   1  20   3:04am WNW 29.85   70
27   25.0  36.5   2:07pm  12.9   4:31am   39    0  0.00   0  10  10:20am SSE 29.87   80
28   29.2  30.9   1:53pm  27.9   7:03am   35    0  0.00   0  11   6:34am NNE 30.25   82
29   31.9  34.2  12:37pm  28.8  12:00am   32    0  0.00   0  10   5:53am ESE 30.43   92
30   33.4  36.7  12:14pm  31.8   7:36pm   31    0  0.12   0  10   6:12pm   E 30.37   95
31   34.7  35.6   1:02pm  32.4  12:00am   30    0  0.63   0  12  11:02am   E 29.76   97
---------------------------------------------------------------------------------------
TOT  27.1  43.2 12/12/06  -1.8  12/8/06 1162    0  2.36   1  29  12/7/06 WNW 29.99   73

HEAT BASE: 65.0
COOL BASE: 65.0