NOAA-Style Climate Reports

Select a Year or Month report
2018: Jan Feb Mar Apr May Jun Jul Aug Sep Oct Nov Dec
2017: Jan Feb Mar Apr May Jun Jul Aug Sep Oct Nov Dec
2016: Jan Feb Mar Apr May Jun Jul Aug Sep Oct Nov Dec
2015: Jan Feb Mar Apr May Jun Jul Aug Sep Oct Nov Dec
2014: Jan Feb Mar Apr May Jun Jul Aug Sep Oct Nov Dec
2013: Jan Feb Mar Apr May Jun Jul Aug Sep Oct Nov Dec
2012: Jan Feb Mar Apr May Jun Jul Aug Sep Oct Nov Dec
2011: Jan Feb Mar Apr May Jun Jul Aug Sep Oct Nov Dec
2010: Jan Feb Mar Apr May Jun Jul Aug Sep Oct Nov Dec
2009: Jan Feb Mar Apr May Jun Jul Aug Sep Oct Nov Dec
2008: Jan Feb Mar Apr May Jun Jul Aug Sep Oct Nov Dec
2007: Jan Feb Mar Apr May Jun Jul Aug Sep Oct Nov Dec
2006: Jan Feb Mar Apr May Jun Jul Aug Sep Oct Nov Dec
2005: Jan Feb Mar Apr May Jun Jul Aug Sep Oct Nov Dec
2004: Jan Feb Mar Apr May Jun Jul Aug Sep Oct Nov Dec
2003: Jan Feb Mar Apr May Jun Jul Aug Sep Oct Nov Dec

Report for 2006 November

Daily NOAA report



                            MONTHLY CLIMATOLOGICAL SUMMARY for NOV. 2006

NAME: Athelstane Weather   CITY: Athelstane STATE: Wisconsin
ELEV: 812 LAT: 045:23:00 LONG: 0088:07:00

                            TEMPERATURE ( °F), RAIN (in.), WIND SPEED (mph)

                                               HEAT     COOL           AVG
      MEAN                                     DEG      DEG            WIND                       DOM
DAY   TEMP    HIGH   TIME     LOW    TIME      DAYS     DAYS    RAIN   SPEED    HIGH    TIME      DIR
--------------------------------------------------------------------------------------------------------
01    28.2   034.9   15:04    20.7   05:29     36.7     00.0   00.00   03.3     24.1    10:02     WNW
02    28.7   034.5   11:28    23.5   05:25     36.3     00.0   00.00   02.8     21.9    11:09      W 
03    27.5   036.9   14:29    21.9   07:05     37.4     00.0   00.00   02.3     18.4    13:47     WSW
04    33.8   041.0   12:30    25.0   00:29     31.1     00.0   00.00   00.5     12.7    12:30     SSW
05    40.6   056.1   14:28    29.8   00:00     24.3     00.0   00.00   01.2     17.3    14:29      S 
06    38.9   050.4   13:28    27.1   06:30     26.1     00.0   00.00   00.1     19.6    13:15     SSW
07    46.8   051.4   14:29    43.3   22:25     18.1     00.0   00.00   00.3     11.5    03:28      S 
08    49.6   058.8   14:10    44.2   02:30     15.3     00.0   00.04   01.3     17.3    07:37     SSW
09    42.6   049.6   00:23    29.3   22:15     22.3     00.0   00.04   03.0     20.7    13:06     WNW
10    32.6   034.3   05:30    28.2   00:00     32.3     00.0   00.00   00.0     08.1    00:28     NNW
11    31.3   036.5   14:06    26.6   07:01     33.7     00.0   00.00   00.5     11.5    12:02      N 
12    34.0   038.7   14:26    26.4   06:30     30.9     00.0   00.16   01.7     19.6    16:29     SSW
13    35.6   036.7   05:29    34.0   10:30     29.3     00.0   00.20   00.6     12.7    07:23     SSW
14    35.4   039.9   15:00    32.7   20:00     29.5     00.0   00.00   00.0     06.9    13:03     NNW
15    35.5   043.7   14:15    26.4   07:27     29.5     00.0   00.00   00.0     10.3    15:15     NNE
16    36.3   038.7   14:01    34.7   06:26     28.7     00.0   00.00   01.4     18.4    19:28      N 
17    36.0   039.6   14:29    33.4   00:00     29.0     00.0   00.00   00.1     11.5    12:13     WNW
18    35.5   038.3   14:28    33.4   00:29     29.5     00.0   00.00   00.7     14.9    16:14      NW
19    34.3   041.7   14:08    26.6   19:30     30.7     00.0   00.00   01.1     14.9    13:29      NW
20    30.9   039.2   14:04    23.0   08:48     34.1     00.0   00.00   01.3     19.6    22:08     SSW
21    38.1   049.8   14:29    28.8   00:00     26.8     00.0   00.00   03.2     27.6    06:30      S 
22    35.0   046.9   14:29    25.3   08:16     29.9     00.0   00.00   00.6     19.6    14:29      S 
23    35.8   052.7   13:29    26.2   07:38     29.1     00.0   00.00   00.0     11.5    12:29      NE
24    40.3   051.1   13:29    32.5   00:00     24.6     00.0   00.00   00.6     17.3    08:13     SSW
25    38.4   050.4   13:28    30.9   01:25     26.5     00.0   00.00   00.0     10.3    13:28     SSE
26    38.6   046.4   14:29    28.9   07:37     26.4     00.0   00.00   00.0     05.8    09:29     ESE
27    38.8   040.6   10:04    36.3   00:00     26.2     00.0   00.59   00.8     11.5    00:00     NNE
28    44.6   052.9   00:00    36.1   02:28     20.3     00.0   00.39   03.0     21.9    20:14     SSE
29    43.0   053.1   02:30    30.9   00:00     22.0     00.0   00.04   01.5     17.3    14:10      W 
30    19.4   030.9   00:29    13.3   22:23     45.5     00.0   00.00   03.3     19.6    03:30      NW
--------------------------------------------------------------------------------------------------------
36.2 (36.6)   58.8  day 08     13.3  day 30   862.1    000.0   00.00   01.2     27.6   day 28     WSW
Max  0.8in)