NOAA-Style Climate Reports


Report for 2006 November
                  MONTHLY CLIMATOLOGICAL SUMMARY FOR 11/2006
                                        HEAT  COOL        
     MEAN                               DEG   DEG       WIND SPEED       DOM MEAN  MEAN
DAY  TEMP  HIGH   TIME     LOW   TIME   DAYS  DAYS RAIN AVG  HI  TIME    DIR BAROM HUM
---------------------------------------------------------------------------------------
1    28.3  34.9   2:13pm  20.7   5:28am   36    0  0.00   5  31   1:12pm WNW 29.99   48
2    28.7  34.7  11:31am  23.4   4:36am   36    0  0.00   4  24  10:37am WNW 30.11   47
3    27.5  36.9   2:00pm  21.7   7:13am   37    0  0.00   2  23  11:48am WNW 30.27   50
4    34.2  41.2  12:44pm  24.6  12:00am   30    0  0.00   1  16  12:39pm   S 30.19   70
5    40.8  56.1   2:02pm  30.0  11:54pm   23    0  0.00   1  22   2:07pm SSE 30.11   73
6    39.3  50.5  12:59pm  27.1   6:11am   25    0  0.00   1  20   9:43am   S 30.01   83
7    46.9  51.4   2:02pm  43.3  10:01pm   18    0  0.00   0  13  12:22pm   S 29.78   88
8    49.8  59.2   1:47pm  44.2  12:00am   15    0  0.04   1  18   8:41am SSE 29.46   88
9    42.4  49.6  12:11am  29.1   9:50pm   22    0  0.04   3  26   8:08am WNW 29.68   70
10   32.6  34.5   4:33am  28.4  11:58pm   32    0  0.00   0  12  12:00am   N 30.05   86
11   31.5  36.7   1:22pm  26.6   6:19am   33    0  0.00   0  15  10:41am  NW 30.15   80
12   34.0  39.2   1:51pm  26.2   6:08am   30    0  0.16   3  25   3:20pm SSW 30.16   79
13   35.6  36.7   3:17am  34.0   9:59am   29    0  0.20   1  24   3:20am   S 29.91   92
14   35.5  39.9   1:46pm  32.7   7:34pm   29    0  0.00   0   9   8:54am WNW 29.89   88
15   35.4  43.7   2:00pm  26.4   6:42am   29    0  0.00   0  15  10:07am   N 29.92   80
16   36.2  38.7   1:21pm  34.3   6:31pm   28    0  0.00   2  21   6:56pm   N 29.78   65
17   36.0  39.7   2:12pm  33.3  11:10pm   28    0  0.00   0  17  12:18am WNW 29.86   64
18   35.5  38.3   1:29pm  33.4  12:00am   29    0  0.00   1  17   9:21pm  NW 30.09   73
19   34.2  41.9   2:15pm  26.6   7:24pm   30    0  0.00   2  21  11:39am WNW 30.23   52
20   31.2  39.2   1:32pm  23.0   7:13am   33    0  0.00   1  21  10:08pm   S 30.26   61
21   38.2  50.0   1:41pm  28.9  11:58pm   26    0  0.00   2  28   6:01am   S 30.15   56
22   35.1  47.1   2:08pm  25.2   7:16am   29    0  0.00   1  21   2:31pm   S 30.16   70
23   36.0  52.9   1:15pm  26.1   7:23am   28    0  0.00   0  11  12:33pm NNE 30.19   77
24   40.5  51.1   1:12pm  32.2  12:00am   24    0  0.00   1  20   9:53am   S 30.02   80
25   38.6  50.5   1:37pm  30.9  12:58am   26    0  0.00   0  10   1:34pm NNE 30.02   77
26   38.9  46.4   1:20pm  28.9   7:41am   25    0  0.12   0   9   1:36pm   E 30.09   83
27   38.4  40.6   9:42am  36.3  11:58pm   26    0  0.59   1  15   7:10pm NNE 30.13   97
28   44.9  52.9  11:47pm  36.1  12:46am   20    0  0.39   3  26   6:57pm   S 29.84   97
29   42.6  53.1  12:20am  31.1  11:59pm   22    0  0.04   2  20   8:13am WNW 29.87   75
30   19.0  31.1  12:00am  13.1  10:21pm   45    0  0.00   3  22  12:59pm WNW 30.12   51
---------------------------------------------------------------------------------------
TOT  36.3  59.2  11/8/06  13.1 11/30/06  843    0  1.57   1  31  11/1/06   S 30.02   73

HEAT BASE: 65.0
COOL BASE: 65.0