NOAA-Style Climate Reports


Report for 2006 September
                  MONTHLY CLIMATOLOGICAL SUMMARY FOR 9/2006
                                        HEAT  COOL        
     MEAN                               DEG   DEG       WIND SPEED       DOM MEAN  MEAN
DAY  TEMP  HIGH   TIME     LOW   TIME   DAYS  DAYS RAIN AVG  HI  TIME    DIR BAROM HUM
---------------------------------------------------------------------------------------
1    59.5  75.9   1:27pm  45.9   6:22am    8    3  0.00   1  17   4:15pm  NE 30.24   72
2    60.6  76.6   1:48pm  47.8   6:38am    7    3  0.00   0  15   1:41pm   E 30.19   74
3    63.1  77.7   1:56pm  50.2   6:23am    5    3  0.00   0  12  12:02pm WSW 30.11   73
4    64.5  79.3   2:06pm  50.7   6:40am    4    4  0.00   0  13  12:10pm   W 30.10   72
5    67.2  83.1   1:55pm  54.7   6:31am    3    5  0.00   1  17   2:36pm WNW 30.04   67
6    63.4  75.2   2:02pm  53.8   6:39am    4    3  0.00   0  13   1:54pm   N 30.06   74
7    67.2  83.3   1:09pm  55.0   3:44am    3    5  0.00   2  21  12:48pm SSE 29.90   71
8    56.5  67.3  11:37am  44.1  11:57pm    9    0  0.47   2  18  12:04pm   N 29.93   87
9    49.2  62.2   2:04pm  38.1   6:26am   15    0  0.00   1  18   2:06pm   E 30.19   73
10   49.4  66.0   2:01pm  36.0   6:36am   15    0  0.00   0  15  10:51am   N 30.28   74
11   53.0  58.8  12:18pm  46.9   2:05am   12    0  0.39   0  16  12:32pm   E 30.23   88
12   53.7  55.6   2:04pm  52.2  12:33am   11    0  0.08   0  15   9:02am   N 30.03   97
13   57.7  68.0   3:18pm  48.4  11:58pm    7    0  0.00   1  13   2:31pm WNW 29.91   85
14   56.1  73.0   1:56pm  40.6   6:51am   10    2  0.00   1  16   2:31pm SSE 29.99   78
15   60.8  73.8   2:34pm  47.5   2:55am    6    2  0.00   1  21   5:53pm SSE 30.08   83
16   64.5  74.5   1:48pm  54.1   1:20am    3    2  0.00   3  24   5:19pm  SW 29.94   85
17   68.9  82.2   2:09pm  60.3   6:29am    1    5  0.00   3  23   1:01pm SSE 29.61   74
18   54.0  65.5  12:38pm  45.5   6:31am   11    0  0.00   4  34  12:58pm SSE 29.60   61
19   48.7  55.4   2:09pm  39.9  11:45pm   16    0  0.00   3  27   1:43pm WNW 29.73   71
20   45.7  59.9   3:51pm  34.3   6:52am   19    0  0.00   1  18  10:19am WNW 29.94   70
21   48.5  64.6   3:10pm  31.3   6:33am   16    0  0.00   1  17   2:13pm SSE 29.94   67
22   55.9  60.3  10:45pm  50.7  12:47am    9    0  0.28   1  18  11:13am   N 29.68   92
23   60.0  70.9   2:43pm  53.1  11:57pm    6    1  2.13   0  23   5:15pm WSW 29.55   91
24   50.7  60.8   4:15pm  41.0  11:01pm   14    0  0.24   3  21   8:52am   N 29.76   72
25   51.7  65.5   1:50pm  41.0  11:57pm   13    0  0.00   3  31   2:21pm WNW 29.81   66
26   51.7  66.9   4:07pm  34.9   6:56am   13    0  0.04   3  27   1:06pm SSE 29.82   66
27   49.8  55.9   2:08pm  41.0  11:56pm   15    0  0.63   1  21  12:01pm   N 29.68   90
28   43.9  54.9   1:46pm  35.8   6:41am   21    0  0.08   0  16  11:34am   W 29.91   82
29   45.0  53.1  11:43am  37.9   7:37am   20    0  0.04   1  20  12:53pm SSE 29.79   84
30   49.9  61.9   3:35pm  39.4  11:58pm   15    0  0.04   1  20   1:08pm WNW 29.65   83
---------------------------------------------------------------------------------------
TOT  55.7  83.3   9/7/06  31.3  9/21/06  311   38  4.41   1  34  9/18/06 SSE 29.92   77

HEAT BASE: 65.0
COOL BASE: 65.0