NOAA-Style Climate Reports

Select a Year or Month report
2018: Jan Feb Mar Apr May Jun Jul Aug Sep Oct Nov Dec
2017: Jan Feb Mar Apr May Jun Jul Aug Sep Oct Nov Dec
2016: Jan Feb Mar Apr May Jun Jul Aug Sep Oct Nov Dec
2015: Jan Feb Mar Apr May Jun Jul Aug Sep Oct Nov Dec
2014: Jan Feb Mar Apr May Jun Jul Aug Sep Oct Nov Dec
2013: Jan Feb Mar Apr May Jun Jul Aug Sep Oct Nov Dec
2012: Jan Feb Mar Apr May Jun Jul Aug Sep Oct Nov Dec
2011: Jan Feb Mar Apr May Jun Jul Aug Sep Oct Nov Dec
2010: Jan Feb Mar Apr May Jun Jul Aug Sep Oct Nov Dec
2009: Jan Feb Mar Apr May Jun Jul Aug Sep Oct Nov Dec
2008: Jan Feb Mar Apr May Jun Jul Aug Sep Oct Nov Dec
2007: Jan Feb Mar Apr May Jun Jul Aug Sep Oct Nov Dec
2006: Jan Feb Mar Apr May Jun Jul Aug Sep Oct Nov Dec
2005: Jan Feb Mar Apr May Jun Jul Aug Sep Oct Nov Dec
2004: Jan Feb Mar Apr May Jun Jul Aug Sep Oct Nov Dec
2003: Jan Feb Mar Apr May Jun Jul Aug Sep Oct Nov Dec

Report for 2006 September

Daily NOAA report



                            MONTHLY CLIMATOLOGICAL SUMMARY for SEP. 2006

NAME: Athelstane Weather   CITY: Athelstane STATE: Wisconsin
ELEV: 812 LAT: 045:23:00 LONG: 0088:07:00

                            TEMPERATURE ( °F), RAIN (in.), WIND SPEED (mph)

                                               HEAT     COOL           AVG
      MEAN                                     DEG      DEG            WIND                       DOM
DAY   TEMP    HIGH   TIME     LOW    TIME      DAYS     DAYS    RAIN   SPEED    HIGH    TIME      DIR
--------------------------------------------------------------------------------------------------------
05    64.9   079.2   14:29    50.7   07:03     00.1     00.0   00.00   00.0     10.3    14:29     SSE
06    63.7   075.2   14:19    54.0   07:28     01.2     00.0   00.00   00.0     12.7    15:21     NNW
07    66.8   082.9   13:24    55.4   03:29     00.0     01.9   00.00   01.2     18.4    14:23      S 
08    56.5   067.1   11:30    43.7   00:00     08.4     00.0   00.47   01.4     18.4    12:14     NNW
09    48.7   061.7   17:06    38.1   07:04     16.2     00.0   00.00   00.9     12.7    13:04     NNW
10    49.2   065.8   14:26    36.1   07:03     15.7     00.0   00.00   00.0     12.7    12:33     WNW
11    52.7   058.6   13:05    47.1   02:30     12.2     00.0   00.00   00.0     14.9    13:05     NNW
12    53.2   055.6   14:30    52.2   03:01     11.7     00.0   00.08   00.2     13.8    23:15      N 
13    57.7   067.8   15:30    48.2   00:00     07.2     00.0   00.00   00.1     12.7    14:28      N 
14    55.7   072.7   14:22    40.6   07:29     09.2     00.0   00.00   01.1     14.9    14:29     SSW
15    60.5   073.8   15:28    47.5   03:26     04.4     00.0   00.00   01.2     16.1    12:29      S 
16    64.4   073.4   14:16    54.1   01:30     00.5     00.0   00.00   02.0     21.9    17:28     WSW
17    68.6   082.0   14:05    60.3   06:30     00.0     03.6   00.00   03.0     21.9    15:04      S 
18    54.3   065.1   13:04    45.5   06:30     10.7     00.0   00.00   04.7     32.2    13:04     SSW
19    48.2   055.0   14:21    39.7   00:00     16.7     00.0   00.00   03.3     20.7    14:21      NW
20    45.6   059.7   16:04    34.3   07:29     19.4     00.0   00.00   00.7     17.3    14:21     WNW
21    48.1   064.4   15:30    31.3   07:29     16.8     00.0   00.00   01.2     16.1    16:29     SSW
22    55.7   060.1   23:36    50.7   02:28     09.2     00.0   00.12   00.9     16.1    12:16      NW
23    60.1   070.7   15:24    53.1   00:00     04.8     00.0   02.01   00.5     11.5    17:03     ENE
24    50.6   060.6   16:20    41.0   23:36     14.3     00.0   00.24   03.3     19.6    15:28     NNW
25    51.4   065.5   14:13    41.0   00:00     13.5     00.0   00.00   03.3     25.3    13:14     WNW
26    51.4   066.7   16:16    34.9   07:26     13.6     00.0   00.00   01.7     26.4    15:29     SSW
27    49.9   055.8   14:07    40.8   00:00     15.0     00.0   00.63   01.8     19.6    12:12     NNW
28    43.6   053.8   14:02    36.0   06:28     21.3     00.0   00.08   00.0     14.9    12:03     WNW
29    44.9   052.2   12:29    37.9   07:34     20.0     00.0   00.04   00.2     17.3    14:19     SSW
30    50.1   061.9   15:28    41.2   23:13     14.8     00.0   00.04   00.9     17.3    14:29     WSW
--------------------------------------------------------------------------------------------------------
54.5 (55.1)   82.9  day 07     31.3  day 21   277.2    005.5   00.00   01.3     32.2   day 25      W 
Min  .008in) 7 (> .08in) 1 (> 0.8in)