NOAA-Style Climate Reports


Report for 2006 August

Daily NOAA report



                            MONTHLY CLIMATOLOGICAL SUMMARY for AUG. 2006

NAME: Athelstane Weather   CITY: Athelstane STATE: Wisconsin
ELEV: 812 LAT: 045:23:00 LONG: 0088:07:00

                            TEMPERATURE ( °F), RAIN (in.), WIND SPEED (mph)

                                               HEAT     COOL           AVG
      MEAN                                     DEG      DEG            WIND                       DOM
DAY   TEMP    HIGH   TIME     LOW    TIME      DAYS     DAYS    RAIN   SPEED    HIGH    TIME      DIR
--------------------------------------------------------------------------------------------------------
01    79.5   088.3   16:30    72.3   00:00     00.0     14.6   00.24   00.5     11.5    16:22      S 
02    67.1   072.3   00:30    61.3   00:00     00.0     02.1   01.06   00.0     11.5    12:25     WNW
03    70.6   086.0   14:14    56.5   06:31     00.0     05.6   00.00   01.0     16.1    11:28      NW
04    71.8   085.3   18:25    58.6   06:26     00.0     06.8   00.00   00.8     16.1    12:25     WSW
05    70.6   081.3   13:30    61.0   06:30     00.0     05.7   00.00   00.8     13.8    13:30      S 
06    74.3   087.6   14:29    63.5   00:00     00.0     09.4   00.00   03.1     19.6    15:30     SSW
07    67.5   080.1   15:21    55.6   00:00     00.0     02.6   00.00   01.6     18.4    15:21      NW
08    63.7   079.0   14:29    48.2   06:29     01.2     00.0   00.00   00.7     13.8    14:29      W 
09    67.1   082.0   15:29    51.4   04:24     00.0     02.2   00.00   01.5     12.7    15:29      S 
10    66.5   077.9   13:03    55.9   00:00     00.0     01.6   00.00   00.4     13.8    16:00     ESE
11    61.2   076.3   14:04    49.1   06:02     03.7     00.0   00.00   01.0     14.9    16:01     NNW
12    61.0   080.1   15:02    43.3   05:02     04.0     00.0   00.00   01.1     18.4    10:30      SW
13    66.4   082.6   14:29    50.4   05:30     00.0     01.4   00.08   02.4     18.4    16:19     SSW
14    68.7   079.0   14:29    57.9   00:00     00.0     03.7   00.67   03.5     24.1    10:29     NNW
15    65.8   079.0   18:01    54.5   00:00     00.0     00.8   00.00   02.1     19.6    11:23     WNW
16    66.5   083.7   14:33    48.7   06:06     00.0     01.5   00.00   01.2     13.8    17:26      SW
17    66.3   075.0   17:29    60.4   06:30     00.0     01.4   00.00   00.3     11.5    18:19      S 
18    69.3   079.7   14:22    58.6   07:28     00.0     04.3   00.00   00.4     10.3    14:22     WSW
19    64.1   071.6   13:29    54.5   00:00     00.8     00.0   00.12   00.8     13.8    13:29      NW
20    63.3   078.6   17:05    48.0   06:30     01.7     00.0   00.00   00.8     17.3    17:04     SSE
21    67.8   083.3   17:27    54.3   06:22     00.0     02.8   00.00   02.1     19.6    16:32      SE
22    63.0   082.0   14:03    49.8   06:29     01.9     00.0   00.00   00.4     17.3    14:03     NNW
23    60.0   072.7   16:29    53.8   05:30     04.9     00.0   00.00   00.1     08.1    14:14     WSW
24    61.3   073.6   13:26    55.9   04:01     03.7     00.0   00.43   00.5     11.5    15:23      W 
25    62.8   065.7   16:24    59.0   00:30     02.2     00.0   00.20   00.2     10.3    07:28     NNE
26    65.8   071.4   17:24    59.7   00:00     00.0     00.8   00.04   00.0     11.5    16:24     NNW
27    66.1   080.8   14:05    52.0   07:19     00.0     01.1   00.00   00.1     11.5    19:06      NW
28    62.8   070.2   17:28    52.3   06:18     02.2     00.0   00.00   00.0     00.0    00:00      SW
29    64.9   080.8   14:32    55.2   00:00     00.0     00.0   00.00   00.4     12.7    16:30      N 
30    61.2   073.4   16:28    50.5   00:00     03.8     00.0   00.00   00.0     11.5    15:30     NNW
31    58.3   074.3   14:07    44.8   06:30     06.7     00.0   00.00   00.3     11.5    17:04     NNW
--------------------------------------------------------------------------------------------------------
66.0 (66.6)   88.3  day 01     43.3  day 12   036.7    068.6   00.00   00.9     24.2   day 15      W 
Max >=  86: 3
Min  .008in) 7 (> .08in) 1 (> 0.8in)