NOAA-Style Climate Reports

Select a Year or Month report
2018: Jan Feb Mar Apr May Jun Jul Aug Sep Oct Nov Dec
2017: Jan Feb Mar Apr May Jun Jul Aug Sep Oct Nov Dec
2016: Jan Feb Mar Apr May Jun Jul Aug Sep Oct Nov Dec
2015: Jan Feb Mar Apr May Jun Jul Aug Sep Oct Nov Dec
2014: Jan Feb Mar Apr May Jun Jul Aug Sep Oct Nov Dec
2013: Jan Feb Mar Apr May Jun Jul Aug Sep Oct Nov Dec
2012: Jan Feb Mar Apr May Jun Jul Aug Sep Oct Nov Dec
2011: Jan Feb Mar Apr May Jun Jul Aug Sep Oct Nov Dec
2010: Jan Feb Mar Apr May Jun Jul Aug Sep Oct Nov Dec
2009: Jan Feb Mar Apr May Jun Jul Aug Sep Oct Nov Dec
2008: Jan Feb Mar Apr May Jun Jul Aug Sep Oct Nov Dec
2007: Jan Feb Mar Apr May Jun Jul Aug Sep Oct Nov Dec
2006: Jan Feb Mar Apr May Jun Jul Aug Sep Oct Nov Dec
2005: Jan Feb Mar Apr May Jun Jul Aug Sep Oct Nov Dec
2004: Jan Feb Mar Apr May Jun Jul Aug Sep Oct Nov Dec
2003: Jan Feb Mar Apr May Jun Jul Aug Sep Oct Nov Dec

Report for 2006 June

Daily NOAA report



                            MONTHLY CLIMATOLOGICAL SUMMARY for JUN. 2006

NAME: Athelstane Weather   CITY: Athelstane STATE: Wisconsin
ELEV: 812 LAT: 045:23:00 LONG: 0088:07:00

                            TEMPERATURE ( °F), RAIN (in.), WIND SPEED (mph)

                                               HEAT     COOL           AVG
      MEAN                                     DEG      DEG            WIND                       DOM
DAY   TEMP    HIGH   TIME     LOW    TIME      DAYS     DAYS    RAIN   SPEED    HIGH    TIME      DIR
--------------------------------------------------------------------------------------------------------
01    67.1   083.5   13:36    50.0   05:30     00.0     02.2   00.00   01.0     13.8    17:29      SW
02    65.9   079.2   18:15    52.2   06:04     00.0     01.0   00.00   01.0     16.1    13:29     NNW
03    64.2   078.3   18:20    48.6   05:29     00.7     00.0   00.00   01.5     17.3    16:20      W 
04    64.0   085.3   18:06    41.5   06:31     01.0     00.0   00.00   01.2     13.8    17:03      W 
05    68.5   087.6   18:23    49.1   05:30     00.0     03.6   00.00   02.4     19.6    17:28     SSW
06    64.0   073.9   13:29    53.6   04:28     00.9     00.0   00.04   01.3     19.6    10:28     SSW
07    69.8   084.4   18:05    59.2   00:00     00.0     04.8   00.00   02.1     20.7    16:06     WNW
08    67.7   083.1   14:06    52.5   05:29     00.0     02.7   00.00   02.1     18.4    18:00      N 
09    58.5   070.3   13:28    43.3   00:00     06.4     00.0   00.00   01.8     16.1    10:29      N 
10    55.2   070.9   18:29    38.5   05:28     09.8     00.0   00.00   01.5     16.1    17:29     NNW
11    57.2   075.2   14:28    37.8   05:29     07.7     00.0   00.00   01.8     17.3    10:03      W 
12    55.6   070.2   18:06    41.5   05:31     09.3     00.0   00.00   00.3     12.7    10:08     WNW
13    60.1   080.1   11:29    42.1   05:29     04.8     00.0   00.00   00.9     12.7    19:15      SW
14    63.7   079.7   18:12    51.4   01:00     01.2     00.0   00.00   00.4     14.9    14:13     WNW
15    66.4   082.8   15:28    45.5   05:29     00.0     01.5   00.00   01.6     19.6    15:28      SW
16    78.4   093.9   16:05    62.1   05:32     00.0     13.5   00.00   03.9     32.2    17:05     SSW
17    80.9   096.1   14:35    68.2   06:30     00.0     16.0   00.00   03.1     26.4    16:30     SSW
18    73.9   085.8   15:19    61.9   23:41     00.0     09.0   00.08   02.7     24.1    15:19      SW
19    66.9   077.2   15:06    52.7   00:00     00.0     02.0   00.00   03.0     19.6    16:02      N 
20    64.0   080.4   12:28    46.8   06:16     00.9     00.0   00.00   02.3     19.6    15:10      S 
21    74.4   089.1   15:05    61.9   05:27     00.0     09.5   00.00   01.0     20.7    16:06      SW
22    67.8   081.0   13:17    46.9   00:00     00.0     02.9   00.00   02.9     19.6    11:11     NNW
23    60.9   081.9   18:00    39.4   06:04     04.0     00.0   00.00   02.0     24.1    17:00      S 
24    59.1   065.1   19:01    51.8   04:08     05.8     00.0   00.04   00.0     06.9    13:08      N 
25    62.2   070.3   15:24    57.0   01:16     02.7     00.0   00.08   00.0     11.5    14:32      N 
26    67.5   081.7   18:21    54.1   05:31     00.0     02.6   00.00   00.4     12.7    15:16     WSW
27    67.5   079.2   12:29    58.1   07:02     00.0     02.5   00.04   01.0     18.4    15:27      NW
28    61.6   074.8   18:29    50.9   05:30     03.4     00.0   00.08   00.5     12.7    17:29      W 
29    66.7   084.0   15:32    46.9   05:26     00.0     01.8   00.00   01.5     16.1    13:32      NW
30    71.8   087.1   16:04    53.1   06:05     00.0     06.9   00.00   01.3     19.6    14:03     SSW
--------------------------------------------------------------------------------------------------------
65.7 (65.5)   96.1  day 17     37.8  day 11   058.8    082.3   00.00   01.6     32.2   day 18     WSW
Max >=  86: 5
Min  .008in) 3 (> .08in) 0 (> 0.8in)