NOAA-Style Climate Reports


Report for 2006 May

Daily NOAA report



                            MONTHLY CLIMATOLOGICAL SUMMARY for MAY. 2006

NAME: Athelstane Weather   CITY: Athelstane STATE: Wisconsin
ELEV: 812 LAT: 045:23:00 LONG: 0088:07:00

                            TEMPERATURE ( °F), RAIN (in.), WIND SPEED (mph)

                                               HEAT     COOL           AVG
      MEAN                                     DEG      DEG            WIND                       DOM
DAY   TEMP    HIGH   TIME     LOW    TIME      DAYS     DAYS    RAIN   SPEED    HIGH    TIME      DIR
--------------------------------------------------------------------------------------------------------
01    52.2   053.8   16:27    50.2   04:28     12.7     00.0   00.39   00.6     25.3    16:27      W 
02    56.1   066.2   16:36    48.4   00:00     08.8     00.0   00.00   00.3     13.8    14:03     SSW
03    59.3   076.8   13:04    44.8   05:02     05.6     00.0   00.00   03.7     27.6    15:05     SSW
04    55.4   065.7   12:27    41.0   06:29     09.5     00.0   00.00   03.8     21.9    14:31     WNW
05    46.9   051.4   14:29    31.3   00:00     18.0     00.0   00.00   01.8     20.7    10:27      NW
06    45.1   063.5   16:28    25.2   06:05     19.9     00.0   00.00   03.6     19.6    15:10     SSW
07    60.1   077.9   14:05    41.9   06:34     04.9     00.0   00.00   02.1     20.7    15:04      S 
08    57.0   072.5   11:29    39.7   06:29     07.9     00.0   00.00   03.4     27.6    11:29     SSW
09    56.0   058.3   09:16    53.1   05:29     09.0     00.0   00.59   01.7     20.7    13:29      S 
10    60.7   070.3   14:08    52.5   00:00     04.2     00.0   00.04   01.6     17.3    13:29      S 
11    40.1   052.5   00:27    36.1   19:02     24.8     00.0   01.42   10.1     33.4    18:05      N 
12    41.7   047.3   13:29    37.0   02:28     23.3     00.0   00.63   02.1     21.9    00:29      N 
13    45.9   050.2   15:29    40.6   02:35     19.1     00.0   00.12   00.0     11.5    15:29     ENE
14    50.9   055.2   18:11    46.6   06:08     14.1     00.0   00.04   00.0     12.7    14:07     NNE
15    54.1   058.6   16:29    50.5   04:29     10.8     00.0   00.08   02.4     14.9    09:21     NNW
16    61.6   075.0   13:30    49.3   05:30     03.3     00.0   00.04   03.2     25.3    13:10     NNW
17    54.0   064.8   17:31    42.1   00:00     11.0     00.0   00.35   01.8     24.1    17:30      W 
18    48.9   060.4   18:29    38.5   00:00     16.1     00.0   00.00   06.5     32.2    11:14     NNW
19    51.2   065.5   18:29    34.5   06:13     13.7     00.0   00.00   04.0     19.6    17:27     NNW
20    53.0   072.1   11:29    35.2   06:27     12.0     00.0   00.00   04.9     33.4    16:21      W 
21    47.3   061.5   17:29    36.5   00:00     17.7     00.0   00.00   05.0     31.1    08:20     NNW
22    51.4   072.5   18:28    29.1   06:28     13.5     00.0   00.00   01.3     17.3    12:20     ENE
23    57.5   078.1   15:22    34.3   05:30     07.4     00.0   00.00   02.1     21.9    15:30      S 
24    61.9   079.7   15:06    46.2   05:30     03.0     00.0   00.00   02.1     21.9    10:03     SSW
25    65.8   081.3   15:05    55.4   03:03     00.0     00.9   00.00   00.5     12.7    15:05     SSE
26    69.3   084.7   13:09    57.2   00:00     00.0     04.4   00.00   01.2     16.1    10:07     NNW
27    65.7   082.8   14:33    50.4   06:30     00.0     00.8   00.08   00.9     16.1    16:30     ENE
28    72.9   089.6   17:30    59.7   02:29     00.0     08.0   00.67   03.0     18.4    17:30      SW
29    77.9   093.0   14:29    63.1   06:31     00.0     12.9   00.00   02.2     24.1    13:30      S 
30    72.2   083.7   13:06    66.0   00:00     00.0     07.2   00.59   00.2     13.8    13:06     WNW
--------------------------------------------------------------------------------------------------------
56.4 (56.7)   93.0  day 29     25.2  day 06   290.2    034.2   00.00   02.5     33.4   day 11     WNW
Max >=  86: 2
Min  .008in) 10 (> .08in) 1 (> 0.8in)