NOAA-Style Climate Reports


Report for 2006 May
                  MONTHLY CLIMATOLOGICAL SUMMARY FOR 5/2006
                                        HEAT  COOL        
     MEAN                               DEG   DEG       WIND SPEED       DOM MEAN  MEAN
DAY  TEMP  HIGH   TIME     LOW   TIME   DAYS  DAYS RAIN AVG  HI  TIME    DIR BAROM HUM
---------------------------------------------------------------------------------------
1    52.2  53.8   4:03pm  50.2   4:13am   13    0  0.39   3  25   4:02pm  SW 30.00   96
2    56.3  66.4   4:27pm  48.0  11:38pm    9    0  0.00   1  20   2:08pm SSE 29.89   84
3    60.1  77.2   1:09pm  44.8   4:24am    8    3  0.00   5  29   3:20pm  SW 29.81   60
4    55.6  65.8  12:08pm  41.0   5:37am    9    0  0.00   5  27   8:50am WNW 29.84   48
5    46.8  52.2   1:48pm  32.0  11:59pm   18    0  0.00   3  26   1:13pm WNW 29.94   55
6    46.1  64.2   4:18pm  25.0   5:52am   19    0  0.00   4  24  11:09am SSE 29.94   56
7    60.5  78.1   2:02pm  41.7   6:09am    7    3  0.00   3  24   4:28pm  SW 29.84   42
8    57.2  72.5  11:36am  39.7   5:54am    9    1  0.00   4  35  11:17am SSE 29.82   62
9    56.0  58.5   8:54am  53.1   3:10am    9    0  0.59   2  24   1:21pm SSE 29.69   85
10   60.8  70.7   1:43pm  53.1  11:55pm    5    1  0.04   2  21   4:55pm SSE 29.63   79
11   40.0  53.1  12:00am  36.1   6:31pm   25    0  1.42  10  38   2:46pm   N 29.47   92
12   41.8  48.0   1:13pm  37.0   1:39am   23    0  0.63   3  23  12:04am   N 29.43   95
13    0.0  47.5  12:03am  47.5  12:03am    0    0  0.00   0   0  12:03am ---  0.00    0
14   50.9  55.4   6:01pm  46.6   5:04am   14    0  0.04   1  17  12:39pm NNE 29.94   94
15   54.2  59.0   2:35pm  50.4   3:10am   11    0  0.08   2  17   5:30am   N 29.98   87
16   61.8  75.6   5:48pm  49.3   5:35am    6    3  0.04   3  26   2:45pm   N 29.78   62
17   54.1  65.7   5:44pm  42.1  11:51pm   11    0  0.35   2  24   5:05pm WNW 29.59   68
18   48.9  61.3   5:42pm  39.9  11:57pm   16    0  0.00   6  37   5:56am   N 29.61   57
19   51.5  66.6   5:50pm  34.5   5:43am   13    0  0.00   4  31   1:38pm   N 29.74   52
20   52.7  72.3  11:39am  35.2   5:56am   13    1  0.00   5  34   4:02pm  NW 29.75   53
21   47.9  62.2   5:44pm  37.0   5:47am   16    0  0.00   5  31   8:04am  NW 29.95   45
22   51.7  73.4   5:46pm  29.1   5:47am   14    1  0.00   2  22   4:32pm WNW 30.11   50
23   58.1  78.3   2:32pm  34.2   5:29am   11    4  0.00   3  24   5:27pm  SW 30.06   53
24   62.6  80.4   3:21pm  46.0   5:25am    6    4  0.00   2  23   9:34am SSE 29.77   62
25   65.9  82.6   1:51pm  55.4   2:44am    3    4  0.00   0  17   1:58pm NNE 29.49   72
26   69.5  85.1   1:09pm  57.2   1:21am    2    7  0.00   2  22  12:22pm  NW 29.63   65
27   65.8  82.9   2:49pm  50.4   5:40am    4    5  0.08   1  23   2:21pm  SW 29.84   71
28   73.2  89.8   5:16pm  59.7   1:42am    1    9  0.67   3  21   1:40pm SSE 29.86   77
29   78.2  93.7   2:23pm  63.0   5:13am    0   13  0.00   3  24  12:05pm SSE 29.92   69
30   72.2  85.8  12:59pm  66.2  11:55pm    0    7  0.59   1  17   7:59am   N 29.98   85
31   71.6  87.1   5:48pm  58.8  11:58pm    1    7  0.00   1  18  12:43pm   N 30.09   58
---------------------------------------------------------------------------------------
TOT  57.1  93.7  5/29/06  25.0   5/6/06  293   72  5.04   3  38  5/11/06   N 29.81   68

HEAT BASE: 65.0
COOL BASE: 65.0