NOAA-Style Climate Reports


Report for 2006 April
                  MONTHLY CLIMATOLOGICAL SUMMARY FOR 4/2006
                                        HEAT  COOL        
     MEAN                               DEG   DEG       WIND SPEED       DOM MEAN  MEAN
DAY  TEMP  HIGH   TIME     LOW   TIME   DAYS  DAYS RAIN AVG  HI  TIME    DIR BAROM HUM
---------------------------------------------------------------------------------------
1    39.2  50.2   2:39pm  29.3  11:38pm   25    0  0.00   4  23  12:00am   N 29.97   66
2    35.3  39.7   3:08pm  29.3  12:00am   27    0  0.20   0  15  11:47pm NNE 29.85   92
3    39.3  47.5   1:14pm  27.5  11:51pm   25    0  0.08   7  42  10:51am   N 29.77   61
4    38.5  49.8   3:50pm  26.6  12:37am   26    0  0.00   6  39   8:38am WNW 29.90   46
5    42.0  61.0   2:00pm  23.2   6:22am   23    0  0.00   2  20   9:33am  NW 29.92   43
6    45.8  56.1   4:50pm  36.5   3:34am   19    0  0.00   1  20   4:57pm   S 29.76   49
7    37.8  44.2  12:00am  25.5  11:53pm   27    0  0.00   5  25  10:21am NNE 29.82   45
8    35.7  51.6   3:56pm  21.4   4:42am   29    0  0.00   2  23   4:00pm WNW 30.12   50
9    42.1  60.8   2:06pm  20.8   6:25am   22    0  0.00   2  26   1:55pm SSE 30.09   51
10   49.1  67.3   2:43pm  31.6   6:51am   16    0  0.00   5  31   2:26pm SSW 29.99   53
11   54.7  73.8   1:14pm  34.0   5:55am   12    2  0.00   5  36   6:21pm   S 29.83   57
12   56.2  70.7   3:42pm  44.1   4:24am    9    1  0.00   3  36  12:55pm  NW 29.78   68
13   52.4  66.9   2:01pm  36.0   6:47am   13    0  0.00   1  22  12:15pm SSE 29.91   67
14   56.9  78.4   1:00pm  38.3   6:31am   11    3  0.00   4  35   2:26pm  NW 29.58   52
15   51.2  71.1   2:14pm  31.5   6:39am   14    1  0.00   3  20   2:01pm   S 29.73   51
16   48.7  62.1   1:00pm  36.9   4:36am   16    0  0.00   4  25   2:28pm NNE 29.83   55
17   46.4  64.4   1:35pm  29.5   6:06am   18    0  0.00   2  20   2:28pm NNE 30.01   45
18   48.2  66.0   2:00pm  28.0   7:12am   17    0  0.00   3  30   4:05pm NNE 30.02   50
19   51.7  69.4   1:32pm  34.2   4:36am   13    0  0.00   3  31  11:27am  SW 29.93   59
20   56.1  72.9   2:28pm  39.7   6:08am   10    1  0.04   2  26   1:40pm   S 29.84   63
21   51.9  67.3  12:52pm  36.1   6:07am   13    0  0.00   3  36  11:19am SSE 29.82   60
22   50.6  61.3  12:22pm  43.0   3:39am   14    0  0.04   1  21  11:12am  NW 29.81   80
23   50.6  60.6   4:54pm  41.4  11:59pm   27    0  0.16   1  17   1:18pm   N 29.83   78
24   50.3  76.8  12:09pm  33.3   6:01am   16    2  0.08   4  27   6:25pm   N 29.86   67
25   42.8  58.5   5:33pm  27.3   5:45am   22    0  0.00   3  23   3:10pm  NW 30.05   45
26   52.7  71.1   1:46pm  30.6  12:49am   13    1  0.00   6  35  10:50am WNW 29.84   40
27   47.1  63.5   1:44pm  31.1   6:01am   18    0  0.00   4  26   3:07pm NNE 30.00   42
28   46.7  65.5   1:42pm  26.1   6:05am   18    0  0.00   3  26   1:59pm   S 30.22   41
29   49.7  60.1   3:27pm  39.7   6:04am   15    0  0.00   2  18   1:36pm NNE 30.21   46
30   48.4  52.0  11:46pm  44.1   6:32am   16    0  0.98   2  24   9:37pm NNE 30.05   88
---------------------------------------------------------------------------------------
TOT  47.3  78.4  4/14/06  20.8   4/9/06  543   12  1.57   3  42   4/3/06 NNE 29.91   57

HEAT BASE: 65.0
COOL BASE: 65.0