NOAA-Style Climate Reports

Select a Year or Month report
2018: Jan Feb Mar Apr May Jun Jul Aug Sep Oct Nov Dec
2017: Jan Feb Mar Apr May Jun Jul Aug Sep Oct Nov Dec
2016: Jan Feb Mar Apr May Jun Jul Aug Sep Oct Nov Dec
2015: Jan Feb Mar Apr May Jun Jul Aug Sep Oct Nov Dec
2014: Jan Feb Mar Apr May Jun Jul Aug Sep Oct Nov Dec
2013: Jan Feb Mar Apr May Jun Jul Aug Sep Oct Nov Dec
2012: Jan Feb Mar Apr May Jun Jul Aug Sep Oct Nov Dec
2011: Jan Feb Mar Apr May Jun Jul Aug Sep Oct Nov Dec
2010: Jan Feb Mar Apr May Jun Jul Aug Sep Oct Nov Dec
2009: Jan Feb Mar Apr May Jun Jul Aug Sep Oct Nov Dec
2008: Jan Feb Mar Apr May Jun Jul Aug Sep Oct Nov Dec
2007: Jan Feb Mar Apr May Jun Jul Aug Sep Oct Nov Dec
2006: Jan Feb Mar Apr May Jun Jul Aug Sep Oct Nov Dec
2005: Jan Feb Mar Apr May Jun Jul Aug Sep Oct Nov Dec
2004: Jan Feb Mar Apr May Jun Jul Aug Sep Oct Nov Dec
2003: Jan Feb Mar Apr May Jun Jul Aug Sep Oct Nov Dec

Report for 2006 April

Daily NOAA report



                            MONTHLY CLIMATOLOGICAL SUMMARY for APR. 2006

NAME: Athelstane Weather   CITY: Athelstane STATE: Wisconsin
ELEV: 812 LAT: 045:23:00 LONG: 0088:07:00

                            TEMPERATURE ( °F), RAIN (in.), WIND SPEED (mph)

                                               HEAT     COOL           AVG
      MEAN                                     DEG      DEG            WIND                       DOM
DAY   TEMP    HIGH   TIME     LOW    TIME      DAYS     DAYS    RAIN   SPEED    HIGH    TIME      DIR
--------------------------------------------------------------------------------------------------------
01    39.1   050.0   15:29    29.7   00:00     25.8     00.0   00.00   03.1     17.3    14:27     NNW
02    34.7   039.7   16:29    29.7   04:59     30.2     00.0   00.20   00.2     11.5    00:00     NNE
03    39.0   047.1   14:06    27.1   00:00     25.9     00.0   00.08   04.5     34.5    14:06      N 
04    38.0   049.5   16:20    26.8   01:29     26.9     00.0   00.00   06.4     35.6    16:29      NW
05    41.3   060.8   14:04    23.2   07:02     23.6     00.0   00.00   02.9     19.6    17:03      NW
06    45.5   055.6   17:28    36.7   04:33     19.5     00.0   00.00   00.5     14.9    11:29     SSE
07    38.2   044.1   00:26    25.2   00:00     26.7     00.0   00.00   06.8     21.9    20:05     NNE
08    35.4   051.4   17:00    21.4   06:08     29.5     00.0   00.00   02.7     21.9    16:05     WSW
09    40.3   060.8   14:06    20.8   07:04     24.6     00.0   00.00   03.1     19.6    13:10     SSW
10    48.6   067.1   15:26    31.8   07:26     16.3     00.0   00.00   03.6     26.4    15:28      S 
11    54.4   073.6   13:28    34.0   06:29     10.6     00.0   00.00   06.0     27.6    17:33      S 
12    55.9   070.3   15:29    44.1   04:30     09.0     00.0   00.00   03.2     27.6    14:17     WNW
13    52.3   066.7   14:11    36.1   07:29     12.7     00.0   00.00   01.3     17.3    08:28     SSW
14    56.5   078.1   13:28    38.5   07:01     08.4     00.0   00.00   03.5     28.8    15:29      NW
15    51.5   070.9   14:20    31.8   07:30     13.5     00.0   00.00   02.7     19.6    18:29      SW
16    48.3   061.5   13:06    36.9   05:28     16.7     00.0   00.00   02.2     20.7    13:06     ENE
17    46.2   064.4   13:29    29.5   06:30     18.7     00.0   00.00   02.1     18.4    13:29      N 
18    47.8   065.7   14:29    28.9   06:30     17.2     00.0   00.00   03.3     29.9    16:21      W 
19    51.2   069.4   13:28    34.2   06:25     13.7     00.0   00.00   02.5     31.1    15:07      N 
20    55.7   072.7   14:29    39.9   06:31     09.2     00.0   00.04   02.4     25.3    13:19      SW
21    51.8   066.2   13:13    36.1   06:29     13.1     00.0   00.00   03.0     27.6    09:29      S 
22    50.4   060.8   12:26    43.2   03:30     14.5     00.0   00.04   00.1     14.9    11:28      NW
23    50.6   060.1   17:04    40.8   00:00     14.4     00.0   00.16   00.7     14.9    07:34      NE
24    52.0   076.5   12:16    33.3   06:30     13.0     00.0   00.00   04.9     20.7    13:16      N 
25    40.5   058.5   18:04    27.3   06:56     24.4     00.0   00.00   03.3     20.7    16:05      NW
26    52.3   070.5   16:06    30.6   01:29     12.6     00.0   00.00   04.5     32.2    13:23      W 
27    47.0   062.8   15:06    31.1   06:31     18.0     00.0   00.00   03.2     20.7    17:29     ENE
28    46.2   065.3   14:20    26.1   06:28     18.7     00.0   00.00   02.0     24.1    14:29      SE
29    49.4   059.9   15:27    39.7   06:30     15.5     00.0   00.00   01.4     18.4    13:29      NE
30    48.1   051.8   23:08    44.2   06:30     16.9     00.0   00.94   02.5     17.3    22:21     NNE
--------------------------------------------------------------------------------------------------------
46.9 (47.2)   78.1  day 14     20.8  day 09   539.9    000.0   00.00   03.0     35.7   day 11      NW
Min  .08in) 1 (> 0.8in)