NOAA-Style Climate Reports


Report for 2006 March

Daily NOAA report



                            MONTHLY CLIMATOLOGICAL SUMMARY for MAR. 2006

NAME: Athelstane Weather   CITY: Athelstane STATE: Wisconsin
ELEV: 812 LAT: 045:23:00 LONG: 0088:07:00

                            TEMPERATURE ( °F), RAIN (in.), WIND SPEED (mph)

                                               HEAT     COOL           AVG
      MEAN                                     DEG      DEG            WIND                       DOM
DAY   TEMP    HIGH   TIME     LOW    TIME      DAYS     DAYS    RAIN   SPEED    HIGH    TIME      DIR
--------------------------------------------------------------------------------------------------------
03    11.9   014.4   21:03    07.9   00:00     53.0     00.0   00.08   00.0     00.0    00:00     ENE
04    20.8   037.4   15:12    03.7   03:29     44.1     00.0   00.08   00.9     13.8    12:29     WSW
05    23.7   035.8   14:01    08.4   06:30     41.2     00.0   00.00   01.3     16.1    11:05     SSW
07    31.5   038.5   13:04    25.2   20:06     33.4     00.0   00.00   03.0     18.4    22:35     WSW
08    34.8   039.4   14:05    31.8   00:28     30.1     00.0   00.08   00.8     13.8    14:36      S 
09    35.9   042.3   15:33    30.4   00:00     29.0     00.0   00.16   00.0     10.3    09:24      N 
10    36.4   047.7   15:05    26.4   06:30     28.5     00.0   00.00   01.8     17.3    11:29     WSW
11    35.3   046.8   15:29    26.4   03:33     29.6     00.0   00.12   01.1     20.7    15:28      SW
12    38.8   050.5   14:05    28.9   06:23     26.1     00.0   00.04   01.1     19.6    00:16      W 
13    32.6   033.6   15:05    23.7   01:00     32.3     00.0   00.00   04.0     21.9    17:04      NE
14    24.9   031.3   12:06    21.7   00:00     40.0     00.0   00.00   03.2     35.6    12:06     WNW
15    27.7   039.0   15:18    18.3   06:30     37.3     00.0   00.24   02.8     19.6    01:30      NW
16    27.9   038.8   16:03    18.5   03:32     37.1     00.0   00.08   01.5     12.7    17:06      NE
17    25.8   035.6   15:14    18.1   06:30     39.1     00.0   00.00   01.8     19.6    13:33      NW
18    25.2   036.7   16:04    14.0   05:27     39.7     00.0   00.00   03.2     20.7    12:05      NW
19    30.3   043.3   15:22    18.3   06:30     34.6     00.0   00.00   03.7     19.6    16:22      W 
20    26.7   033.4   14:30    20.3   05:29     38.2     00.0   00.00   03.6     18.4    09:34      NE
21    28.1   035.4   16:11    21.4   05:29     36.8     00.0   00.00   04.2     20.7    14:30     NNW
22    31.7   039.2   15:04    24.3   06:28     33.2     00.0   00.00   04.5     19.6    09:03     WNW
23    31.7   037.4   13:05    26.4   06:11     33.3     00.0   00.00   00.5     11.5    11:03      N 
24    33.7   041.4   12:29    28.8   04:29     31.2     00.0   00.00   01.6     17.3    13:29      NW
25    34.2   042.4   16:03    22.8   00:00     30.7     00.0   00.04   01.8     19.6    14:05     NNE
26    33.4   047.7   14:08    20.1   05:29     31.6     00.0   00.00   01.7     19.6    14:08      SE
27    34.7   048.6   13:06    19.9   06:30     30.2     00.0   00.00   02.2     16.1    15:04      SW
28    30.8   051.8   15:30    19.9   06:05     34.1     00.0   00.00   00.4     16.1    15:02     WSW
29    39.2   055.0   13:05    23.7   06:30     25.8     00.0   00.00   03.0     25.3    14:02      S 
30    46.1   059.9   13:29    33.6   04:33     18.8     00.0   00.00   05.1     19.6    15:30     SSW
31    46.7   055.2   10:29    37.4   20:29     18.3     00.0   00.04   04.3     26.4    10:29     SSW
--------------------------------------------------------------------------------------------------------
31.5 (31.8)   59.9  day 30     03.7  day 04   937.6    000.0   00.00   02.3     35.7   day 14      W 
Max