NOAA-Style Climate Reports

Select a Year or Month report
2018: Jan Feb Mar Apr May Jun Jul Aug Sep Oct Nov Dec
2017: Jan Feb Mar Apr May Jun Jul Aug Sep Oct Nov Dec
2016: Jan Feb Mar Apr May Jun Jul Aug Sep Oct Nov Dec
2015: Jan Feb Mar Apr May Jun Jul Aug Sep Oct Nov Dec
2014: Jan Feb Mar Apr May Jun Jul Aug Sep Oct Nov Dec
2013: Jan Feb Mar Apr May Jun Jul Aug Sep Oct Nov Dec
2012: Jan Feb Mar Apr May Jun Jul Aug Sep Oct Nov Dec
2011: Jan Feb Mar Apr May Jun Jul Aug Sep Oct Nov Dec
2010: Jan Feb Mar Apr May Jun Jul Aug Sep Oct Nov Dec
2009: Jan Feb Mar Apr May Jun Jul Aug Sep Oct Nov Dec
2008: Jan Feb Mar Apr May Jun Jul Aug Sep Oct Nov Dec
2007: Jan Feb Mar Apr May Jun Jul Aug Sep Oct Nov Dec
2006: Jan Feb Mar Apr May Jun Jul Aug Sep Oct Nov Dec
2005: Jan Feb Mar Apr May Jun Jul Aug Sep Oct Nov Dec
2004: Jan Feb Mar Apr May Jun Jul Aug Sep Oct Nov Dec
2003: Jan Feb Mar Apr May Jun Jul Aug Sep Oct Nov Dec

Report for 2006 February

Daily NOAA report



                            MONTHLY CLIMATOLOGICAL SUMMARY for FEB. 2006

NAME: Athelstane Weather   CITY: Athelstane STATE: Wisconsin
ELEV: 812 LAT: 045:23:00 LONG: 0088:07:00

                            TEMPERATURE ( °F), RAIN (in.), WIND SPEED (mph)

                                               HEAT     COOL           AVG
      MEAN                                     DEG      DEG            WIND                       DOM
DAY   TEMP    HIGH   TIME     LOW    TIME      DAYS     DAYS    RAIN   SPEED    HIGH    TIME      DIR
--------------------------------------------------------------------------------------------------------
01    32.6   036.3   14:07    27.3   02:03     32.4     00.0   00.12   03.0     24.1    12:02     WSW
02    30.0   034.9   12:04    24.6   08:12     34.9     00.0   00.04   00.8     16.1    10:03     WSW
03    32.2   034.9   15:28    26.6   00:00     32.7     00.0   00.12   00.0     11.5    00:23      S 
04    22.1   026.6   00:28    19.9   00:00     42.8     00.0   00.00   00.0     00.0    00:00      S 
05    21.0   026.6   14:07    14.5   00:00     44.0     00.0   00.00   02.4     20.7    17:07      W 
06    19.9   029.7   15:03    06.6   00:00     45.0     00.0   00.00   03.2     21.9    12:48     WNW
07    13.6   026.1   14:29   -00.6   07:28     51.3     00.0   00.00   01.2     14.9    11:29      NW
08    18.7   027.1   15:08    06.4   23:34     46.2     00.0   00.00   01.2     16.1    13:03     NNW
09    16.2   029.1   14:04    02.1   05:29     48.7     00.0   00.00   01.8     14.9    16:04      SW
10    20.6   029.7   13:28    10.0   21:26     44.3     00.0   00.00   00.0     06.9    16:29      E 
11    23.4   033.1   13:29    08.8   07:24     41.6     00.0   00.00   00.3     13.8    14:29      NW
16    23.4   027.5   12:05    13.3   10:00     41.5     00.0   00.00   01.1     20.7    14:03      NW
17    09.4   014.4   11:29   -11.4   00:00     55.5     00.0   00.00   02.5     25.3    15:02      NW
18   -04.7   009.5   15:07   -18.2   07:26     69.6     00.0   00.00   02.6     20.7    11:19      W 
19    07.6   021.4   13:29   -04.0   06:29     57.4     00.0   00.00   03.3     26.4    14:32     WSW
20    13.0   030.2   15:02   -08.0   06:30     51.9     00.0   00.00   03.2     19.6    00:00      S 
21    19.1   029.1   15:30    04.5   08:16     45.9     00.0   00.00   02.6     21.9    11:29      W 
23    23.3   034.5   14:26    08.8   07:36     41.7     00.0   00.00   01.8     19.6    13:29      W 
24    17.4   024.8   12:04    15.4   23:58     47.5     00.0   00.00   00.5     14.9    12:02      SW
25    18.7   027.5   12:15   -00.6   00:00     46.3     00.0   00.00   03.7     25.3    15:27     NNW
26    10.0   027.3   14:13   -09.4   06:29     54.9     00.0   00.00   02.4     21.9    14:28      SW
--------------------------------------------------------------------------------------------------------
18.5 (17.1)   36.3  day 01    -18.2  day 18   976.2    000.0   00.00   01.8     26.5   day 21      W 
Max