NOAA-Style Climate Reports


Report for 2006 January
                  MONTHLY CLIMATOLOGICAL SUMMARY FOR 1/2006
                                        HEAT  COOL        
     MEAN                               DEG   DEG       WIND SPEED       DOM MEAN  MEAN
DAY  TEMP  HIGH   TIME     LOW   TIME   DAYS  DAYS RAIN AVG  HI  TIME    DIR BAROM HUM
---------------------------------------------------------------------------------------
1    31.9  35.1  12:15pm  29.3   7:43am   32    0  0.00   0  12  11:55pm NNE 29.85   93
2    32.4  33.6  11:24am  31.6  12:00am   33    0  0.00   2  17   6:40am  NE 29.88   97
3    31.6  33.1   2:08pm  29.7   6:44am   33    0  0.00   0   0  12:00am   N 29.87   97
4    33.3  34.9   1:38pm  32.4  12:00am   32    0  0.04   1  17   9:21pm WNW 29.70   97
5    27.4  32.9  12:00am  21.0  11:58pm   38    0  0.00   0  15  12:00am WNW 30.01   69
6    23.1  26.2  11:12pm  16.5   1:43am   42    0  0.00   0   0  12:00am   N 29.92   76
7    28.9  33.8  12:50pm  20.7  11:59pm   36    0  0.04   1  15  11:45am WNW 29.62   81
8    26.9  33.1   2:13pm  17.2   1:46am   37    0  0.00   0   0  12:00am   N 29.72   85
9    27.1  33.3  12:14pm  11.3  11:56pm   38    0  0.00   1  21   2:26pm WNW 30.07   69
10   15.4  29.5   1:59pm   4.5   6:17am   50    0  0.00   2  28  11:10am   S 30.12   69
11   24.6  36.3   1:48pm  10.6   2:49am   40    0  0.00   1  18   1:52pm   S 29.70   82
12   29.1  37.6   2:29pm  21.4  11:57pm   36    0  0.00   0  15  12:00am   S 29.57   94
13   29.8  34.9   9:54am  20.5   1:22am   35    0  0.04   4  31  10:54pm  NW 29.68   75
14   23.9  29.7   1:48pm  13.6   8:14am   41    0  0.00   1  25   1:00am  NW 30.02   64
15   26.9  30.6  12:55pm  23.7   5:50am   37    0  0.00   1  25  12:35pm  NE 29.86   82
16   28.4  29.8   1:53pm  25.0  12:00am   37    0  0.00   1  18  10:59am   N 29.66   80
17   29.2  32.7   2:33pm  24.3  11:53pm   36    0  0.00   1  21   8:54pm WNW 29.50   84
18   16.5  24.3  12:00am   5.2  11:55pm   48    0  0.00   3  22   1:04am WNW 29.62   60
19   16.6  26.1   2:21pm   1.8   2:05am   48    0  0.00   0   9   1:41pm NNE 29.83   76
20   25.5  33.1  12:07pm  17.6  11:57pm   39    0  0.00   1  16  11:19am WNW 29.98   81
21   18.7  31.3   2:32pm   6.1   7:40am   46    0  0.00   1  17   2:08pm SSE 30.20   70
22   27.7  32.5   1:10pm  18.0  12:00am   37    0  0.00   1  21  12:46am SSE 30.21   79
23   24.4  30.9   2:15pm  12.9   8:26am   41    0  0.00   3  26   4:10pm   S 29.92   59
24   30.0  37.6  11:04am  27.0  11:29pm   35    0  0.00   6  32   2:13pm  NW 29.51   67
25   25.2  31.3   3:02pm  18.1   9:12pm   40    0  0.00   2  27   1:39am WNW 30.18   61
26   22.6  35.1   2:08pm   8.2   7:20am   42    0  0.00   2  23  11:02am   S 30.31   67
27   32.1  47.7   1:15pm  18.1   4:46am   32    0  0.08   3  27  10:34am   S 30.03   69
28   30.8  40.5   1:00pm  22.1   7:20am   33    0  0.00   0  15  11:03am NNE 29.95   84
29   33.9  35.8  12:29pm  31.3  11:38pm   30    0  0.59   0  12   3:33am NNE 29.40   97
30   25.6  31.3  12:00am  23.2   9:39am   39    0  0.00   0   0  12:00am   N 29.63   84
31   24.6  35.4   1:26pm  11.7   7:30am   40    0  0.04   1  17   9:05pm SSE 29.81   82
---------------------------------------------------------------------------------------
TOT  26.6  47.7  1/27/06   1.8  1/19/06 1185    0  0.83   1  32  1/24/06 WNW 29.85   78

HEAT BASE: 65.0
COOL BASE: 65.0