NOAA-Style Climate Reports

Select a Year or Month report
2018: Jan Feb Mar Apr May Jun Jul Aug Sep Oct Nov Dec
2017: Jan Feb Mar Apr May Jun Jul Aug Sep Oct Nov Dec
2016: Jan Feb Mar Apr May Jun Jul Aug Sep Oct Nov Dec
2015: Jan Feb Mar Apr May Jun Jul Aug Sep Oct Nov Dec
2014: Jan Feb Mar Apr May Jun Jul Aug Sep Oct Nov Dec
2013: Jan Feb Mar Apr May Jun Jul Aug Sep Oct Nov Dec
2012: Jan Feb Mar Apr May Jun Jul Aug Sep Oct Nov Dec
2011: Jan Feb Mar Apr May Jun Jul Aug Sep Oct Nov Dec
2010: Jan Feb Mar Apr May Jun Jul Aug Sep Oct Nov Dec
2009: Jan Feb Mar Apr May Jun Jul Aug Sep Oct Nov Dec
2008: Jan Feb Mar Apr May Jun Jul Aug Sep Oct Nov Dec
2007: Jan Feb Mar Apr May Jun Jul Aug Sep Oct Nov Dec
2006: Jan Feb Mar Apr May Jun Jul Aug Sep Oct Nov Dec
2005: Jan Feb Mar Apr May Jun Jul Aug Sep Oct Nov Dec
2004: Jan Feb Mar Apr May Jun Jul Aug Sep Oct Nov Dec
2003: Jan Feb Mar Apr May Jun Jul Aug Sep Oct Nov Dec

Report for 2006 January

Daily NOAA report



                            MONTHLY CLIMATOLOGICAL SUMMARY for JAN. 2006

NAME: Athelstane Weather   CITY: Athelstane STATE: Wisconsin
ELEV: 812 LAT: 045:23:00 LONG: 0088:07:00

                            TEMPERATURE ( °F), RAIN (in.), WIND SPEED (mph)

                                               HEAT     COOL           AVG
      MEAN                                     DEG      DEG            WIND                       DOM
DAY   TEMP    HIGH   TIME     LOW    TIME      DAYS     DAYS    RAIN   SPEED    HIGH    TIME      DIR
--------------------------------------------------------------------------------------------------------
01    31.9   034.9   12:29    29.5   08:08     33.0     00.0   00.00   00.0     11.5    22:36     WNW
02    32.4   033.6   12:08    31.6   08:18     32.6     00.0   00.00   01.7     13.8    09:29     NNE
03    31.6   032.9   15:26    29.7   07:34     33.3     00.0   00.00   00.0     00.0    00:00     NNE
04    33.3   034.7   15:06    32.4   04:29     31.7     00.0   00.04   01.2     16.1    21:04      NW
05    27.3   032.7   00:06    20.5   00:00     37.6     00.0   00.00   00.0     12.7    00:06     WNW
06    23.2   026.2   00:00    16.7   02:13     41.8     00.0   00.00   00.0     00.0    00:00     WNW
07    29.0   033.1   15:38    20.3   00:00     35.9     00.0   00.04   00.0     11.5    18:59     WNW
08    26.7   032.9   14:34    17.2   02:28     38.2     00.0   00.00   00.0     00.0    00:00      NW
09    27.2   033.3   12:29    11.1   00:00     37.7     00.0   00.00   00.7     18.4    13:07      NW
10    15.4   029.5   14:04    04.5   06:30     49.6     00.0   00.00   01.8     27.6    12:04     SSW
11    24.4   036.3   14:22    10.8   02:29     40.5     00.0   00.00   01.3     16.1    12:25      S 
12    29.0   037.6   14:31    21.4   00:00     35.9     00.0   00.00   00.2     11.5    14:13     SSW
13    29.8   034.9   11:13    20.5   01:29     35.1     00.0   00.04   03.0     24.1    15:21     NNW
14    23.9   029.7   14:29    14.0   08:40     41.1     00.0   00.00   01.3     25.3    01:15      NW
16    26.9   030.6   13:05    23.7   06:04     38.0     00.0   00.00   01.2     25.3    13:03     NNE
17    28.9   029.8   23:58    23.9   00:00     36.0     00.0   00.00   02.5     14.9    22:27      NW
18    16.5   023.9   00:27    05.0   00:00     48.5     00.0   00.00   02.9     20.7    14:29      W 
19    16.9   026.1   14:34    01.9   02:05     48.1     00.0   00.00   00.0     00.0    00:00      NW
20    25.5   032.9   11:29    16.9   00:00     39.5     00.0   00.00   00.5     12.7    11:18     WNW
21    18.6   031.3   14:29    06.1   08:18     46.3     00.0   00.00   00.6     13.8    20:03     SSW
27    28.2   032.4   13:32    18.0   00:16     36.8     00.0   00.08   01.2     14.9    12:29      S 
28    30.5   040.3   13:17    22.1   07:34     34.4     00.0   00.00   00.4     13.8    11:17     ENE
29    31.3   035.6   12:29    24.1   23:58     33.7     00.0   00.00   00.0     11.5    03:29     NNE
30    24.4   024.6   23:34    24.1   00:00     40.5     00.0   00.00   00.0     00.0    00:00     NNE
31    24.4   035.4   15:03    11.7   08:10     40.6     00.0   00.04   01.1     13.8    23:04     SSE
--------------------------------------------------------------------------------------------------------
26.3 (25.3)   40.3  day 28     01.9  day 19   966.3    000.0   00.00   00.9     27.6   day 10     WNW
Max