NOAA-Style Climate Reports

Select a Year or Month report
2018: Jan Feb Mar Apr May Jun Jul Aug Sep Oct Nov Dec
2017: Jan Feb Mar Apr May Jun Jul Aug Sep Oct Nov Dec
2016: Jan Feb Mar Apr May Jun Jul Aug Sep Oct Nov Dec
2015: Jan Feb Mar Apr May Jun Jul Aug Sep Oct Nov Dec
2014: Jan Feb Mar Apr May Jun Jul Aug Sep Oct Nov Dec
2013: Jan Feb Mar Apr May Jun Jul Aug Sep Oct Nov Dec
2012: Jan Feb Mar Apr May Jun Jul Aug Sep Oct Nov Dec
2011: Jan Feb Mar Apr May Jun Jul Aug Sep Oct Nov Dec
2010: Jan Feb Mar Apr May Jun Jul Aug Sep Oct Nov Dec
2009: Jan Feb Mar Apr May Jun Jul Aug Sep Oct Nov Dec
2008: Jan Feb Mar Apr May Jun Jul Aug Sep Oct Nov Dec
2007: Jan Feb Mar Apr May Jun Jul Aug Sep Oct Nov Dec
2006: Jan Feb Mar Apr May Jun Jul Aug Sep Oct Nov Dec
2005: Jan Feb Mar Apr May Jun Jul Aug Sep Oct Nov Dec
2004: Jan Feb Mar Apr May Jun Jul Aug Sep Oct Nov Dec
2003: Jan Feb Mar Apr May Jun Jul Aug Sep Oct Nov Dec

Report for 2005 December

Daily NOAA report



                            MONTHLY CLIMATOLOGICAL SUMMARY for DEC. 2005

NAME: Athelstane Weather   CITY: Athelstane STATE: Wisconsin
ELEV: 812 LAT: 045:23:00 LONG: 0088:07:00

                            TEMPERATURE ( °F), RAIN (in.), WIND SPEED (mph)

                                               HEAT     COOL           AVG
      MEAN                                     DEG      DEG            WIND                       DOM
DAY   TEMP    HIGH   TIME     LOW    TIME      DAYS     DAYS    RAIN   SPEED    HIGH    TIME      DIR
--------------------------------------------------------------------------------------------------------
01    21.3   025.5   14:04    16.9   00:00     43.6     00.0   00.00   00.9     18.4    22:24      NE
02    14.1   021.0   14:10    06.4   23:22     50.9     00.0   00.00   01.3     18.4    05:28     NNE
03    15.2   023.0   13:29    06.8   01:29     49.8     00.0   00.00   00.0     05.8    01:30      NW
04    13.1   018.9   13:29    05.9   00:00     51.8     00.0   00.00   00.7     19.6    16:05      W 
05    05.1   012.0   13:28   -01.5   21:28     59.8     00.0   00.00   00.2     16.1    11:16     WSW
06    04.3   013.8   14:03   -03.8   07:37     60.7     00.0   00.00   00.4     13.8    11:04     WSW
07    17.1   025.2   12:17    03.7   01:32     47.8     00.0   00.00   00.0     11.5    11:29     WNW
08    15.1   025.0   13:26    03.7   08:37     49.8     00.0   00.00   00.7     12.7    14:26      S 
09    16.7   026.2   14:27    06.1   07:28     48.3     00.0   00.00   01.7     24.1    11:22     SSW
10    21.7   028.0   22:20    16.5   08:01     43.3     00.0   00.00   03.4     20.7    06:06      SW
11    19.9   023.9   01:28    14.2   00:00     45.1     00.0   00.00   00.9     14.9    10:35      NW
12    14.0   020.8   13:33    01.0   05:29     50.9     00.0   00.00   00.3     13.8    12:28      SW
13    23.0   026.4   14:29    20.7   00:29     41.9     00.0   00.00   00.4     13.8    16:16      SW
14    27.3   029.8   12:29    22.5   00:28     37.6     00.0   00.00   02.0     17.3    07:33     NNE
15    30.8   033.8   14:29    28.6   06:23     34.2     00.0   00.00   00.1     12.7    00:28      SW
16    26.9   030.2   00:24    22.3   00:00     38.0     00.0   00.00   00.0     00.0    00:00      S 
17    13.4   022.3   00:21    00.9   00:00     51.6     00.0   00.00   00.0     00.0    00:00     SSW
18    05.0   019.2   14:29   -07.6   07:27     59.9     00.0   00.00   00.0     00.0    00:00      W 
19    09.4   024.3   13:29   -05.6   06:29     55.6     00.0   00.00   01.4     24.1    16:19      SW
20    14.9   026.1   13:29    05.9   22:34     50.0     00.0   00.00   00.0     14.9    10:29     WNW
21    17.4   024.8   13:26    09.9   19:29     47.6     00.0   00.00   00.8     12.7    12:20     WSW
22    22.4   034.2   15:04    13.1   00:24     42.6     00.0   00.00   01.2     14.9    08:09     SSW
23    31.4   035.1   13:04    24.3   00:11     33.5     00.0   00.00   00.0     00.0    00:00      SE
24    33.5   034.9   14:29    31.8   00:00     31.4     00.0   00.16   00.0     08.1    14:28      N 
25    33.7   037.4   14:05    31.3   01:13     31.3     00.0   00.16   00.8     11.5    12:30     NNE
26    30.1   033.1   12:25    27.1   05:28     34.8     00.0   00.00   00.2     11.5    20:29      S 
27    29.9   031.5   14:03    28.2   00:27     35.0     00.0   00.00   00.0     12.7    03:29     SSW
28    31.9   034.2   15:10    28.8   00:00     33.1     00.0   00.00   00.3     12.7    13:05      NW
29    28.1   031.3   02:30    25.7   00:00     36.9     00.0   00.00   00.0     11.5    14:04     NNW
30    28.5   032.2   22:23    24.3   09:04     36.5     00.0   00.00   00.0     11.5    10:09     NNW
31    32.3   034.3   14:48    29.8   23:04     32.6     00.0   00.00   00.0     00.0    23:04      NW
--------------------------------------------------------------------------------------------------------
20.9 (20.6)   37.4  day 25    -07.6  day 18   1365.7    000.0   00.00   00.6     24.2   day 10     WSW
Max