NOAA-Style Climate Reports


Report for 2005 December
                  MONTHLY CLIMATOLOGICAL SUMMARY FOR 12/2005
                                        HEAT  COOL        
     MEAN                               DEG   DEG       WIND SPEED       DOM MEAN  MEAN
DAY  TEMP  HIGH   TIME     LOW   TIME   DAYS  DAYS RAIN AVG  HI  TIME    DIR BAROM HUM
---------------------------------------------------------------------------------------
1    21.3  25.5   2:06pm  16.5  11:51pm   44    0  0.00   1  25   5:16pm  NE 29.96   71
2    13.6  21.4  12:19pm   6.3  10:15pm   51    0  0.00   3  24  10:43am  NE 30.04   56
3    15.4  23.0  12:54pm   6.8  12:44am   50    0  0.00   0  10   1:10pm NNW 30.01   57
4    13.1  19.0  12:47pm   6.1  11:59pm   51    0  0.00   1  26   1:44pm WNW 29.94   58
5     5.1  12.2   1:40pm  -1.7   9:42pm   60    0  0.00   1  18  12:50pm  SW 29.99   47
6     4.2  13.8   1:21pm  -3.8   7:35am   61    0  0.00   1  17  10:25am WNW 30.10   47
7    17.2  25.2  11:59am   3.4   1:20am   48    0  0.00   0  12   4:30am WNW 30.47   55
8    15.2  25.3  12:47pm   3.7   7:48am   50    0  0.00   1  16   2:12pm SSE 30.37   63
9    16.6  26.2   1:26pm   6.1   7:03am   47    0  0.00   2  24  11:03am SSE 29.98   61
10   21.7  28.0   9:49pm  16.3   7:38am   43    0  0.00   2  26   2:46am SSE 29.47   73
11   19.8  24.6  12:00am  14.5  11:57pm   44    0  0.00   1  17   2:40am WNW 29.67   59
12   14.0  20.8   1:14pm   0.9   5:20am   51    0  0.00   0  16  12:28pm SSE 29.92   64
13   23.0  27.0   1:40pm  20.7  12:00am   42    0  0.00   0  17  12:52pm   S 30.10   78
14   27.4  30.2  12:14pm  22.5  12:06am   38    0  0.00   1  24   8:44am   N 29.92   90
15   30.8  33.8   2:24pm  28.6  12:00am   34    0  0.00   0  15  12:00am SSW 29.62   94
16   27.0  30.2  12:00am  22.8  11:58pm   38    0  0.00   0   0  12:00am   N 29.60   88
17   13.3  22.8  12:00am   0.5  11:23pm   52    0  0.00   0   0  12:00am   N 30.15   71
18    5.3  19.4   1:43pm  -7.8   7:06am   58    0  0.00   0   0  12:00am   N 30.32   55
19    9.4  24.4   1:22pm  -5.8   5:53am   56    0  0.00   1  31   1:23pm  SW 30.14   56
20   15.0  26.2   1:08pm   5.5   9:37pm   50    0  0.00   0  16  10:35am WNW 30.09   61
21   17.5  24.8   1:31pm   9.7   7:41pm   47    0  0.00   1  22  12:29pm WNW 30.05   71
22   22.2  34.2   2:18pm  12.6  12:00am   43    0  0.00   2  20   2:20am SSE 29.69   77
23   31.4  35.2  12:37pm  24.1  12:00am   34    0  0.00   0   0  12:00am   N 29.60   96
24   33.5  35.1   1:45pm  31.8  10:07pm   31    0  0.16   0  10   9:54am NNE 29.72   97
25   33.6  37.4   1:35pm  31.3  12:46am   31    0  0.16   0  13  11:58pm   N 29.76   90
26   30.1  33.3  12:22pm  27.1   4:58am   35    0  0.00   0  13  12:00am  NW 29.81   76
27   29.9  31.5   1:21pm  28.0  12:00am   35    0  0.00   0  17   2:38am   S 29.69   90
28   31.7  34.2  11:59am  28.8   5:35am   33    0  0.00   0  15   1:42pm   N 29.62   92
29   28.1  32.7  12:00am  25.7  11:48pm   37    0  0.00   1  15   1:21am  NW 29.79   75
30   28.5  32.2   3:20pm  24.3   6:41am   37    0  0.00   0  13   2:43pm   N 29.72   91
31   32.2  34.7   1:30pm  29.7  11:05pm   33    0  0.00   0   9  11:29pm   W 29.60   94
---------------------------------------------------------------------------------------
TOT  20.9  37.4 12/25/05  -7.8 12/18/05 1363    0  0.31   1  31 12/19/05  NE 29.90   73

HEAT BASE: 65.0
COOL BASE: 65.0