NOAA-Style Climate Reports


Report for 2005 November
                  MONTHLY CLIMATOLOGICAL SUMMARY FOR 11/2005
                                        HEAT  COOL        
     MEAN                               DEG   DEG       WIND SPEED       DOM MEAN  MEAN
DAY  TEMP  HIGH   TIME     LOW   TIME   DAYS  DAYS RAIN AVG  HI  TIME    DIR BAROM HUM
---------------------------------------------------------------------------------------
1    41.5  51.1  12:48pm  32.9  11:59pm   23    0  0.00   1  20  10:28am WNW 29.90   69
2    41.2  54.9  12:42pm  27.3   5:58am   24    0  0.00   2  30  12:44pm SSE 29.85   72
3    45.5  54.0   1:12pm  35.6   5:40am   20    0  0.00   0  17   7:27pm   N 29.77   69
4    46.1  49.6   1:07pm  41.7  10:37pm   19    0  0.00   0  16  11:33am WNW 29.68   80
5    42.6  49.3  12:55pm  35.6   6:29am   22    0  0.12   0  15  11:51am   N 29.88   82
6    37.3  44.8   1:42pm  30.4  10:54pm   27    0  0.55   4  32  11:19am  NW 29.76   84
7    38.2  48.7   1:58pm  30.2  11:46pm   27    0  0.00   1  17  10:18am   S 29.95   89
8    40.1  48.0  11:36am  28.8   6:43am   25    0  0.00   0  17  11:54pm NNE 29.99   93
9    42.6  48.4   4:44am  35.6  11:04pm   22    0  0.00   9  49   1:24pm WNW 29.63   67
10   33.3  41.2  12:29pm  24.3  11:47pm   32    0  0.00   2  23  12:17am WNW 30.02   61
11   34.8  53.1   2:10pm  21.6   6:03am   30    0  0.00   2  25   2:27pm SSE 29.89   71
12   44.6  58.3  12:36pm  29.3   6:15am   20    0  0.12   4  29   9:54pm   S 29.62   79
13   42.9  54.7   3:11am  33.1  11:59pm   22    0  0.12   9  40  10:31am  SW 29.54   75
14   32.9  40.6   1:01pm  23.5   6:33am   32    0  0.00   0  20  12:02pm   S 30.20   77
15   35.4  39.4  11:29am  32.7   8:13pm   30    0  0.35   1  17   7:46pm NNE 29.82   95
16   29.1  33.4   7:56am  18.9  11:47pm   36    0  0.00   0   0  12:00am   N 29.66   85
17   15.5  22.3   1:59pm  10.4   6:29pm   50    0  0.00   0   0  12:00am   N 30.28   67
18   22.5  29.7  11:35pm  13.6   5:48am   42    0  0.00   0   0  12:00am   N 30.00   81
19   33.8  38.1  10:40am  28.9  12:10am   31    0  0.20   0  15   4:45pm  SE 29.83   91
20   34.5  36.7  10:29am  33.4   6:32am   31    0  0.20   2  25  10:34pm  SW 29.96   87
21   36.0  43.2   1:29pm  26.6  11:59pm   29    0  0.08   4  30  12:26pm WNW 29.81   78
22   24.1  30.7   1:52pm  18.9   7:23am   41    0  0.00   2  18   1:15am  NW 29.87   57
23   28.1  34.9   3:33pm  12.0  11:58pm   37    0  0.04   2  46  11:36pm  NW 29.32   76
24   11.3  16.7   4:10pm   4.5   6:57am   54    0  0.00   6  45  12:15am WNW 29.69   52
25   17.2  24.6   1:01pm   7.5   5:57am   48    0  0.00   1  17   1:59am WNW 29.98   61
26   18.1  29.3   2:36pm   1.2   6:49am   47    0  0.00   0  15  12:09pm NNE 29.94   66
27   34.4  39.9  11:05pm  27.0  12:00am   30    0  0.59   0  12  12:40pm NNE 29.76   93
28   44.2  51.4   3:20pm  38.7   1:06am   21    0  0.47   3  31   2:48pm   S 29.38   97
29   33.7  40.5  12:25am  25.7  11:53pm   31    0  0.00   4  24   5:19am   S 29.45   87
30   22.1  26.2  12:00pm  15.8   7:09pm   43    0  0.00   1  20  12:07pm  SW 29.98   64
---------------------------------------------------------------------------------------
TOT  33.4  58.3 11/12/05   1.2 11/26/05  945    0  2.83   2  49  11/9/05 WNW 29.81   77

HEAT BASE: 65.0
COOL BASE: 65.0