NOAA-Style Climate Reports


Report for 2005 September
                  MONTHLY CLIMATOLOGICAL SUMMARY FOR 9/2005
                                        HEAT  COOL        
     MEAN                               DEG   DEG       WIND SPEED       DOM MEAN  MEAN
DAY  TEMP  HIGH   TIME     LOW   TIME   DAYS  DAYS RAIN AVG  HI  TIME    DIR BAROM HUM
---------------------------------------------------------------------------------------
1    69.3  82.0   2:19pm  57.7   7:01am    1    6  0.00   5  42   1:01pm  SE 29.81   53
2    64.4  75.6   3:08pm  53.2  11:38pm    4    3  0.00   3  26   1:50pm WNW 30.00   54
3    63.1  77.7   2:01pm  49.3   6:25am    6    4  0.00   1  17  10:28am WNW 30.19   65
4    65.4  79.2   2:01pm  54.5   7:02am    4    4  0.00   2  22   9:24am  SW 30.23   66
5    66.4  86.5   2:10pm  46.9   6:40am    6    7  0.00   2  23   3:47pm SSE 30.20   70
6    71.1  83.3   4:20pm  59.0   6:32am    1    7  0.00   3  25   9:41am SSE 30.14   71
7    67.9  78.4   2:09pm  55.9  11:51pm    1    4  0.00   0  13  12:20pm   N 30.17   64
8    58.6  69.8  11:42am  47.3   6:32am    7    1  0.00   0  12  12:03pm WSW 30.13   79
9    61.8  80.2   2:48pm  43.3   6:42am    7    4  0.00   1  18   1:14pm  SW 30.09   76
10   71.7  87.1   2:26pm  58.8   6:41am    2    8  0.00   1  21   3:02pm  SW 30.06   77
11   76.6  92.5   2:04pm  64.6   6:47am    0   11  0.00   3  31   1:57pm SSE 30.04   60
12   74.0  90.1   1:27pm  61.5   6:48am    1   10  0.00   4  29  12:45pm SSE 29.92   68
13   71.8  85.6   2:35pm  63.0  11:57pm    0    7  1.02   2  24   4:37am SSE 29.70   79
14   60.8  71.4   1:28pm  50.5  11:57pm    5    1  0.00   3  23   1:37pm WNW 29.89   69
15   56.5  72.3   2:27pm  40.6   6:50am   10    2  0.00   0  16   2:44pm WSW 30.12   68
16   59.4  77.0   2:03pm  43.7   6:33am    9    3  0.00   0  13   9:26am   W 30.11   69
17   61.3  78.3   1:54pm  44.2   6:49am    7    4  0.00   1  18   2:15pm SSE 30.04   68
18   66.0  81.0   1:18pm  54.9   6:12am    3    4  0.00   1  20  11:22am SSE 29.98   71
19   61.4  68.0   3:13pm  54.5  11:53pm    4    0  0.28   2  28   3:31pm WNW 29.91   87
20   62.7  81.0   3:47pm  47.1   6:38am    6    4  0.00   2  28  12:30pm SSE 30.00   72
21   65.4  83.5   3:55pm  50.0   7:00am    5    5  0.00   2  23   3:02pm SSE 29.90   73
22   62.7  69.4   2:53pm  46.2  11:58pm    3    1  0.04   2  31   1:31am   N 29.87   74
23   50.7  66.7   2:52pm  38.7   7:01am   15    0  0.00   1  16   4:51pm  SW 30.22   68
24   54.9  70.2   2:32pm  38.1   6:14am   11    1  0.00   1  23  12:37pm  SW 30.06   82
25   61.0  64.0  12:49pm  56.1  11:53pm    4    0  0.87   0   9   7:07pm   N 29.89   96
26   55.0  66.2   3:54pm  44.1  11:40pm   10    0  0.12   1  20   4:07pm WNW 29.91   77
27   54.0  70.2   3:25pm  39.4   6:53am   12    1  0.00   2  21  12:49pm SSE 29.98   77
28   51.7  57.4   1:01pm  42.1  11:57pm   13    0  1.02   1  21   4:19pm  NW 29.76   94
29   47.6  58.8   3:58pm  36.7   6:55am   17    0  0.00   3  25  10:15am SSE 29.96   65
30   55.4  68.9   4:20pm  43.9   7:00am   10    0  0.00   4  27   2:08pm SSE 29.80   59
---------------------------------------------------------------------------------------
TOT  62.3  92.5  9/11/05  36.7  9/29/05  183  101  3.35   2  42   9/1/05 SSE 30.00   72

HEAT BASE: 65.0
COOL BASE: 65.0