NOAA-Style Climate Reports


Report for 2005 August
                  MONTHLY CLIMATOLOGICAL SUMMARY FOR 8/2005
                                        HEAT  COOL        
     MEAN                               DEG   DEG       WIND SPEED       DOM MEAN  MEAN
DAY  TEMP  HIGH   TIME     LOW   TIME   DAYS  DAYS RAIN AVG  HI  TIME    DIR BAROM HUM
---------------------------------------------------------------------------------------
1    79.4  91.4   1:25pm  70.0   6:47am    0   14  0.00   2  23  12:01pm SSE 30.02   65
2    79.6  94.5   1:52pm  65.3   6:00am    0   15  0.00   1  20   3:13pm SSE 29.98   64
3    80.9  94.8  12:54pm  68.5   6:10am    0   16  0.00   3  29  12:43pm SSE 29.84   66
4    74.6  82.8   1:37pm  60.1  11:56pm    0   10  0.28   2  28  11:49am WNW 29.89   65
5    67.2  82.2   6:07pm  54.1   4:23am    4    6  0.00   1  17  11:26am WNW 30.15   60
6    69.0  86.5   2:44pm  50.5   6:06am    4    8  0.00   2  24   1:06pm SSE 30.09   59
7    71.7  88.7   5:33pm  54.5   6:22am    3    9  0.00   2  21   1:52pm SSE 30.01   60
8    77.7  94.8   2:23pm  60.6   5:35am    1   13  0.00   4  26   1:50pm SSE 29.94   58
9    75.5  86.0   1:06pm  67.8  11:49pm    0   11  0.28   1  21  10:35am SSE 29.90   75
10   72.4  84.9   1:38pm  62.6  11:53pm    0    8  0.04   1  20   3:28pm WNW 29.94   72
11   65.6  71.2  11:39am  57.4   5:14am    2    2  0.00   0  16  11:07am WSW 29.99   79
12   70.5  80.1   1:22pm  61.3  11:52pm    0    6  0.00   2  18  11:49am  NW 29.81   75
13   66.2  76.6   1:14pm  56.5   6:21am    3    4  0.00   1  17   1:42pm WNW 29.94   63
14   65.6  78.6  12:51pm  51.8   6:36am    4    4  0.00   1  22   1:06pm  NW 30.04   60
15   65.7  81.9   2:13pm  48.4   6:11am    5    6  0.00   1  20   1:02pm SSE 30.11   59
16   69.1  86.5   3:43pm  51.6   5:36am    4    8  0.00   2  18  10:07am  NW 30.07   61
17   66.7  80.2   2:07pm  53.2   6:27am    3    5  0.00   1  18  12:22pm WSW 30.05   62
18   66.6  76.6  12:06pm  59.0   6:22am    2    3  0.20   0  17  12:07pm   N 29.81   86
19   69.4  77.7   5:53pm  65.3   6:21am    0    4  0.00   0  13   8:41am WNW 29.81   87
20   70.7  81.9   3:28pm  57.9  11:53pm    0    6  0.51   2  23   1:41pm  NW 29.85   72
21   60.4  70.0  12:35pm  50.5   6:25am    5    1  0.00   3  28  12:42pm WNW 29.97   66
22   62.0  72.7   2:22pm  51.8  11:57pm    5    2  0.00   1  20  10:48am  NW 30.08   61
23   60.1  75.0   1:31pm  46.4   6:21am    8    3  0.00   0  12  10:50am NNE 30.16   69
24   60.5  77.7   1:12pm  46.2   6:20am    8    3  0.00   1  21  10:40am  SW 30.19   72
25   62.7  77.4  12:37pm  49.3   5:47am    5    3  0.00   1  18  12:36pm SSE 30.15   80
26   68.0  82.4   1:45pm  55.2   2:31am    3    6  0.12   1  22  12:43pm  SW 29.91   78
27   69.9  81.1   1:48pm  59.5  11:58pm    1    5  0.12   2  24   2:31pm SSE 29.70   71
28   65.1  78.1   2:23pm  53.1   6:08am    4    4  0.00   3  26   1:23pm  NW 29.78   66
29   66.4  78.6   4:19pm  54.7   6:26am    3    4  0.00   1  24   1:21pm  NW 29.84   68
30   64.1  74.1   3:04pm  54.5  11:58pm    3    2  0.00   1  17  10:58am   N 29.85   71
31   64.2  79.5   4:05pm  52.0   3:23am    5    4  0.00   1  17   9:22am WNW 29.83   71
---------------------------------------------------------------------------------------
TOT  68.6  94.8   8/3/05  46.2  8/24/05   83  195  1.54   1  29   8/3/05 SSE 29.96   68

HEAT BASE: 65.0
COOL BASE: 65.0