NOAA-Style Climate Reports


Report for 2005 August

Daily NOAA report



                            MONTHLY CLIMATOLOGICAL SUMMARY for AUG. 2005

NAME: Athelstane Weather   CITY: Athelstane STATE: Wisconsin
ELEV: 812 LAT: 045:23:00 LONG: 0088:07:00

                            TEMPERATURE ( °F), RAIN (in.), WIND SPEED (mph)

                                               HEAT     COOL           AVG
      MEAN                                     DEG      DEG            WIND                       DOM
DAY   TEMP    HIGH   TIME     LOW    TIME      DAYS     DAYS    RAIN   SPEED    HIGH    TIME      DIR
--------------------------------------------------------------------------------------------------------
01    79.5   090.3   14:28    69.6   00:00     00.0     14.5   00.00   01.1     21.9    12:13      SW
02    79.9   093.9   14:04    65.3   06:04     00.0     14.9   00.00   01.5     16.1    14:04     SSW
03    80.9   093.9   13:05    68.5   06:29     00.0     15.9   00.00   01.6     26.4    15:03     SSW
04    78.0   082.4   18:28    58.5   00:00     00.0     13.1   00.28   01.0     18.4    17:28     WNW
05    66.8   082.0   18:17    54.5   07:04     00.0     01.9   00.00   01.4     14.9    14:29      NW
06    69.4   086.4   18:27    50.5   06:04     00.0     04.4   00.00   03.4     24.1    14:01     SSE
07    71.6   088.7   17:28    54.7   07:02     00.0     06.6   00.00   01.3     18.4    12:05      W 
08    78.1   094.6   14:30    60.6   06:04     00.0     13.1   00.00   03.7     26.4    15:30     SSW
09    75.4   086.0   13:07    67.8   00:00     00.0     10.4   00.28   00.9     19.6    10:29      W 
10    72.4   084.7   15:02    62.8   00:00     00.0     07.5   00.04   00.5     17.3    13:02      NW
11    65.6   071.2   12:02    57.4   06:29     00.0     00.7   00.00   00.0     11.5    10:29      W 
12    70.5   079.7   14:00    60.3   00:00     00.0     05.6   00.00   01.4     16.1    14:04     WNW
13    66.1   076.1   16:01    56.5   07:02     00.0     01.2   00.00   00.3     13.8    16:04      NW
14    65.7   078.6   18:04    51.8   07:02     00.0     00.8   00.00   00.3     20.7    13:05      NW
15    65.6   081.7   15:05    48.6   07:02     00.0     00.7   00.00   00.3     19.6    13:05      NW
16    69.0   086.2   16:03    51.6   06:04     00.0     04.1   00.00   01.6     17.3    11:05      SW
17    66.1   080.1   14:18    53.2   06:30     00.0     01.1   00.00   00.6     13.8    13:29      E 
18    66.9   076.6   13:03    59.0   07:02     00.0     02.0   00.20   00.0     13.8    16:35     NNW
19    69.5   077.4   18:07    65.5   07:04     00.0     04.5   00.00   00.1     12.7    16:29     WNW
20    70.7   081.3   15:03    57.7   00:00     00.0     05.8   00.51   01.8     20.7    17:09     WNW
21    60.7   068.4   13:01    50.5   07:02     04.3     00.0   00.00   02.3     19.6    16:26     NNW
22    61.8   072.5   14:31    50.9   00:00     03.2     00.0   00.00   01.6     17.3    10:18     NNW
23    59.9   074.8   13:28    46.6   07:02     05.1     00.0   00.00   00.6     11.5    15:29      NW
24    60.4   077.0   13:04    46.4   07:00     04.6     00.0   00.00   01.1     19.6    14:05     SSW
25    64.1   072.0   23:05    49.3   06:04     00.8     00.0   00.00   00.0     11.5    23:05      W 
26    68.0   082.0   14:04    55.2   03:03     00.0     03.1   00.12   01.4     17.3    14:28     SSW
27    69.8   081.0   15:03    59.2   00:00     00.0     04.9   00.12   01.6     24.1    15:03      SW
28    65.0   077.9   15:04    53.1   07:00     00.0     00.1   00.00   02.4     20.7    13:05      SW
29    66.4   078.4   17:06    54.7   07:03     00.0     01.4   00.00   01.4     14.9    16:05      NW
30    64.1   073.9   15:11    54.5   00:00     00.8     00.0   00.00   00.2     14.9    10:12      N 
--------------------------------------------------------------------------------------------------------
68.9 (68.7)   94.6  day 08     46.4  day 24   018.7    138.3   00.00   01.2     26.5   day 14      W 
Max >=  86: 8
Min  .008in) 6 (> .08in) 0 (> 0.8in)