NOAA-Style Climate Reports


Report for 2005 July
                  MONTHLY CLIMATOLOGICAL SUMMARY FOR 7/2005
                                        HEAT  COOL        
     MEAN                               DEG   DEG       WIND SPEED       DOM MEAN  MEAN
DAY  TEMP  HIGH   TIME     LOW   TIME   DAYS  DAYS RAIN AVG  HI  TIME    DIR BAROM HUM
---------------------------------------------------------------------------------------
1    63.0  73.0   3:29pm  51.1  11:58pm    3    1  0.00   5  28  12:00am  NW 29.79   58
2    64.7  84.7   2:14pm  45.9   5:06am    6    6  0.00   3  23   1:40pm SSE 29.94   59
3    69.5  85.1   2:05pm  51.3   5:45am    3    8  0.00   5  30   1:16pm SSE 29.83   59
4    74.5  85.3   2:45pm  66.4  11:27pm    0    9  0.00   1  20   1:25pm SSE 29.82   62
5    67.5  79.7   2:09pm  57.7  11:56pm    1    4  0.00   2  16  12:18pm   N 29.99   66
6    64.3  78.8   3:46pm  50.7   5:47am    4    4  0.00   1  16  10:40am  SW 30.11   65
7    68.3  88.5   1:54pm  52.9   5:11am    4    7  0.00   1  20   4:45pm   N 30.11   57
8    68.9  91.6   1:49pm  48.7   5:12am    5    9  0.00   1  16  12:07pm WSW 30.08   52
9    75.0  93.9   1:49pm  55.8   5:12am    2   12  0.00   2  22  10:54am SSE 30.06   56
10   80.7  99.5   2:49pm  66.2   5:51am    0   15  0.00   2  21   3:53pm SSE 30.06   56
11   79.4 100.4   2:46pm  63.7   5:42am    0   14  0.00   2  26   4:07pm SSE 30.05   54
12   77.7  98.8   2:42pm  60.3   5:35am    1   14  0.00   1  18   3:45pm  SW 30.02   55
13   78.5 101.3   2:09pm  65.8   5:52am    0   13  0.04   1  17   1:59pm  NW 29.99   65
14   76.5  94.5   2:38pm  63.1   5:39am    0   12  0.00   1  17   3:12pm  NW 30.00   63
15   75.6  98.4   2:29pm  57.6   5:45am    1   12  0.00   1  20   2:01pm WSW 29.99   56
16   78.8 100.6  12:44pm  60.6   5:43am    1   14  0.00   2  20   5:16pm SSE 29.94   53
17   80.7  97.5   2:14pm  62.2   5:40am    0   16  0.00   2  26  12:55pm SSE 29.84   58
18   76.7  87.4   2:01pm  66.2  11:59pm    0   12  0.00   5  32   1:47pm  SE 29.70   59
19   71.4  88.7   5:56pm  58.3   6:17am    1    7  0.00   2  20   7:51pm SSE 29.95   55
20   69.6  83.1   6:38pm  57.7   5:39am    2    6  0.16   0  26  11:38am SSE 29.92   83
21   74.6  90.3   6:03pm  64.2   5:55am    0   10  0.00   0  13  11:27am  NW 29.97   64
22   70.8  88.2   5:45pm  55.6   5:33am    2    8  0.00   1  18  11:08am   N 30.10   57
23   65.7  73.9   2:06pm  57.6   5:38am    2    3  0.12   0  18   4:41pm WSW 30.06   84
24   76.0  90.5   3:59pm  66.0  12:00am    0   11  0.87   2  26   4:04am WNW 29.80   76
25   72.3  92.3   1:11pm  61.9   4:39am    1    8  0.63   1  17  12:17pm SSE 29.86   71
26   64.1  70.0   1:39pm  52.9  11:55pm    2    1  0.12   3  22   5:43pm   N 29.81   74
27   62.3  79.2   6:05pm  49.1   5:55am    6    3  0.00   1  20   9:55am WNW 30.03   63
28   63.8  78.8   3:27pm  52.3   3:28am    4    3  0.47   1  20   2:37pm SSE 30.00   75
29   63.3  76.3   6:07pm  51.3   6:18am    5    3  0.00   1  17   1:24pm WNW 30.17   71
30   66.4  82.6   6:06pm  49.6   2:29am    5    6  0.00   2  22   1:07pm SSE 30.20   69
31   76.5  90.7   6:04pm  62.6   3:29am    0   12  0.00   3  21   2:25pm SSE 30.03   69
---------------------------------------------------------------------------------------
TOT  71.5 101.3  7/13/05  45.9   7/2/05   62  262  2.40   2  32  7/18/05 SSE 29.97   63

HEAT BASE: 65.0
COOL BASE: 65.0