NOAA-Style Climate Reports


Report for 2005 July

Daily NOAA report



                            MONTHLY CLIMATOLOGICAL SUMMARY for JUL. 2005

NAME: Athelstane Weather   CITY: Athelstane STATE: Wisconsin
ELEV: 812 LAT: 045:23:00 LONG: 0088:07:00

                            TEMPERATURE ( °F), RAIN (in.), WIND SPEED (mph)

                                               HEAT     COOL           AVG
      MEAN                                     DEG      DEG            WIND                       DOM
DAY   TEMP    HIGH   TIME     LOW    TIME      DAYS     DAYS    RAIN   SPEED    HIGH    TIME      DIR
--------------------------------------------------------------------------------------------------------
01    56.5   062.2   21:03    50.0   00:00     08.4     00.0   00.00   00.0     00.0    00:00      N 
02    64.8   084.4   14:29    46.0   06:02     00.1     00.0   00.00   02.4     19.6    17:26     SSW
03    70.6   084.9   14:08    64.4   17:05     00.0     05.7   00.00   02.3     25.3    14:08      SW
04    74.5   084.4   16:01    65.8   00:00     00.0     09.5   00.00   00.9     14.9    15:04      S 
05    67.4   079.2   14:04    56.5   00:00     00.0     02.4   00.00   01.1     14.9    14:04      N 
06    64.4   077.5   15:04    50.9   06:02     00.5     00.0   00.00   00.6     12.7    16:28      N 
07    68.5   086.2   15:29    52.9   06:02     00.0     03.6   00.00   01.3     12.7    16:06     NNW
08    69.4   091.4   14:08    48.9   06:02     00.0     04.5   00.00   01.0     14.9    18:35      W 
09    74.8   092.5   15:29    55.8   05:29     00.0     09.9   00.00   02.4     19.6    17:28      SW
10    80.7   098.2   15:04    66.2   06:04     00.0     15.8   00.00   02.5     19.6    13:02     SSW
11    79.4   099.3   14:28    63.9   06:04     00.0     14.5   00.00   00.7     19.6    17:04      S 
12    77.7   098.4   14:29    60.4   05:27     00.0     12.7   00.00   00.4     17.3    14:29      W 
13    78.1   099.9   14:04    66.0   06:09     00.0     13.2   00.04   01.2     13.8    14:04      N 
14    76.5   094.3   14:30    63.3   06:04     00.0     11.6   00.00   00.3     14.9    12:29      N 
15    75.6   098.2   14:04    57.6   06:04     00.0     10.6   00.00   01.3     19.6    14:04      S 
16    78.9   099.9   12:29    60.8   06:02     00.0     13.9   00.00   01.1     18.4    13:08      S 
17    81.1   097.0   14:04    62.4   06:04     00.0     16.1   00.00   02.0     21.9    14:04      S 
18    76.7   087.1   15:00    66.0   00:00     00.0     11.8   00.00   05.3     28.8    16:04      SW
22    67.3   079.3   13:04    58.8   07:04     00.0     02.3   00.00   00.3     14.9    11:05      W 
23    65.6   073.9   14:05    57.6   07:02     00.0     00.7   00.12   00.3     13.8    17:03     WNW
24    75.7   090.5   16:04    66.0   00:22     00.0     10.7   00.87   00.5     26.4    04:08     WSW
25    72.3   091.6   13:04    62.1   04:28     00.0     07.3   00.59   00.8     16.1    13:04      W 
26    64.1   069.8   13:29    51.6   00:00     00.8     00.0   00.12   02.1     19.6    17:14     NNW
27    62.2   079.0   18:05    49.1   06:05     02.7     00.0   00.00   01.5     19.6    12:02     WSW
28    63.7   078.6   16:04    52.3   04:03     01.3     00.0   00.47   01.6     19.6    16:04      S 
29    63.2   076.1   18:04    51.3   07:02     01.7     00.0   00.00   00.5     12.7    15:03     SSW
30    66.1   082.6   18:04    49.6   03:03     00.0     01.2   00.00   01.8     17.3    14:29     SSW
31    76.3   090.5   18:28    62.6   05:03     00.0     11.4   00.00   03.1     19.6    17:28     SSE
--------------------------------------------------------------------------------------------------------
71.1 (72.2)   99.9  day 16     46.0  day 02   015.6    189.5   00.00   01.4     28.8   day 18      SW
Max >=  86: 15
Min  .008in) 5 (> .08in) 1 (> 0.8in)