NOAA-Style Climate Reports


Report for 2005 June

Daily NOAA report



                            MONTHLY CLIMATOLOGICAL SUMMARY for JUN. 2005

NAME: Athelstane Weather   CITY: Athelstane STATE: Wisconsin
ELEV: 812 LAT: 045:23:00 LONG: 0088:07:00

                            TEMPERATURE ( °F), RAIN (in.), WIND SPEED (mph)

                                               HEAT     COOL           AVG
      MEAN                                     DEG      DEG            WIND                       DOM
DAY   TEMP    HIGH   TIME     LOW    TIME      DAYS     DAYS    RAIN   SPEED    HIGH    TIME      DIR
--------------------------------------------------------------------------------------------------------
01    65.2   085.1   14:28    46.6   05:03     00.0     00.3   00.00   02.1     16.1    15:04     WNW
02    67.0   085.8   13:07    50.5   05:03     00.0     02.1   00.00   02.1     21.9    15:08      SW
03    67.3   086.2   12:29    48.9   06:02     00.0     02.4   00.00   02.4     17.3    14:29     WNW
04    68.3   080.2   13:30    60.8   05:03     00.0     03.3   00.00   00.5     14.9    13:08      NW
05    71.7   087.3   15:03    60.1   04:02     00.0     06.8   00.00   04.5     26.4    05:02     SSW
06    70.4   081.7   14:29    59.2   00:00     00.0     05.4   00.00   05.6     31.1    17:10     SSE
07    67.4   081.5   12:29    55.8   06:02     00.0     02.4   00.00   00.8     19.6    21:07     NNE
08    66.0   076.5   18:01    58.3   08:08     00.0     01.0   00.00   00.0     11.5    14:04      NW
09    73.8   091.4   14:04    59.4   06:02     00.0     08.8   00.00   00.7     16.1    12:05      NW
10    72.3   090.3   15:06    61.9   06:04     00.0     07.3   00.00   01.4     14.9    16:00      W 
11    73.0   087.4   15:30    65.5   05:03     00.0     08.1   00.00   01.4     18.4    19:29      S 
12    75.0   087.4   15:29    64.4   00:00     00.0     10.0   00.00   03.8     27.6    13:29     SSW
13    71.8   088.0   12:29    60.4   06:02     00.0     06.9   00.00   00.9     16.1    12:29      SW
14    68.8   075.2   13:02    63.1   00:00     00.0     03.9   00.00   01.0     18.4    11:00     SSW
15    62.0   070.3   15:29    53.6   00:00     02.9     00.0   00.00   06.1     31.1    15:29     NNW
16    61.9   077.2   13:30    50.0   05:28     03.0     00.0   00.00   03.0     19.6    13:30      NW
17    61.8   072.1   15:04    50.7   00:00     03.1     00.0   00.00   01.8     21.9    09:04     NNE
18    62.0   075.6   15:06    50.4   02:03     02.9     00.0   00.00   01.3     13.8    15:06      SW
19    67.3   086.0   14:29    46.4   06:02     00.0     02.3   00.00   01.6     19.6    17:29      SW
20    73.7   093.7   15:11    57.0   06:02     00.0     08.8   00.00   03.2     24.1    12:01      S 
21    76.4   090.5   14:09    59.5   00:00     00.0     11.4   00.00   00.7     14.9    12:08     NNW
22    69.9   088.2   14:08    52.7   06:04     00.0     05.0   00.00   00.7     19.6    18:29     WSW
23    75.8   093.7   15:05    58.6   02:04     00.0     10.9   00.00   03.4     21.9    18:03      S 
24    79.3   092.8   15:06    69.6   00:00     00.0     14.4   00.00   02.5     28.8    10:04      W 
25    71.1   077.4   18:29    59.9   00:00     00.0     06.2   00.00   00.1     11.5    18:29     WSW
26    70.6   084.6   14:30    57.6   06:02     00.0     05.7   00.00   00.5     18.4    14:30     WSW
27    79.9   096.1   14:03    65.7   06:07     00.0     14.9   00.00   03.4     26.4    18:03     SSE
28    76.7   089.6   15:04    64.9   00:00     00.0     11.8   00.00   01.7     17.3    13:03      W 
29    69.2   081.3   15:04    61.3   08:10     00.0     04.3   00.00   00.6     13.8    14:04      NW
--------------------------------------------------------------------------------------------------------
70.2 (71.1)   96.1  day 27     46.4  day 19   012.0    164.3   00.00   02.0     31.1   day 06     WSW
Max >=  86: 15
Min  .008in) 0 (> .08in) 0 (> 0.8in)