NOAA-Style Climate Reports


Report for 2005 May

Daily NOAA report



                            MONTHLY CLIMATOLOGICAL SUMMARY for MAY. 2005

NAME: Athelstane Weather   CITY: Athelstane STATE: Wisconsin
ELEV: 812 LAT: 045:23:00 LONG: 0088:07:00

                            TEMPERATURE ( °F), RAIN (in.), WIND SPEED (mph)

                                               HEAT     COOL           AVG
      MEAN                                     DEG      DEG            WIND                       DOM
DAY   TEMP    HIGH   TIME     LOW    TIME      DAYS     DAYS    RAIN   SPEED    HIGH    TIME      DIR
--------------------------------------------------------------------------------------------------------
01    40.0   049.5   13:07    31.3   06:04     24.9     00.0   00.00   02.5     24.1    13:29      W 
02    38.7   044.4   12:30    34.2   01:34     26.2     00.0   00.00   03.3     21.9    15:29      W 
03    44.4   059.9   14:09    31.5   00:00     20.6     00.0   00.00   03.6     24.1    18:12     WNW
04    48.5   069.1   14:29    26.2   06:04     16.4     00.0   00.00   04.1     24.1    18:05     WSW
05    53.4   075.7   15:02    30.9   06:02     11.5     00.0   00.00   05.8     29.9    18:02     SSW
06    57.3   075.2   14:03    45.5   00:00     07.6     00.0   00.00   02.7     19.6    13:03     ESE
07    54.0   069.6   14:29    38.5   06:04     10.9     00.0   00.00   02.7     17.3    17:29      N 
08    62.2   079.7   15:28    43.7   05:29     02.7     00.0   00.00   03.9     25.3    15:28      SW
09    63.2   077.4   15:03    54.3   06:03     01.7     00.0   00.00   02.1     27.6    16:03     SSW
10    61.1   070.7   11:04    52.5   00:00     03.8     00.0   00.00   02.9     19.6    15:09      W 
11    47.4   059.2   15:03    31.3   00:00     17.5     00.0   00.00   05.1     18.4    16:04     NNE
12    39.5   052.5   14:03    29.1   03:02     25.5     00.0   00.00   02.4     19.6    12:04     NNE
13    42.0   045.3   19:10    37.9   06:02     22.9     00.0   00.00   00.0     12.7    08:06     WNW
14    48.6   056.5   16:00    40.3   23:34     16.3     00.0   00.00   01.7     20.7    11:00     WSW
15    46.6   054.7   14:29    39.9   04:03     18.4     00.0   00.00   06.0     31.1    13:27     WNW
16    47.9   060.4   18:03    34.3   04:04     17.1     00.0   00.00   03.3     17.3    18:03     WNW
17    50.1   064.6   17:29    35.4   04:02     14.8     00.0   00.00   01.3     17.3    13:10     WNW
18    55.7   064.4   14:28    45.9   06:02     09.2     00.0   00.00   00.9     19.6    12:04      SW
19    50.4   051.3   07:04    49.6   00:00     14.6     00.0   00.00   01.4     13.8    19:01      N 
20    59.3   074.3   13:40    45.0   05:29     05.7     00.0   00.00   01.6     17.3    17:05      NE
21    62.1   079.7   13:30    41.5   05:03     02.9     00.0   00.00   03.9     20.7    14:29      S 
22    63.1   074.8   11:29    56.1   00:00     01.8     00.0   00.00   02.1     19.6    18:28     SSW
23    57.9   066.2   17:13    47.1   00:00     07.1     00.0   00.00   01.4     17.3    11:11      N 
24    60.6   075.9   16:04    45.3   06:00     04.4     00.0   00.00   00.8     12.7    11:04     NNW
25    62.1   078.4   15:02    45.5   06:02     02.8     00.0   00.00   03.4     21.9    19:04      SW
26    61.9   075.2   13:29    51.6   00:00     03.0     00.0   00.00   04.5     19.6    09:05      SW
27    55.5   066.7   14:29    47.5   05:00     09.5     00.0   00.00   02.1     17.3    13:29     WSW
28    54.5   066.7   14:23    43.0   23:26     10.4     00.0   00.00   00.7     14.9    10:30     SSE
29    56.9   073.2   16:35    41.0   05:29     08.1     00.0   00.00   01.1     16.1    13:28     SSW
30    59.7   077.7   15:29    43.3   05:23     05.2     00.0   00.00   01.0     12.7    13:30     ESE
31    64.1   084.0   15:04    45.5   06:00     00.8     00.0   00.00   01.4     17.3    15:04     WNW
--------------------------------------------------------------------------------------------------------
53.8 (54.2)   84.0  day 31     26.2  day 04   344.3    000.0   00.00   02.6     31.1   day 25      W 
Min  .008in) 0 (> .08in) 0 (> 0.8in)