NOAA-Style Climate Reports


Report for 2005 May
                  MONTHLY CLIMATOLOGICAL SUMMARY FOR 5/2005
                                        HEAT  COOL        
     MEAN                               DEG   DEG       WIND SPEED       DOM MEAN  MEAN
DAY  TEMP  HIGH   TIME     LOW   TIME   DAYS  DAYS RAIN AVG  HI  TIME    DIR BAROM HUM
---------------------------------------------------------------------------------------
1    40.2  50.5  11:55am  31.1   5:41am   24    0  0.04   2  24   1:33pm WNW 29.80   63
2    38.9  44.6  12:15pm  34.2   1:34am   26    0  0.04   4  25   4:28pm WNW 29.90   60
3    44.4  60.4   1:57pm  32.9  11:58pm   21    0  0.00   4  24  10:51am  NW 30.02   42
4    48.4  69.4   2:30pm  26.1   5:38am   17    0  0.00   5  28   1:59pm   S 30.16   41
5    53.6  76.6   2:27pm  30.7   5:48am   13    2  0.00   5  34   5:41pm   S 30.15   41
6    57.3  76.1   1:46pm  45.5   6:12am    9    2  0.00   2  23   1:37pm   S 29.97   57
7    54.0  69.8   2:25pm  38.5   5:49am   12    1  0.00   2  26   3:09pm SSW 30.03   61
8    62.5  80.2   3:12pm  43.7   5:33am    6    4  0.00   4  25   3:04pm   S 29.89   56
9    63.1  77.4   2:34pm  54.1   6:05am    4    2  0.20   3  38   3:29pm   S 29.72   77
10   61.1  71.1  12:18pm  53.2   3:04am    5    1  0.08   3  25  11:16am WNW 29.70   80
11   47.5  59.4   2:24pm  32.2  11:58pm   17    0  0.00   4  22   1:26pm NNE 30.19   60
12   39.5  52.9   1:24pm  28.9   2:26am   25    0  0.00   3  20   9:04am NNE 30.41   50
13   42.0  45.3   6:38pm  37.8   5:26am   23    0  0.39   0  15   6:58am NNE 29.94   89
14   48.8  56.8   3:30pm  39.7  11:59pm   16    0  0.04   2  23   1:43pm WNW 29.69   78
15   46.4  55.9   1:11pm  39.7  12:00am   18    0  0.00   5  31  12:11pm  NW 29.84   62
16   47.5  61.0   5:31pm  34.2   3:50am   18    0  0.00   1  20   7:59pm   S 30.01   59
17   50.0  64.9   5:24pm  35.2   3:19am   15    0  0.00   2  23  12:42pm  SW 30.03   65
18   55.7  64.6   2:01pm  45.7   5:07am    9    0  0.00   1  20  12:05pm   S 29.99   66
19   50.4  51.8  12:00am  49.5  11:16am   15    0  0.87   2  18   5:15pm NNE 29.88   96
20   58.7  75.0   2:12pm  44.4   5:55am    8    2  0.00   2  17   2:00pm NNE 30.03   61
21   62.0  80.1   1:42pm  41.4   4:49am    7    4  0.00   4  26   3:47pm SSE 29.94   49
22   63.2  75.2  11:38am  56.3   5:50am    3    2  0.08   4  27   6:08pm  SE 28.54   62
23   57.9  66.9   5:18pm  47.7  11:57pm    7    0  0.00   2  17   8:36am NNE 29.72   73
24   60.4  77.7   2:08pm  45.3   3:34am    8    3  0.00   1  18   6:41pm   N 29.97   59
25   62.1  78.8   2:17pm  45.3   5:43am    6    3  0.00   4  26   1:17pm  SW 29.99   55
26   61.7  76.1   1:34pm  52.5  11:12pm    5    2  0.00   4  25   1:15pm WNW 29.79   56
27   55.7  67.6   2:12pm  47.3   4:15am    9    0  0.00   2  31  10:18am  NW 29.74   66
28   54.4  70.3   1:56pm  46.4   5:33am   11    0  0.28   1  21   2:12pm SSE 29.75   76
29   56.3  73.4   3:03pm  40.8   5:12am   10    1  0.04   1  20   1:12pm SSE 29.86   71
30   60.0  79.3   1:28pm  43.3   4:53am    8    3  0.00   1  18  11:53am WNW 29.98   65
31   63.7  85.3   2:24pm  45.3   5:19am    7    5  0.00   1  18   5:49pm  SW 30.09   59
---------------------------------------------------------------------------------------
TOT  53.8  85.3  5/31/05  26.1   5/4/05  383   36  2.05   3  38   5/9/05   S 29.89   63

HEAT BASE: 65.0
COOL BASE: 65.0