NOAA-Style Climate Reports

Select a Year or Month report
2018: Jan Feb Mar Apr May Jun Jul Aug Sep Oct Nov Dec
2017: Jan Feb Mar Apr May Jun Jul Aug Sep Oct Nov Dec
2016: Jan Feb Mar Apr May Jun Jul Aug Sep Oct Nov Dec
2015: Jan Feb Mar Apr May Jun Jul Aug Sep Oct Nov Dec
2014: Jan Feb Mar Apr May Jun Jul Aug Sep Oct Nov Dec
2013: Jan Feb Mar Apr May Jun Jul Aug Sep Oct Nov Dec
2012: Jan Feb Mar Apr May Jun Jul Aug Sep Oct Nov Dec
2011: Jan Feb Mar Apr May Jun Jul Aug Sep Oct Nov Dec
2010: Jan Feb Mar Apr May Jun Jul Aug Sep Oct Nov Dec
2009: Jan Feb Mar Apr May Jun Jul Aug Sep Oct Nov Dec
2008: Jan Feb Mar Apr May Jun Jul Aug Sep Oct Nov Dec
2007: Jan Feb Mar Apr May Jun Jul Aug Sep Oct Nov Dec
2006: Jan Feb Mar Apr May Jun Jul Aug Sep Oct Nov Dec
2005: Jan Feb Mar Apr May Jun Jul Aug Sep Oct Nov Dec
2004: Jan Feb Mar Apr May Jun Jul Aug Sep Oct Nov Dec
2003: Jan Feb Mar Apr May Jun Jul Aug Sep Oct Nov Dec

Report for 2005 April

Daily NOAA report



                            MONTHLY CLIMATOLOGICAL SUMMARY for APR. 2005

NAME: Athelstane Weather   CITY: Athelstane STATE: Wisconsin
ELEV: 812 LAT: 045:23:00 LONG: 0088:07:00

                            TEMPERATURE ( °F), RAIN (in.), WIND SPEED (mph)

                                               HEAT     COOL           AVG
      MEAN                                     DEG      DEG            WIND                       DOM
DAY   TEMP    HIGH   TIME     LOW    TIME      DAYS     DAYS    RAIN   SPEED    HIGH    TIME      DIR
--------------------------------------------------------------------------------------------------------
01    40.3   055.4   12:29    28.8   05:29     24.6     00.0   00.00   02.0     19.6    15:29     WSW
02    41.5   055.9   15:00    29.1   00:00     23.5     00.0   00.00   02.3     19.6    14:00     NNE
03    43.9   065.3   14:34    27.9   04:00     21.0     00.0   00.00   02.5     17.3    13:28      W 
04    42.7   062.2   14:04    27.0   07:04     22.2     00.0   00.00   01.6     19.6    17:04     NNE
05    50.9   074.3   15:03    31.6   06:29     14.0     00.0   00.00   01.5     19.6    18:01     ENE
06    44.9   050.7   13:04    39.9   23:34     20.1     00.0   00.00   01.7     14.9    23:16     NNE
07    49.1   067.8   14:04    33.6   07:02     15.9     00.0   00.00   03.0     18.4    15:01     NNW
08    45.3   066.9   14:04    28.2   07:02     19.6     00.0   00.00   01.8     21.9    15:03     NNE
09    48.5   068.9   14:29    30.0   07:02     16.5     00.0   00.00   03.1     31.1    17:28      S 
10    51.3   073.4   14:03    32.7   07:02     13.6     00.0   00.00   02.3     21.9    12:04     NNE
11    47.8   061.3   15:03    40.5   00:00     17.1     00.0   00.00   02.9     18.4    14:03     ENE
12    45.8   060.1   15:10    33.3   00:00     19.1     00.0   00.00   04.1     19.6    11:08     NNE
13    46.3   068.0   14:04    26.6   07:04     18.6     00.0   00.00   02.6     18.4    13:04     NNE
14    48.9   073.6   15:02    31.1   06:29     16.0     00.0   00.00   01.1     19.6    16:02     NNE
15    46.8   070.7   14:28    27.1   06:29     18.2     00.0   00.00   03.8     24.1    15:28      S 
16    48.6   064.9   13:03    33.6   03:03     16.4     00.0   00.00   01.2     16.1    15:03      SW
17    54.1   071.8   14:28    39.2   06:05     10.8     00.0   00.00   01.2     17.3    13:29      W 
18    59.2   081.7   15:03    37.8   06:29     05.8     00.0   00.00   03.9     21.9    18:01      S 
19    63.1   083.3   13:32    47.8   05:03     01.8     00.0   00.00   02.0     24.1    14:26      SW
20    49.6   058.1   00:01    32.9   01:00     15.4     00.0   00.00   04.2     19.6    12:05      N 
21    44.6   064.0   14:30    29.1   06:29     20.4     00.0   00.00   01.7     18.4    15:29      S 
22    43.3   062.1   13:10    34.5   06:29     21.6     00.0   00.00   06.2     26.4    16:10      N 
23    37.5   049.1   14:29    31.3   06:05     27.4     00.0   00.00   08.5     31.1    14:29     NNW
24    42.6   056.7   15:01    32.7   07:04     22.3     00.0   00.00   08.9     28.8    13:05     NNW
25    46.6   066.7   12:29    30.4   06:04     18.3     00.0   00.00   04.2     24.1    11:29     WNW
26    40.8   049.1   13:20    34.5   05:29     24.2     00.0   00.00   00.8     14.9    12:29     WNW
27    40.4   052.0   13:04    34.9   00:00     24.5     00.0   00.00   02.9     24.1    18:02      W 
28    41.0   050.7   12:29    32.2   07:02     23.9     00.0   00.00   02.0     19.6    14:29      W 
29    43.4   053.1   13:29    34.2   06:03     21.5     00.0   00.00   01.2     19.6    15:09     SSW
30    42.5   053.8   13:29    29.7   06:02     22.4     00.0   00.00   02.6     17.3    15:29     WNW
--------------------------------------------------------------------------------------------------------
46.4 (47.9)   83.3  day 19     26.6  day 13   556.8    000.0   00.00   02.9     31.1   day 23     NNW
Min  .008in) 0 (> .08in) 0 (> 0.8in)