NOAA-Style Climate Reports


Report for 2005 April
                  MONTHLY CLIMATOLOGICAL SUMMARY FOR 4/2005
                                        HEAT  COOL        
     MEAN                               DEG   DEG       WIND SPEED       DOM MEAN  MEAN
DAY  TEMP  HIGH   TIME     LOW   TIME   DAYS  DAYS RAIN AVG  HI  TIME    DIR BAROM HUM
---------------------------------------------------------------------------------------
1    40.5  55.9   1:21pm  28.8   5:18am   24    0  0.00   2  24   3:25pm WNW 29.97   65
2    41.4  56.7   2:18pm  29.8  11:59pm   24    0  0.00   2  21   1:35pm   N 29.98   55
3    45.0  65.7   2:09pm  27.9   1:51am   19    0  0.00   2  21  11:48am  NW 29.92   48
4    42.9  62.2   1:59pm  27.0   6:11am   22    0  0.00   2  29   2:18pm NNE 29.95   50
5    51.0  74.5   2:46pm  31.5   6:39am   15    1  0.00   3  21   5:35pm   S 29.80   50
6    44.9  50.9   1:01pm  39.9  10:49pm   20    0  0.00   2  17   9:57am   N 29.95   74
7    48.8  68.0   2:09pm  33.6   6:35am   16    0  0.00   3  20  11:59am   N 30.00   57
8    45.5  67.1   1:56pm  28.2   6:25am   20    0  0.00   2  24   4:46pm SSW 30.06   47
9    48.4  69.1   2:35pm  30.0   5:38am   17    0  0.00   4  31   5:33pm   S 29.98   47
10   51.5  73.8   1:29pm  32.7   6:18am   14    1  0.00   2  25   3:24pm  NE 30.01   47
11   48.0  62.6   2:20pm  40.8   2:04am   17    0  0.00   4  25   1:50pm  NE 30.10   42
12   45.7  61.3   2:11pm  34.0   5:13am   19    0  0.00   4  23  12:49pm NNE 30.02   36
13   46.5  68.4   2:00pm  26.6   6:22am   19    0  0.00   4  20  12:45pm NNE 30.19   35
14   49.2  73.6   2:34pm  30.9   6:11am   17    1  0.00   2  21   5:26pm NNE 30.29   35
15   47.0  70.9   1:43pm  27.1   6:14am   19    1  0.00   4  28   2:22pm   S 30.33   44
16   48.6  65.5  12:20pm  33.6   3:04am   16    0  0.08   1  18  11:18am SSE 30.25   65
17   54.3  72.9   2:17pm  39.0   6:08am   12    1  0.00   1  17   1:00pm SSW 30.18   69
18   59.0  82.6   2:11pm  37.8   4:53am   10    4  0.00   4  32   4:40pm   S 29.98   60
19   62.8  83.5   1:18pm  47.8   4:53am    6    4  0.28   4  34   1:09pm SSE 29.81   67
20   49.6  58.1  12:00am  35.2  11:56pm   15    0  0.04   5  22   2:10pm   N 29.96   71
21   44.9  64.9   2:43pm  29.1   5:57am   20    0  0.00   2  22   5:16pm   S 30.05   61
22   43.4  62.1   1:06pm  34.5   6:22am   21    0  0.00   6  27   4:02pm   N 29.85   58
23   37.5  49.5   2:28pm  31.1   5:46am   27    0  0.00  10  31   2:31pm   N 29.94   42
24   42.6  57.9   2:36pm  32.5   6:40am   22    0  0.00   8  38  12:55pm   N 29.70   45
25   46.6  66.9  12:43pm  30.4   5:56am   18    0  0.28   3  26   1:09pm WNW 29.40   54
26   40.9  50.2  12:51pm  34.5   1:42am   24    0  0.24   1  17   3:41pm WNW 29.39   74
27   40.7  52.3   1:08pm  35.1   5:51am   24    0  0.04   2  31   6:20pm WNW 29.62   72
28   40.9  50.9  12:16pm  32.0   1:37am   24    0  0.00   3  22   1:11pm WNW 29.87   59
29   43.2  54.5  12:17pm  34.2   5:04am   22    0  0.00   2  21   2:01pm   S 29.88   51
30   42.6  54.0   2:25pm  29.1   4:32am   22    0  0.00   3  20   9:59am WNW 29.84   50
---------------------------------------------------------------------------------------
TOT  46.5  83.5  4/19/05  26.6  4/13/05  567   14  0.94   3  38  4/24/05 NNE 29.94   54

HEAT BASE: 65.0
COOL BASE: 65.0