NOAA-Style Climate Reports


Report for 2005 March
                  MONTHLY CLIMATOLOGICAL SUMMARY FOR 3/2005
                                        HEAT  COOL        
     MEAN                               DEG   DEG       WIND SPEED       DOM MEAN  MEAN
DAY  TEMP  HIGH   TIME     LOW   TIME   DAYS  DAYS RAIN AVG  HI  TIME    DIR BAROM HUM
---------------------------------------------------------------------------------------
1    18.5  26.1  12:13pm   9.3  11:44pm   46    0  0.00   5  30   7:26am   N 29.81   56
2    15.3  30.9   1:10pm   1.2  11:58pm   50    0  0.00   3  27  12:46pm   N 30.05   48
3    14.9  35.4   1:29pm  -3.6   4:36am   50    0  0.04   2  18  10:41am SSE 30.03   47
4    23.5  30.4   2:15pm  13.1   1:18am   42    0  0.00   0  11   8:40am   S 29.81   71
5    30.8  48.7   1:15pm  13.6   3:45am   34    0  0.16   3  23   9:15pm  SW 29.90   62
6    41.4  54.3   1:17pm  33.1  12:00am   23    0  0.00   4  25   3:55pm   S 29.51   61
7    24.5  35.1  12:00am   6.4  11:52pm   40    0  0.00   5  30   8:41am   N 29.46   61
8    13.7  28.6   1:22pm   3.2  11:54pm   51    0  0.00   3  31   1:36pm  NW 29.84   43
9    14.0  30.6   1:24pm   2.5   5:29am   51    0  0.00   3  26   2:17pm  NW 29.91   41
10   19.0  30.9  11:50am   8.6   3:45am   46    0  0.00   0  20  10:35am   S 29.56   65
11   20.2  36.7   1:41pm   5.9   6:03am   45    0  0.00   3  27  11:35am WNW 29.41   63
12   16.6  32.4   1:19pm   3.0  11:58pm   47    0  0.00   3  22   1:05pm WNW 29.52   42
13    0.0  26.4   7:53pm  26.4   7:53pm    0    0  0.00   0   0   7:53pm ---  0.00    0
14   25.1  26.4   7:53pm  23.0  11:59pm    7    0  0.00   0  10   9:50pm SSE 30.07   56
15   26.7  38.3   2:02pm  17.1  11:58pm   38    0  0.00   2  21   4:42pm SSE 30.11   55
16   21.3  29.1   2:31pm   9.7   4:45am   44    0  0.00   0  11  10:51am NNE 30.03   78
17   23.5  41.4   1:17pm   5.4   6:38am   41    0  0.12   1  15  11:17am ENE 30.01   64
18   23.3  34.2   1:59pm   8.1   6:17am   42    0  0.00   2  16   9:24am NNE 30.04   63
19   28.2  33.8  12:45pm  23.2   4:41am   35    0  0.00   2  16   1:24am NNE 29.97   78
20   31.9  41.5  12:55pm  19.9  11:59pm   33    0  0.04   2  17   7:39am   N 30.08   67
21   29.2  43.5  12:42pm  17.4   6:23am   36    0  0.20   2  17  11:53am   N 30.22   65
22   28.1  44.4   1:06pm  11.7   5:49am   37    0  0.04   2  17   9:53am NNE 30.21   59
23   30.6  44.4   1:14pm  18.5   6:04am   34    0  0.00   1  17  11:02am NNE 30.05   56
24   33.2  49.3  12:57pm  18.0   5:33am   32    0  0.00   3  21   1:16pm WNW 29.97   57
25   31.5  43.3  12:58pm  22.3   6:09am   34    0  0.00   2  17   2:43pm NNE 30.12   60
26   33.3  50.2   1:18pm  17.2   5:50am   31    0  0.00   3  23   3:16pm SSE 30.03   55
27   37.1  53.2   1:18pm  23.9   6:03am   28    0  0.00   3  23  12:08pm   S 29.87   62
28   43.1  58.8   1:06pm  33.4   6:12am   22    0  0.00   2  21   1:44am SSE 29.64   61
29   44.3  61.0   1:17pm  29.7   6:41am   21    0  0.00   4  40   3:26pm SSW 29.70   60
30   47.8  59.5  12:38pm  40.3   1:14am   17    0  0.00   3  34  12:51pm SSW 29.52   66
31   41.1  45.3   1:34pm  32.7  11:28pm   24    0  0.08   5  36  11:53am WNW 29.57   78
---------------------------------------------------------------------------------------
TOT  27.4  61.0  3/29/05  -3.6   3/3/05 1081    0  0.71   3  40  3/29/05  NW 29.86   60

HEAT BASE: 65.0
COOL BASE: 65.0