NOAA-Style Climate Reports

Select a Year or Month report
2018: Jan Feb Mar Apr May Jun Jul Aug Sep Oct Nov Dec
2017: Jan Feb Mar Apr May Jun Jul Aug Sep Oct Nov Dec
2016: Jan Feb Mar Apr May Jun Jul Aug Sep Oct Nov Dec
2015: Jan Feb Mar Apr May Jun Jul Aug Sep Oct Nov Dec
2014: Jan Feb Mar Apr May Jun Jul Aug Sep Oct Nov Dec
2013: Jan Feb Mar Apr May Jun Jul Aug Sep Oct Nov Dec
2012: Jan Feb Mar Apr May Jun Jul Aug Sep Oct Nov Dec
2011: Jan Feb Mar Apr May Jun Jul Aug Sep Oct Nov Dec
2010: Jan Feb Mar Apr May Jun Jul Aug Sep Oct Nov Dec
2009: Jan Feb Mar Apr May Jun Jul Aug Sep Oct Nov Dec
2008: Jan Feb Mar Apr May Jun Jul Aug Sep Oct Nov Dec
2007: Jan Feb Mar Apr May Jun Jul Aug Sep Oct Nov Dec
2006: Jan Feb Mar Apr May Jun Jul Aug Sep Oct Nov Dec
2005: Jan Feb Mar Apr May Jun Jul Aug Sep Oct Nov Dec
2004: Jan Feb Mar Apr May Jun Jul Aug Sep Oct Nov Dec
2003: Jan Feb Mar Apr May Jun Jul Aug Sep Oct Nov Dec

Report for 2005 March

Daily NOAA report



                            MONTHLY CLIMATOLOGICAL SUMMARY for MAR. 2005

NAME: Athelstane Weather   CITY: Athelstane STATE: Wisconsin
ELEV: 812 LAT: 045:23:00 LONG: 0088:07:00

                            TEMPERATURE ( °F), RAIN (in.), WIND SPEED (mph)

                                               HEAT     COOL           AVG
      MEAN                                     DEG      DEG            WIND                       DOM
DAY   TEMP    HIGH   TIME     LOW    TIME      DAYS     DAYS    RAIN   SPEED    HIGH    TIME      DIR
--------------------------------------------------------------------------------------------------------
01    18.5   025.7   13:04    08.8   00:00     46.5     00.0   00.00   04.8     24.1    11:03     NNW
02    15.1   030.6   13:04   -00.4   00:00     49.8     00.0   00.00   03.0     20.7    11:04     NNW
03    14.9   035.2   14:03   -03.6   06:02     50.1     00.0   00.00   00.8     14.9    16:04     NNW
04    23.8   029.3   12:04    13.1   02:04     41.1     00.0   00.00   00.0     10.3    11:05      N 
05    30.8   048.0   13:04    13.6   04:03     34.2     00.0   00.00   02.1     19.6    17:05      SW
06    41.3   053.6   14:03    33.4   05:03     23.6     00.0   00.00   02.9     20.7    10:05     SSW
07    24.4   034.3   01:15    06.8   23:34     40.5     00.0   00.00   05.3     27.6    11:04     NNW
08    13.7   027.7   13:04    03.2   00:00     51.3     00.0   00.00   03.3     31.1    13:28      NW
09    14.1   030.0   14:03    02.5   06:29     50.9     00.0   00.00   03.9     21.9    12:08      NW
10    19.1   029.8   14:03    08.8   05:02     45.9     00.0   00.00   00.6     19.6    11:03      SW
11    20.2   035.4   14:03    05.9   06:14     44.7     00.0   00.00   02.7     26.4    12:01      W 
12    16.5   031.3   13:05    01.9   00:00     48.4     00.0   00.00   02.7     20.7    13:05     WNW
13    16.3   034.0   14:03   -02.0   05:03     48.6     00.0   00.00   02.2     16.1    15:04      SW
14    25.7   026.1   23:58    22.8   00:00     39.2     00.0   00.00   00.0     10.3    22:35      NW
15    26.6   038.1   14:04    15.8   00:00     38.4     00.0   00.00   01.8     19.6    10:03     SSW
16    21.4   028.9   15:28    09.7   05:04     43.5     00.0   00.00   00.0     10.3    13:29      N 
17    23.3   039.2   13:04    05.5   06:28     41.6     00.0   00.00   00.2     11.5    15:04     NNE
18    23.3   033.8   14:04    08.2   07:02     41.6     00.0   00.00   00.4     13.8    13:04      NE
19    28.4   033.4   13:03    23.2   05:03     36.5     00.0   00.00   01.3     12.7    14:03     NNE
20    31.9   040.6   13:29    19.8   00:00     33.0     00.0   00.00   02.8     17.3    08:12     NNW
21    28.9   041.9   13:04    17.6   00:00     36.0     00.0   00.00   01.7     14.9    09:05      N 
22    28.0   044.4   13:04    11.7   06:04     36.9     00.0   00.00   01.2     14.9    15:05     NNE
23    30.6   043.9   13:04    19.0   07:04     34.4     00.0   00.00   00.9     16.1    11:04     SSW
24    33.2   048.9   13:04    18.0   06:04     31.7     00.0   00.00   03.1     16.1    14:01     WNW
25    31.3   043.2   13:04    22.5   06:04     33.6     00.0   00.00   01.7     12.7    13:04     NNW
26    33.3   050.0   13:29    17.4   06:04     31.7     00.0   00.00   03.1     19.6    17:20      SW
27    37.1   052.5   13:04    23.9   06:06     27.9     00.0   00.00   03.2     19.6    17:06      SW
28    42.9   058.8   14:04    33.6   06:33     22.0     00.0   00.00   01.4     16.1    17:03     SSW
29    44.3   060.1   13:03    30.2   06:04     20.6     00.0   00.00   04.3     29.9    14:04      S 
30    43.4   050.0   09:05    40.5   02:03     21.5     00.0   00.00   01.1     21.9    09:05      SW
31    41.3   045.3   14:01    33.6   23:08     23.6     00.0   00.00   04.5     32.2    13:03      NW
--------------------------------------------------------------------------------------------------------
27.2 (27.2)   60.1  day 29    -03.6  day 03   1169.5    000.0   00.00   02.2     32.2   day 29      NW
Max