NOAA-Style Climate Reports


Report for 2005 February

Daily NOAA report



                            MONTHLY CLIMATOLOGICAL SUMMARY for FEB. 2005

NAME: Athelstane Weather   CITY: Athelstane STATE: Wisconsin
ELEV: 812 LAT: 045:23:00 LONG: 0088:07:00

                            TEMPERATURE ( °F), RAIN (in.), WIND SPEED (mph)

                                               HEAT     COOL           AVG
      MEAN                                     DEG      DEG            WIND                       DOM
DAY   TEMP    HIGH   TIME     LOW    TIME      DAYS     DAYS    RAIN   SPEED    HIGH    TIME      DIR
--------------------------------------------------------------------------------------------------------
01    31.7   037.4   15:03    25.5   23:11     33.2     00.0   00.00   01.1     14.9    18:03      S 
02    33.7   041.7   13:29    28.4   00:00     31.3     00.0   00.00   03.5     20.7    14:14      S 
03    33.9   048.9   14:03    24.3   00:00     31.0     00.0   00.00   02.9     18.4    02:29     WSW
04    31.4   046.8   13:29    21.7   07:04     33.6     00.0   00.00   03.2     19.6    13:28      S 
05    35.7   050.0   14:03    24.4   07:02     29.3     00.0   00.00   02.7     20.7    13:05      S 
06    39.7   045.9   13:04    36.1   00:00     25.3     00.0   00.00   02.5     16.1    09:04      S 
07    30.2   036.1   01:15    19.2   00:00     34.7     00.0   00.00   00.6     11.5    13:03      N 
08    20.8   027.7   14:03    14.9   07:05     44.2     00.0   00.00   00.0     00.0    00:00     NNE
09    22.1   028.6   13:17    13.6   00:00     42.8     00.0   00.00   00.0     00.0    00:00      NE
10    20.8   034.0   13:29    09.5   07:23     44.1     00.0   00.00   00.7     16.1    13:28      SW
11    31.3   043.2   15:04    21.6   02:05     33.7     00.0   00.00   02.1     19.6    11:04     WSW
12    34.2   048.7   14:00    24.8   07:17     30.7     00.0   00.00   00.9     13.8    12:00     NNW
13    29.8   038.1   13:29    22.5   06:29     35.2     00.0   00.00   01.0     18.4    16:07      NE
14    32.8   038.8   14:29    28.6   01:12     32.1     00.0   00.00   02.0     17.3    12:28      W 
15    29.0   035.1   11:04    11.5   00:00     35.9     00.0   00.00   03.3     25.3    03:05     WNW
16    18.2   034.9   14:04    05.5   07:04     46.8     00.0   00.00   04.3     21.9    19:06      W 
17    11.0   017.6   15:01    03.7   00:00     54.0     00.0   00.00   03.9     25.3    15:01      NW
18    10.1   023.0   13:05   -01.1   06:09     54.8     00.0   00.00   01.6     19.6    15:04      W 
19    15.8   030.6   13:30    03.9   05:02     49.1     00.0   00.00   01.3     17.3    11:03     WNW
20    25.2   031.8   13:28    15.1   02:04     39.8     00.0   00.00   00.6     12.7    14:28     NNE
21    27.3   036.7   14:03    11.5   00:00     37.6     00.0   00.00   01.0     14.9    14:03     WNW
22    19.6   033.8   13:04    06.1   05:28     45.3     00.0   00.00   02.1     17.3    14:03      NW
23    21.0   035.2   13:04    10.4   06:03     43.9     00.0   00.00   00.5     12.7    13:04      W 
24    20.3   034.2   14:04    02.5   07:01     44.6     00.0   00.00   00.9     18.4    13:04     WSW
25    26.0   037.9   13:04    10.9   00:00     38.9     00.0   00.00   01.1     17.3    15:28     NNW
26    16.9   032.4   14:03    03.0   07:06     48.1     00.0   00.00   02.2     18.4    18:03     SSW
27    25.7   032.0   11:04    14.2   03:02     39.3     00.0   00.00   01.1     25.3    11:04     SSW
28    27.9   033.6   12:00    21.4   23:09     37.1     00.0   00.00   02.6     17.3    21:04      N 
--------------------------------------------------------------------------------------------------------
25.8 (25.9)   50.0  day 05    -01.1  day 18   1096.4    000.0   00.00   01.8     25.3   day 04      W 
Max