NOAA-Style Climate Reports


Report for 2005 February
                  MONTHLY CLIMATOLOGICAL SUMMARY FOR 2/2005
                                        HEAT  COOL        
     MEAN                               DEG   DEG       WIND SPEED       DOM MEAN  MEAN
DAY  TEMP  HIGH   TIME     LOW   TIME   DAYS  DAYS RAIN AVG  HI  TIME    DIR BAROM HUM
---------------------------------------------------------------------------------------
1    31.8  37.4   2:28pm  25.5  10:35pm   33    0  0.00   1  17   5:22pm   S 30.34   79
2    33.8  41.9   1:40pm  28.4  11:58pm   31    0  0.16   4  22   2:05pm   S 30.26   78
3    34.0  48.9   1:33pm  25.0  11:56pm   31    0  0.08   2  20   2:20pm   S 30.09   73
4    31.4  46.9   1:37pm  21.6   7:10am   34    0  0.00   2  22  11:18am   S 30.11   77
5    35.7  50.0   1:31pm  24.4   6:21am   29    0  0.00   3  24   3:11pm   S 30.07   72
6    39.7  46.0   1:08pm  36.3  10:28pm   25    0  0.04   3  20   9:58am   S 30.02   77
7    30.2  36.7  12:00am  20.7  11:57pm   35    0  0.00   0  15  11:53am   N 30.08   79
8    20.8  27.9   1:24pm  14.7   6:41am   44    0  0.00   0   0  12:00am   N 30.19   59
9    22.1  29.8   1:17pm  13.6  11:56pm   43    0  0.00   0   0  12:00am   N 30.06   62
10   20.8  34.3   1:44pm   9.3   6:47am   44    0  0.00   1  20   1:37pm WSW 30.08   60
11   31.4  43.3   1:46pm  21.6   2:04am   33    0  0.08   2  22  11:45am WSW 29.85   65
12   34.5  48.7   1:28pm  24.6   7:06am   30    0  0.00   1  17  11:50am WNW 29.83   59
13   29.8  38.3   1:33pm  22.5   6:24am   35    0  0.00   3  18   9:18am  NE 29.91   69
14   32.8  39.0   2:39pm  28.6  12:19am   32    0  0.04   2  20  12:44pm WNW 29.52   81
15   29.0  35.6  11:14am  12.9  11:59pm   36    0  0.00   3  25   3:07am WNW 29.87   59
16   18.2  35.2   2:00pm   5.5   6:51am   47    0  0.00   3  23   3:25pm WNW 29.94   59
17   11.0  18.1   2:28pm   5.2  11:57pm   54    0  0.00   3  25   2:30pm WNW 30.06   50
18   10.2  23.9   1:52pm  -1.3   5:25am   55    0  0.00   3  25   3:09pm WSW 30.19   43
19   15.9  30.9   1:11pm   3.7   4:39am   49    0  0.00   1  21  10:22am WNW 30.18   47
20   25.0  32.0   1:07pm  15.1   1:04am   40    0  0.00   0  17   2:21pm NNE 29.93   77
21   27.3  36.9   1:18pm  12.7  11:58pm   38    0  0.00   1  20   2:08pm WNW 29.89   70
22   19.7  34.2   1:48pm   5.9   5:38am   45    0  0.00   1  17  12:44pm WNW 30.16   64
23   21.1  35.4   1:06pm  10.4   5:00am   44    0  0.00   0  16   1:17pm   S 30.23   66
24   20.4  34.3  12:55pm   2.1   6:46am   45    0  0.00   1  23   1:22pm   S 30.09   64
25   26.1  38.8  12:58pm  12.6  11:59pm   39    0  0.08   1  17   2:04pm   N 30.03   66
26   16.8  33.8   1:22pm   2.8   7:07am   48    0  0.00   1  21   2:02pm SSW 30.27   54
27   25.6  32.2  10:47am  13.1  12:00am   39    0  0.00   2  27   9:56am   S 29.93   70
28   27.5  33.8  11:26am  20.7  11:58pm   37    0  0.00   2  18   5:26pm   N 29.66   77
---------------------------------------------------------------------------------------
TOT  25.8  50.0   2/5/05  -1.3  2/18/05 1095    0  0.47   2  27  2/27/05   S 30.03   66

HEAT BASE: 65.0
COOL BASE: 65.0