NOAA-Style Climate Reports


Report for 2005 January
                  MONTHLY CLIMATOLOGICAL SUMMARY FOR 1/2005
                                        HEAT  COOL        
     MEAN                               DEG   DEG       WIND SPEED       DOM MEAN  MEAN
DAY  TEMP  HIGH   TIME     LOW   TIME   DAYS  DAYS RAIN AVG  HI  TIME    DIR BAROM HUM
---------------------------------------------------------------------------------------
1    23.3  30.7  11:59pm  16.9   3:13am   40    0  0.00   1  18  10:29pm NNE 30.38   63
2    31.0  35.8   1:36pm  20.3  11:50pm   34    0  0.20   0  18  12:38am   W 30.11   85
3    16.5  21.6   2:23pm   8.8  11:55pm   48    0  0.00   0   0  12:00am   N 30.31   72
4    16.2  24.4   1:02pm   8.8  12:00am   49    0  0.00   0   0  12:00am   N 30.37   66
5    14.0  17.2  12:55pm   8.8   7:29am   51    0  0.00   0   0  12:00am   N 30.33   62
6    14.8  24.3   1:33pm   8.4   8:34pm   50    0  0.00   0   0  12:00am   N 29.91   69
7    11.6  21.6  12:39pm   4.6   7:42am   53    0  0.00   0   0  12:00am   N 30.01   70
8    16.7  27.1  12:27pm   5.5   1:54am   48    0  0.00   0  11  12:17pm NNE 30.17   56
9    22.8  26.4  12:10pm  19.6   1:25am   42    0  0.00   0   0  12:00am   N 30.01   77
10   18.3  25.2  12:43pm   8.2   7:41am   46    0  0.00   0   0  12:00am   N 30.12   62
11   24.1  30.7   1:40pm  18.7   3:34am   41    0  0.00   0   0  12:00am   N 30.04   74
12   32.7  34.7   2:09pm  27.3  12:00am   32    0  0.04   0  17   3:09pm   S 29.57   96
13   21.9  33.3  12:00am  -2.6  11:56pm   43    0  0.00   1  23   8:22am WNW 29.76   61
14   -3.4   5.5  12:46pm  -9.9   7:42am   68    0  0.00   0   0  12:00am   N 30.44   41
15   -3.9   5.5  12:36pm -11.6  11:53pm   69    0  0.00   0  21   2:48pm WNW 30.58    0
16   -2.1  10.9  12:51pm -11.7  12:00am   66    0  0.00   1  17   3:13pm WNW 30.56    0
17   -5.2   5.2   1:29pm -13.9  11:57pm   70    0  0.00   1  22  12:39pm WNW 30.67    0
18    0.1  14.5  11:51pm -17.7   4:57am   65    0  0.00   4  32   5:32pm   S 30.25    3
19   16.9  24.6   1:14pm   8.1   6:59pm   48    0  0.00   2  24   6:41am  NW 29.95   63
20   13.9  20.1  12:50pm   2.8  11:58pm   51    0  0.00   0  13  12:39pm NNE 30.15   63
21    6.8  19.2   1:34pm -10.7   7:02am   58    0  0.00   0  17   4:21pm SSW 30.16   68
22   14.8  21.9  12:40pm   1.6  11:51pm  107    0  0.00   2  23   2:36pm   N 30.12   59
23    7.0  21.0   2:46pm  -9.8   7:26am   58    0  0.00   2  23   1:27pm   S 30.25   25
24   23.1  31.3   1:09pm  14.7  12:00am   42    0  0.00   1  18   2:18am WNW 29.88   66
25   27.5  32.9   3:14pm  24.3   3:06am   38    0  0.00   1  20  11:57am   S 29.67   81
26   15.1  25.7  12:00am  -2.9   9:53pm   50    0  0.00   2  23   2:55pm   N 30.15   56
27    5.6  21.9   1:39pm  -4.7   3:14am   59    0  0.00   1  17  12:13pm   S 30.55   49
28   11.5  29.1   1:21pm  -3.5  12:01am   53    0  0.00   2  24   2:43pm   S 30.45   52
29   27.0  36.7  12:54pm  14.9  12:20am   38    0  0.04   0  11   2:53pm   N 30.18   61
30   31.4  34.2  12:38pm  29.7  11:51pm   33    0  0.00   0  13   2:26pm   S 30.24   75
31   30.6  34.0   1:48pm  26.2   5:43am   34    0  0.00   0  18   1:59pm SSE 30.28   83
---------------------------------------------------------------------------------------
TOT  15.5  36.7  1/29/05 -17.7  1/18/05 1586    0  0.28   1  32  1/18/05   S 30.18   57

HEAT BASE: 65.0
COOL BASE: 65.0