NOAA-Style Climate Reports

Select a Year or Month report
2018: Jan Feb Mar Apr May Jun Jul Aug Sep Oct Nov Dec
2017: Jan Feb Mar Apr May Jun Jul Aug Sep Oct Nov Dec
2016: Jan Feb Mar Apr May Jun Jul Aug Sep Oct Nov Dec
2015: Jan Feb Mar Apr May Jun Jul Aug Sep Oct Nov Dec
2014: Jan Feb Mar Apr May Jun Jul Aug Sep Oct Nov Dec
2013: Jan Feb Mar Apr May Jun Jul Aug Sep Oct Nov Dec
2012: Jan Feb Mar Apr May Jun Jul Aug Sep Oct Nov Dec
2011: Jan Feb Mar Apr May Jun Jul Aug Sep Oct Nov Dec
2010: Jan Feb Mar Apr May Jun Jul Aug Sep Oct Nov Dec
2009: Jan Feb Mar Apr May Jun Jul Aug Sep Oct Nov Dec
2008: Jan Feb Mar Apr May Jun Jul Aug Sep Oct Nov Dec
2007: Jan Feb Mar Apr May Jun Jul Aug Sep Oct Nov Dec
2006: Jan Feb Mar Apr May Jun Jul Aug Sep Oct Nov Dec
2005: Jan Feb Mar Apr May Jun Jul Aug Sep Oct Nov Dec
2004: Jan Feb Mar Apr May Jun Jul Aug Sep Oct Nov Dec
2003: Jan Feb Mar Apr May Jun Jul Aug Sep Oct Nov Dec

Report for 2005 January

Daily NOAA report



                            MONTHLY CLIMATOLOGICAL SUMMARY for JAN. 2005

NAME: Athelstane Weather   CITY: Athelstane STATE: Wisconsin
ELEV: 812 LAT: 045:23:00 LONG: 0088:07:00

                            TEMPERATURE ( °F), RAIN (in.), WIND SPEED (mph)

                                               HEAT     COOL           AVG
      MEAN                                     DEG      DEG            WIND                       DOM
DAY   TEMP    HIGH   TIME     LOW    TIME      DAYS     DAYS    RAIN   SPEED    HIGH    TIME      DIR
--------------------------------------------------------------------------------------------------------
01    23.5   030.9   00:00    17.1   04:02     41.4     00.0   00.00   00.0     13.8    12:03      N 
02    31.0   035.6   14:03    20.1   00:00     33.9     00.0   00.00   00.5     18.4    00:34     WSW
03    16.5   021.6   14:29    09.3   23:26     48.4     00.0   00.00   00.0     00.0    00:00     SSW
04    16.3   024.4   13:08    10.0   01:11     48.7     00.0   00.00   00.0     00.0    00:00     SSW
05    13.9   017.1   16:04    08.8   08:16     51.0     00.0   00.00   00.0     00.0    00:00     SSW
06    14.9   024.3   13:29    07.7   00:00     50.1     00.0   00.00   00.0     00.0    00:00     SSW
07    11.6   021.4   13:14    04.6   08:14     53.3     00.0   00.00   00.0     00.0    00:00     SSW
08    16.4   027.1   12:28    05.5   02:24     48.5     00.0   00.00   00.0     00.0    00:00     SSW
09    21.6   026.2   12:29    19.2   23:58     43.4     00.0   00.00   00.0     00.0    21:00     SSW
10    19.4   019.6   00:00    19.2   22:04     45.5     00.0   00.00   00.0     00.0    00:00      NE
11    24.0   030.4   13:31    18.7   04:02     41.0     00.0   00.00   00.0     00.0    00:00     NNE
12    32.5   034.7   15:04    27.5   00:49     32.5     00.0   00.00   00.2     14.9    17:28      NE
13    22.5   033.3   01:32   -03.3   00:00     42.4     00.0   00.00   01.3     19.6    10:29      NW
14   -03.5   005.4   13:29   -09.9   08:18     68.4     00.0   00.00   00.0     00.0    00:00     WNW
15   -03.9   005.4   13:28   -11.2   00:00     68.8     00.0   00.00   00.0     12.7    15:27      W 
16   -02.0   010.6   13:28   -11.2   01:13     67.0     00.0   00.00   00.8     13.8    14:29      W 
17   -05.3   005.2   14:04   -14.3   00:00     70.2     00.0   00.00   01.1     18.4    12:03     WNW
18    00.1   014.7   00:00   -17.7   05:03     64.8     00.0   00.00   03.5     32.2    17:28      S 
19    16.9   024.1   12:05    09.0   20:04     48.0     00.0   00.00   02.8     19.6    10:03      NW
20    13.9   019.9   14:05   -00.0   00:00     51.1     00.0   00.00   00.0     08.1    17:01      N 
21    06.7   019.2   13:29   -10.7   07:04     58.2     00.0   00.00   00.5     13.8    13:29      NE
22    14.7   021.2   13:30    01.9   00:00     50.2     00.0   00.00   02.4     21.9    14:30      N 
23    06.8   020.8   15:05   -09.6   08:07     58.1     00.0   00.00   01.2     19.6    20:01     SSW
24    23.0   030.9   13:29    15.1   05:28     42.0     00.0   00.00   00.3     12.7    15:16     WNW
25    27.5   032.4   15:29    24.3   06:00     37.5     00.0   00.00   01.4     17.3    23:20     SSW
26    15.3   025.7   00:10   -02.7   22:09     49.6     00.0   00.00   01.8     14.9    15:29      N 
27    05.5   021.7   14:02   -04.7   03:28     59.4     00.0   00.00   00.9     14.9    15:02      S 
28    11.3   028.8   14:00   -03.3   02:05     53.7     00.0   00.00   00.8     20.7    11:04      S 
29    26.8   036.3   13:04    15.1   01:12     38.2     00.0   00.00   00.0     11.5    15:04      NW
30    31.4   034.0   13:04    29.7   00:00     33.5     00.0   00.00   00.0     11.5    12:04      W 
31    30.0   031.8   23:58    26.4   06:01     34.9     00.0   00.00   00.0     00.0    23:12      S 
--------------------------------------------------------------------------------------------------------
15.5 (14.9)   36.3  day 29    -17.7  day 18   1533.8    000.0   00.00   00.6     32.2   day 18     WSW
Max