NOAA-Style Climate Reports

Select a Year or Month report
2018: Jan Feb Mar Apr May Jun Jul Aug Sep Oct Nov Dec
2017: Jan Feb Mar Apr May Jun Jul Aug Sep Oct Nov Dec
2016: Jan Feb Mar Apr May Jun Jul Aug Sep Oct Nov Dec
2015: Jan Feb Mar Apr May Jun Jul Aug Sep Oct Nov Dec
2014: Jan Feb Mar Apr May Jun Jul Aug Sep Oct Nov Dec
2013: Jan Feb Mar Apr May Jun Jul Aug Sep Oct Nov Dec
2012: Jan Feb Mar Apr May Jun Jul Aug Sep Oct Nov Dec
2011: Jan Feb Mar Apr May Jun Jul Aug Sep Oct Nov Dec
2010: Jan Feb Mar Apr May Jun Jul Aug Sep Oct Nov Dec
2009: Jan Feb Mar Apr May Jun Jul Aug Sep Oct Nov Dec
2008: Jan Feb Mar Apr May Jun Jul Aug Sep Oct Nov Dec
2007: Jan Feb Mar Apr May Jun Jul Aug Sep Oct Nov Dec
2006: Jan Feb Mar Apr May Jun Jul Aug Sep Oct Nov Dec
2005: Jan Feb Mar Apr May Jun Jul Aug Sep Oct Nov Dec
2004: Jan Feb Mar Apr May Jun Jul Aug Sep Oct Nov Dec
2003: Jan Feb Mar Apr May Jun Jul Aug Sep Oct Nov Dec

Report for 2004 November

Daily NOAA report



                            MONTHLY CLIMATOLOGICAL SUMMARY for NOV. 2004

NAME: Athelstane Weather   CITY: Athelstane STATE: Wisconsin
ELEV: 812 LAT: 045:23:00 LONG: 0088:07:00

                            TEMPERATURE ( °F), RAIN (in.), WIND SPEED (mph)

                                               HEAT     COOL           AVG
      MEAN                                     DEG      DEG            WIND                       DOM
DAY   TEMP    HIGH   TIME     LOW    TIME      DAYS     DAYS    RAIN   SPEED    HIGH    TIME      DIR
--------------------------------------------------------------------------------------------------------
01    42.9   045.7   13:04    40.1   00:00     22.1     00.0   00.00   00.0     06.9    14:03      NW
02    42.0   048.2   14:04    35.8   23:12     23.0     00.0   00.00   00.5     13.8    14:03     NNW
03    36.7   046.8   15:03    29.7   07:04     28.3     00.0   00.00   01.3     13.8    16:03     SSW
04    38.5   047.7   13:04    32.4   01:13     26.4     00.0   00.00   03.4     31.1    16:03      W 
05    39.8   053.2   15:02    29.7   07:04     25.2     00.0   00.00   02.0     21.9    14:04     WSW
06    46.2   062.8   14:03    34.7   05:02     18.7     00.0   00.00   00.8     16.1    00:00      SW
07    40.4   048.4   13:04    24.6   00:00     24.6     00.0   00.00   06.9     28.8    13:03      NW
08    30.1   041.0   13:04    21.7   00:00     34.9     00.0   00.00   01.3     16.1    10:04     NNW
09    35.5   046.9   13:09    21.2   02:04     29.5     00.0   00.00   02.5     19.6    19:14     SSW
10    43.7   049.8   11:03    33.3   00:00     21.2     00.0   00.00   02.2     16.1    08:14     SSW
11    30.2   039.7   13:04    21.0   00:00     34.8     00.0   00.00   00.7     14.9    14:04      W 
12    27.8   041.2   13:04    20.5   08:14     37.1     00.0   00.00   00.0     11.5    12:04     ENE
13    29.9   045.9   13:14    19.8   07:29     35.0     00.0   00.00   01.4     19.6    11:14     SSW
14    33.4   050.2   13:14    23.7   07:27     31.5     00.0   00.00   01.1     16.1    13:14      S 
15    35.2   041.2   13:03    28.2   00:08     29.7     00.0   00.00   00.2     11.5    00:00     SSW
16    44.0   047.7   16:05    39.0   07:02     20.9     00.0   00.00   00.8     16.1    12:03     SSW
17    49.7   057.7   13:04    43.0   00:00     15.2     00.0   00.00   00.6     12.7    14:03      S 
18    44.4   054.9   14:04    34.5   00:00     20.5     00.0   00.00   00.0     12.7    11:03     WSW
19    40.1   047.7   13:03    33.6   05:02     24.9     00.0   00.00   00.0     11.5    20:03     NNW
20    43.3   048.4   12:03    36.7   23:33     21.6     00.0   00.00   01.8     27.6    20:01     WNW
21    33.7   043.0   13:03    25.0   00:00     31.2     00.0   00.00   02.7     19.6    11:03     WSW
22    31.6   041.0   12:29    22.5   05:30     33.3     00.0   00.00   01.2     24.1    12:06     SSW
23    36.2   044.8   12:13    23.4   00:00     28.7     00.0   00.00   03.0     21.9    11:13     WSW
24    25.6   033.4   14:10    18.7   00:00     39.3     00.0   00.00   00.1     13.8    12:29     NNE
25    25.0   034.9   14:05    14.0   07:25     40.0     00.0   00.00   01.1     16.1    16:03     WSW
26    33.1   039.6   14:01    26.2   07:05     31.8     00.0   00.00   00.4     11.5    13:04     NNE
27    38.6   042.8   14:04    33.8   00:00     26.3     00.0   00.00   01.4     20.7    00:00      N 
28    31.5   035.6   13:03    25.7   23:27     33.4     00.0   00.00   05.4     26.4    10:04      NW
29    26.8   034.3   14:03    20.7   00:00     38.1     00.0   00.00   00.5     19.6    14:03     WSW
30    24.3   037.6   13:13    16.9   05:29     40.7     00.0   00.00   01.2     18.4    12:31     SSW
--------------------------------------------------------------------------------------------------------
36.0 (36.4)   62.8  day 06     14.0  day 25   867.9    000.0   00.00   01.5     31.1   day 28     WSW
Min  .08in) 0 (> 0.8in)