NOAA-Style Climate Reports


Report for 2004 November
                  MONTHLY CLIMATOLOGICAL SUMMARY FOR 11/2004
                                        HEAT  COOL        
     MEAN                               DEG   DEG       WIND SPEED       DOM MEAN  MEAN
DAY  TEMP  HIGH   TIME     LOW   TIME   DAYS  DAYS RAIN AVG  HI  TIME    DIR BAROM HUM
---------------------------------------------------------------------------------------
1    42.9  45.9  12:40pm  40.3  11:22pm   22    0  0.00   0   8  11:46am  SE 30.10   79
2    42.0  48.4   2:16pm  35.8  10:30pm   23    0  0.00   0  18   1:29pm  NW 30.11   81
3    36.8  46.9   1:05pm  29.7   6:35am   28    0  0.00   1  17   3:50pm SSE 30.18   81
4    38.5  48.4   1:15pm  32.0  12:00am   26    0  0.00   4  37   2:20pm  NW 29.80   71
5    39.8  53.4   2:24pm  29.5   6:40am   25    0  0.00   3  23   1:43pm  SW 29.77   58
6    46.3  63.3   1:55pm  34.7   4:26am   18    0  0.00   1  18   9:52am   S 29.59   61
7    40.5  49.1   1:11pm  25.2  11:58pm   25    0  0.00   6  29  12:35pm  NW 29.95   48
8    30.2  41.5   1:16pm  22.3  11:52pm   35    0  0.00   1  24   8:53am WNW 30.35   56
9    35.3  46.9   1:06pm  21.2   1:52am   30    0  0.00   2  24   1:07pm SSW 30.26   57
10   43.7  50.0  10:11am  34.0  11:54pm   21    0  0.28   1  18   9:12am   S 29.97   75
11   30.3  39.7   1:05pm  21.6  11:57pm   35    0  0.00   1  17   1:58pm   S 30.37   61
12   27.9  41.2  12:57pm  20.5   7:01am   37    0  0.00   0  13  10:16am WNW 30.45   64
13   30.1  46.0   1:08pm  19.8   6:49am   34    0  0.00   2  22  11:23am   S 30.58   63
14   33.6  50.2   1:01pm  23.5   6:44am   31    0  0.00   1  22  10:38am   S 30.61   66
15   35.2  41.4  12:40pm  28.0  12:27am   30    0  0.00   0  15   1:08am   S 30.43   82
16   43.9  47.7   3:14pm  38.7  12:00am   21    0  0.00   1  18  11:18am   S 30.19   94
17   49.8  57.9   1:09pm  44.1  11:58pm   15    0  0.08   0  16   1:18pm SSE 30.09   95
18   44.5  55.0   2:10pm  34.5  11:50pm   21    0  0.00   0  15  10:52am WNW 30.15   82
19   40.2  47.8  12:49pm  33.4   4:20am   25    0  0.24   1  17   3:14pm NNE 30.06   84
20   43.5  48.6  10:51am  36.1  11:09pm   21    0  0.24   3  28   3:47pm WNW 29.86   85
21   33.7  43.3  12:13pm  25.3  11:46pm   31    0  0.00   2  20  10:34am   W 30.17   64
22   31.9  41.2  12:38pm  22.5   5:12am   33    0  0.00   2  24  12:06pm   S 29.96   71
23   36.3  45.0  12:19pm  24.1  11:50pm   29    0  0.00   3  24  11:23am WNW 29.80   65
24   25.6  33.6   2:12pm  18.9  11:58pm   39    0  0.00   0  15  12:32pm NNE 29.90   63
25   25.2  35.1   2:08pm  13.8   7:08am   40    0  0.00   1  21   1:01pm WNW 29.78   63
26   33.2  39.7   1:38pm  26.2   6:49am   32    0  0.20   0  15   2:59pm NNE 29.79   74
27   38.6  43.0   1:51pm  34.0  11:03pm   26    0  0.71   1  23  11:52pm  NW 29.46   95
28   31.5  36.0  12:49pm  25.7  11:28pm   33    0  0.00   6  34   4:58am  NW 29.88   74
29   26.9  34.3   1:34pm  20.3  11:56pm   38    0  0.00   1  21   2:14pm  SW 30.15   80
30   24.2  37.6  12:44pm  16.9   5:18am   41    0  0.04   1  23   1:21pm   S 29.97   69
---------------------------------------------------------------------------------------
TOT  36.1  63.3  11/6/04  13.8 11/25/04  866    0  1.77   2  37  11/4/04 WNW 30.06   72

HEAT BASE: 65.0
COOL BASE: 65.0