NOAA-Style Climate Reports


Report for 2004 September
                  MONTHLY CLIMATOLOGICAL SUMMARY FOR 9/2004
                                        HEAT  COOL        
     MEAN                               DEG   DEG       WIND SPEED       DOM MEAN  MEAN
DAY  TEMP  HIGH   TIME     LOW   TIME   DAYS  DAYS RAIN AVG  HI  TIME    DIR BAROM HUM
---------------------------------------------------------------------------------------
1    61.7  67.8   3:13pm  56.5   8:43am    4    0  0.08   0  11   3:17pm   N 30.18   89
2    71.1  86.0   2:20pm  61.3   6:14am    1    7  0.00   2  24   2:30pm SSE 30.05   83
3    71.9  87.1   2:38pm  61.7   6:44am    0    7  0.00   1  20  12:36pm SSE 30.02   76
4    69.8  84.7   2:00pm  57.6   6:13am    2    6  0.00   1  20   1:55pm SSE 30.05   77
5    70.4  82.6   3:02pm  60.6   5:22am    1    6  0.00   2  23   2:09pm SSE 29.95   83
6    68.5  74.7   2:05pm  57.6  11:41pm    1    4  0.28   4  29   1:53pm SSE 29.73   79
7    58.7  67.1   2:00pm  50.4   5:52am    7    0  0.00   2  24  12:26pm  NW 30.04   74
8    57.7  72.5   1:50pm  46.8   6:39am    8    1  0.00   1  17   1:28pm   N 30.21   73
9    58.9  73.8   2:41pm  47.5   6:58am    8    2  0.00   0  17   2:22pm WNW 30.13   70
10   64.9  80.6   2:10pm  50.9   6:53am    4    4  0.00   4  23   4:33pm SSE 30.10   73
11   68.8  81.9   2:31pm  61.5  11:54pm    1    4  0.00   2  24   9:29am SSE 30.02   78
12   64.4  76.3   3:42pm  54.0   6:40am    3    3  0.00   1  17   4:01pm   N 30.07   85
13   69.3  84.7   2:06pm  59.0   6:17am    2    6  0.00   4  32   3:28pm   S 29.99   76
14   70.1  79.9  12:42pm  62.8   5:35am    0    5  0.08   2  28  12:23pm SSE 29.87   85
15   69.1  77.5   2:07pm  63.1  11:57pm    0    4  0.35   5  31  10:20pm SSE 29.71   88
16   58.8  71.6   1:58pm  47.8  11:58pm    7    1  0.00   5  32  11:19am  NW 29.87   60
17   55.8  73.0   2:26pm  41.7   6:42am   10    1  0.00   1  17  11:49am WSW 30.07   74
18   60.5  77.2   2:01pm  47.3   6:52am    7    2  0.00   0  17   1:43pm  SW 30.17   73
19   62.4  79.3   1:37pm  48.6   4:10am    6    3  0.00   3  25  11:06am   S 30.24   70
20   63.3  79.0   2:17pm  50.9   6:52am    5    3  0.00   3  24   2:20pm SSE 30.15   67
21   62.8  81.9   1:59pm  45.3   6:41am    6    4  0.00   2  21   3:08pm SSE 30.10   69
22   67.3  84.7   1:59pm  56.1  11:56pm    3    5  0.00   1  23   1:46pm SSE 30.17   66
23   63.7  81.1   1:39pm  48.7   7:06am    6    4  0.00   1  23   5:58pm  SW 30.08   69
24   60.3  66.0  12:00am  57.2   5:33am    5    0  0.00   4  39  10:59am SSE 29.97   76
25   59.5  72.3   1:59pm  49.1  11:54pm    7    1  0.00   2  20   1:13pm  NW 30.15   66
26   57.6  76.8   2:04pm  44.6   5:36am    9    2  0.00   2  20   1:36pm SSE 30.14   68
27   59.5  79.9   1:32pm  48.9   1:48am    8    2  0.04   2  21  11:16am SSE 30.02   74
28   51.6  64.2   4:02pm  39.4  11:59pm   13    0  0.00   1  18  12:40pm   N 30.22   71
29   48.5  68.7   4:17pm  33.6   7:17am   17    0  0.00   1  17   3:41pm SSE 30.12   66
30   51.6  70.5   2:02pm  33.3   6:41am   14    1  0.00   2  24   1:06pm SSE 29.99   64
---------------------------------------------------------------------------------------
TOT  62.6  87.1   9/3/04  33.3  9/30/04  164   92  0.83   2  39  9/24/04 SSE 30.05   74

HEAT BASE: 65.0
COOL BASE: 65.0