NOAA-Style Climate Reports

Select a Year or Month report
2018: Jan Feb Mar Apr May Jun Jul Aug Sep Oct Nov Dec
2017: Jan Feb Mar Apr May Jun Jul Aug Sep Oct Nov Dec
2016: Jan Feb Mar Apr May Jun Jul Aug Sep Oct Nov Dec
2015: Jan Feb Mar Apr May Jun Jul Aug Sep Oct Nov Dec
2014: Jan Feb Mar Apr May Jun Jul Aug Sep Oct Nov Dec
2013: Jan Feb Mar Apr May Jun Jul Aug Sep Oct Nov Dec
2012: Jan Feb Mar Apr May Jun Jul Aug Sep Oct Nov Dec
2011: Jan Feb Mar Apr May Jun Jul Aug Sep Oct Nov Dec
2010: Jan Feb Mar Apr May Jun Jul Aug Sep Oct Nov Dec
2009: Jan Feb Mar Apr May Jun Jul Aug Sep Oct Nov Dec
2008: Jan Feb Mar Apr May Jun Jul Aug Sep Oct Nov Dec
2007: Jan Feb Mar Apr May Jun Jul Aug Sep Oct Nov Dec
2006: Jan Feb Mar Apr May Jun Jul Aug Sep Oct Nov Dec
2005: Jan Feb Mar Apr May Jun Jul Aug Sep Oct Nov Dec
2004: Jan Feb Mar Apr May Jun Jul Aug Sep Oct Nov Dec
2003: Jan Feb Mar Apr May Jun Jul Aug Sep Oct Nov Dec

Report for 2004 September

Daily NOAA report



                            MONTHLY CLIMATOLOGICAL SUMMARY for SEP. 2004

NAME: Athelstane Weather   CITY: Athelstane STATE: Wisconsin
ELEV: 812 LAT: 045:23:00 LONG: 0088:07:00

                            TEMPERATURE ( °F), RAIN (in.), WIND SPEED (mph)

                                               HEAT     COOL           AVG
      MEAN                                     DEG      DEG            WIND                       DOM
DAY   TEMP    HIGH   TIME     LOW    TIME      DAYS     DAYS    RAIN   SPEED    HIGH    TIME      DIR
--------------------------------------------------------------------------------------------------------
01    61.6   067.6   15:03    56.8   08:29     03.3     00.0   00.00   00.0     10.3    15:29     NNW
02    71.1   085.5   14:02    61.3   07:04     00.0     06.2   00.00   02.3     24.1    15:01      W 
03    72.1   086.7   14:29    61.9   07:02     00.0     07.2   00.00   01.6     14.9    13:00      S 
04    69.3   084.0   14:03    60.4   03:01     00.0     04.4   00.00   01.2     13.8    15:02      SW
05    70.4   082.4   15:05    60.6   05:29     00.0     05.4   00.00   01.5     19.6    15:05      SW
06    68.6   074.5   14:28    57.6   00:00     00.0     03.6   00.00   03.8     27.6    15:30     WSW
07    58.6   066.9   14:03    50.5   07:01     06.3     00.0   00.00   01.4     21.9    09:04     WNW
08    57.6   071.8   14:02    46.9   07:03     07.4     00.0   00.00   00.7     12.7    14:02      N 
09    59.4   073.6   15:28    47.5   07:03     05.6     00.0   00.00   00.0     11.5    14:33      NW
10    64.8   080.4   14:03    50.9   07:03     00.1     00.0   00.00   03.7     21.9    16:28      S 
11    68.7   081.7   14:29    60.1   00:00     00.0     03.8   00.00   01.4     19.6    10:29      S 
12    64.5   075.7   17:03    54.1   07:01     00.4     00.0   00.00   00.3     16.1    16:03     WNW
13    69.4   084.6   14:04    59.0   06:29     00.0     04.4   00.00   03.6     25.3    16:29      SW
14    70.0   079.0   13:00    63.0   06:29     00.0     05.1   00.00   02.0     20.7    10:03     SSW
15    69.1   077.0   14:03    61.2   00:00     00.0     04.1   00.00   06.0     26.4    00:00      SW
16    58.7   071.1   14:28    42.8   04:00     06.2     00.0   00.00   06.3     26.4    05:02     WSW
17    53.9   072.3   14:29    41.9   07:28     11.0     00.0   00.00   00.1     14.9    16:12      NW
18    60.3   077.2   14:03    47.3   07:02     04.6     00.0   00.00   01.0     13.8    18:29     WSW
19    62.2   079.2   14:01    48.6   05:00     02.7     00.0   00.00   02.3     25.3    11:06      SW
20    63.2   078.6   14:04    50.9   07:04     01.8     00.0   00.00   03.9     20.7    15:03     SSW
21    62.7   081.7   14:05    45.3   07:07     02.2     00.0   00.00   01.8     19.6    15:05     SSW
22    67.3   084.7   14:04    54.5   00:00     00.0     02.4   00.00   01.7     14.9    14:04      SW
23    63.5   081.0   14:02    48.7   08:10     01.4     00.0   00.00   01.8     18.4    15:04     WSW
24    60.2   064.4   01:16    57.2   00:00     04.7     00.0   00.00   03.2     20.7    10:04     SSE
25    59.7   072.3   15:00    48.9   00:00     05.3     00.0   00.00   00.6     18.4    12:02     NNE
26    57.9   076.8   14:28    44.8   07:01     07.1     00.0   00.00   01.1     17.3    16:28      S 
27    59.8   077.4   15:29    48.9   03:02     05.1     00.0   00.00   02.4     18.4    13:28      W 
28    51.5   064.2   16:03    38.1   00:00     13.4     00.0   00.00   01.8     13.8    15:03      N 
29    48.4   068.2   16:05    33.8   08:07     16.5     00.0   00.00   00.3     12.7    16:27      SW
30    51.5   070.5   14:03    33.3   07:02     13.4     00.0   00.00   02.0     20.7    13:03      S 
--------------------------------------------------------------------------------------------------------
62.5 (63.8)   86.7  day 03     33.3  day 30   118.6    046.6   00.00   02.0     27.6   day 21      SW
Max >=  86: 1
Min  .008in) 0 (> .08in) 0 (> 0.8in)