NOAA-Style Climate Reports


Report for 2004 August
                  MONTHLY CLIMATOLOGICAL SUMMARY FOR 8/2004
                                        HEAT  COOL        
     MEAN                               DEG   DEG       WIND SPEED       DOM MEAN  MEAN
DAY  TEMP  HIGH   TIME     LOW   TIME   DAYS  DAYS RAIN AVG  HI  TIME    DIR BAROM HUM
---------------------------------------------------------------------------------------
1     0.0  71.1   7:26pm  71.1   7:26pm    0    0  0.00   0   0   7:26pm ---  0.00    0
2
3    67.4  71.1   7:26pm  64.6  11:38pm    0    0  0.00   0   0   7:26pm SSE 29.88   75
4    67.0  80.6   2:08pm  55.0  11:57pm    2    4  0.00   2  18   3:42pm   N 29.98   58
5    61.9  78.4   2:22pm  48.9   4:00am    6    3  0.00   2  18   1:45pm   N 30.15   58
6    64.7  84.0   2:54pm  48.0   5:31am    6    6  0.00   1  24   2:12pm  NW 30.12   57
7    63.0  75.9  12:48pm  46.9   5:39am    5    3  0.00   0  13  12:57pm WSW 30.05   68
8    65.8  74.3   5:18pm  57.6   5:58am    1    2  0.00   1  23   3:57pm WSW 30.00   81
9    69.6  86.4   1:37pm  62.4   4:24am    0    5  0.04   3  30   2:30pm SSE 29.81   77
10   61.0  69.8   1:20pm  52.2  11:51pm    4    0  0.00   3  25   1:28pm WNW 29.75   78
11   54.1  60.1   3:17pm  49.1   5:49am   11    0  0.00   3  22   1:21pm  NW 29.80   75
12   57.7  72.0   2:36pm  46.6  11:59pm    8    1  0.00   2  17   9:30am  NW 30.00   63
13   58.0  74.8   2:48pm  45.0   1:14am    8    1  0.00   1  17  11:11am   N 30.11   62
14   58.7  79.3   2:51pm  40.6   6:14am    9    3  0.00   1  17  12:05pm WSW 30.20   61
15   62.3  81.7   2:01pm  46.0   6:16am    7    4  0.00   2  21   5:02pm SSE 30.22   61
16   61.0  70.9  11:24am  51.3   6:24am    5    1  0.00   2  24   6:09pm SSE 30.11   76
17   66.2  78.1   2:41pm  59.4   4:31am    2    3  0.00   1  21   4:27pm SSE 29.90   79
18   63.4  81.7   2:17pm  53.1  11:57pm    5    3  0.39   4  54   2:48pm SSE 29.69   72
19   56.0  71.4   2:32pm  41.2   5:54am   10    1  0.00   4  27   2:54pm SSE 29.89   61
20   57.4  72.7   2:21pm  43.7  11:58pm    9    1  0.00   2  18  12:22pm WNW 29.92   57
21   55.6  73.8   1:49pm  39.2   6:16am   11    2  0.00   2  22  12:13pm SSE 29.98   58
22   65.6  82.0   2:37pm  49.1  12:35am    5    5  0.00   5  29   3:30pm SSE 29.76   65
23   61.9  75.0   2:26pm  52.5   6:48am    5    2  0.00   2  22   2:49pm   N 30.00   61
24   64.5  72.7   1:41pm  56.3  12:00am    2    2  0.83   1  17  12:43pm   N 29.93   84
25   70.2  81.1   1:08pm  64.6   7:00am    0    5  0.55   1  17   1:15pm SSE 29.80   90
26   71.6  82.0   3:24pm  66.2  11:42pm    0    7  0.39   2  22  12:18pm SSE 29.76   89
27   70.4  84.6   2:15pm  60.4  11:55pm    0    5  0.00   1  23   2:33pm WNW 29.85   75
28   57.8  62.2  11:52am  54.3  11:47pm    7    0  0.00   1  15   9:35am  NW 30.05   79
29   54.5  62.6   4:25pm  45.9   5:24am   10    0  0.00   0  17   3:36pm   W 30.04   74
30   59.3  75.4   3:25pm  47.3   3:26am    8    2  0.12   2  17   1:27pm SSE 30.01   82
31   61.8  73.9   2:05pm  49.1   6:23am    5    2  0.00   0  17  11:08am  SW 30.15   78
---------------------------------------------------------------------------------------
TOT  62.4  86.9   8/1/04  39.2  8/21/04  154   75  2.40   2  54  8/18/04 SSE 29.96   71

HEAT BASE: 65.0
COOL BASE: 65.0