NOAA-Style Climate Reports


Report for 2004 July
                  MONTHLY CLIMATOLOGICAL SUMMARY FOR 7/2004
                                        HEAT  COOL        
     MEAN                               DEG   DEG       WIND SPEED       DOM MEAN  MEAN
DAY  TEMP  HIGH   TIME     LOW   TIME   DAYS  DAYS RAIN AVG  HI  TIME    DIR BAROM HUM
---------------------------------------------------------------------------------------
1    67.3  84.6   2:36pm  53.1   5:11am    3    5  0.00   1  20   2:57pm WNW 30.07   57
2    65.5  84.2   1:58pm  49.1   5:47am    5    5  0.00   1  18  11:20am WSW 30.09   64
3    66.2  82.8   1:48pm  48.6   5:33am    4    6  0.00   0  20  11:26am WSW 29.87   72
4    64.4  70.5   3:40pm  59.4  11:56pm    1    1  0.75   2  17   4:59pm NNE 29.62   90
5    62.4  75.6   1:57pm  53.1   4:52am    5    2  0.00   2  17   3:21am   N 29.96   71
6    55.2  59.7   3:05pm  50.2   6:03am   10    0  0.39   1  15   1:44pm NNE 29.84   88
7    56.7  64.6   2:19pm  52.0   5:33am    8    0  0.00   3  20   1:45pm  NW 29.75   78
8    60.5  67.3  12:29pm  54.5   1:41am    5    0  0.00   3  25   5:04am  NW 29.87   75
9    61.6  72.0  12:54pm  48.9   4:50am    5    2  0.00   1  16  12:48pm SSE 30.05   79
10   69.0  87.1   1:30pm  53.2   5:13am    3    7  0.00   1  17   4:32pm SSE 30.09   74
11   68.7  80.4  12:31pm  59.0   4:34am    1    5  0.00   0  16  12:16pm WSW 29.98   82
12   74.7  89.2   3:20pm  62.6   4:48am    0   10  0.00   0  17   4:28pm SSE 29.88   74
13   70.2  86.0  11:49am  62.2  11:34pm    0    5  0.75   1  39   2:48pm SSE 29.76   82
14   69.8  83.1   2:57pm  60.4  11:52pm    1    6  0.00   4  24  10:21am   N 29.81   64
15   71.5  89.1   2:30pm  57.0   5:20am    2    8  0.00   1  20  12:24pm WNW 29.84   59
16   65.9  74.8   2:27pm  59.5   3:41am    1    2  0.20   0  17   7:07pm   N 29.84   82
17   68.1  81.7   2:48pm  56.8  11:54pm    2    5  0.00   2  17   9:19am   N 30.00   67
18   65.7  82.4   2:16pm  50.2   5:32am    4    5  0.00   0  15   3:51pm SSE 29.97   67
19   70.8  90.3   2:41pm  58.8   5:21am    1    7  0.91   2  17  10:12am SSE 29.78   77
20   73.1  89.8   2:34pm  61.9   5:41am    0    9  0.00   0  16   6:44pm WSW 29.83   80
21   74.1  84.0  12:22pm  66.4   2:45am    0    9  0.00   3  24   4:52pm SSE 29.73   84
22   70.6  81.9   1:32pm  55.6  11:59pm    1    6  0.00   3  22   8:30am  NW 29.83   68
23   62.4  79.5   2:46pm  48.4   5:39am    6    3  0.00   1  17   3:14pm NNE 30.15   58
24   62.5  78.6   2:30pm  51.4   5:53am    5    3  0.00   1  16  11:44am  SW 30.34   59
25   63.4  82.0   1:14pm  46.0   5:20am    6    5  0.00   1  17  10:07am SSE 30.30   64
26   68.5  87.4   2:28pm  53.1   6:04am    3    7  0.51   0  17   6:36pm   S 30.14   68
27   70.0  87.3   2:04pm  55.8   5:55am    2    7  0.04   0  15   4:40pm SSE 30.03   74
28   70.6  86.0   2:04pm  58.5   5:27am    2    7  0.00   3  25  11:27am SSE 29.95   66
29   70.0  79.0   2:59pm  63.1   5:42am    0    5  0.00   4  23  11:55am SSE 29.85   74
30   68.8  86.0   2:05pm  55.6   5:30am    2    6  0.00   1  17   4:16pm  SW 29.82   72
31   68.9  81.3   2:41pm  61.3  11:52pm    1    4  0.00   3  24   9:07am  NW 29.82   70
---------------------------------------------------------------------------------------
TOT  67.0  90.3  7/19/04  46.0  7/25/04   92  154  3.54   1  39  7/13/04 SSE 29.93   72

HEAT BASE: 65.0
COOL BASE: 65.0