NOAA-Style Climate Reports

Select a Year or Month report
2018: Jan Feb Mar Apr May Jun Jul Aug Sep Oct Nov Dec
2017: Jan Feb Mar Apr May Jun Jul Aug Sep Oct Nov Dec
2016: Jan Feb Mar Apr May Jun Jul Aug Sep Oct Nov Dec
2015: Jan Feb Mar Apr May Jun Jul Aug Sep Oct Nov Dec
2014: Jan Feb Mar Apr May Jun Jul Aug Sep Oct Nov Dec
2013: Jan Feb Mar Apr May Jun Jul Aug Sep Oct Nov Dec
2012: Jan Feb Mar Apr May Jun Jul Aug Sep Oct Nov Dec
2011: Jan Feb Mar Apr May Jun Jul Aug Sep Oct Nov Dec
2010: Jan Feb Mar Apr May Jun Jul Aug Sep Oct Nov Dec
2009: Jan Feb Mar Apr May Jun Jul Aug Sep Oct Nov Dec
2008: Jan Feb Mar Apr May Jun Jul Aug Sep Oct Nov Dec
2007: Jan Feb Mar Apr May Jun Jul Aug Sep Oct Nov Dec
2006: Jan Feb Mar Apr May Jun Jul Aug Sep Oct Nov Dec
2005: Jan Feb Mar Apr May Jun Jul Aug Sep Oct Nov Dec
2004: Jan Feb Mar Apr May Jun Jul Aug Sep Oct Nov Dec
2003: Jan Feb Mar Apr May Jun Jul Aug Sep Oct Nov Dec

Report for 2004 July

Daily NOAA report



                            MONTHLY CLIMATOLOGICAL SUMMARY for JUL. 2004

NAME: Athelstane Weather   CITY: Athelstane STATE: Wisconsin
ELEV: 812 LAT: 045:23:00 LONG: 0088:07:00

                            TEMPERATURE ( °F), RAIN (in.), WIND SPEED (mph)

                                               HEAT     COOL           AVG
      MEAN                                     DEG      DEG            WIND                       DOM
DAY   TEMP    HIGH   TIME     LOW    TIME      DAYS     DAYS    RAIN   SPEED    HIGH    TIME      DIR
--------------------------------------------------------------------------------------------------------
02    64.8   084.4   15:03    53.1   06:04     00.1     00.0   00.00   00.5     13.8    01:16      NW
03    66.3   081.7   14:01    48.6   06:02     00.0     01.3   00.00   00.3     14.9    17:01      W 
04    64.7   070.0   16:03    59.2   00:00     00.2     00.0   00.00   00.5     16.1    17:29      N 
05    62.4   075.2   14:17    53.1   06:23     02.6     00.0   00.00   01.4     13.8    10:17     NNW
06    55.1   059.5   16:00    50.2   06:04     09.8     00.0   00.00   00.0     11.5    20:04     NNE
07    56.6   062.4   15:03    52.0   06:02     08.3     00.0   00.00   03.7     19.6    18:04     WNW
08    60.5   067.3   16:03    53.4   00:00     04.4     00.0   00.00   03.3     25.3    05:03     NNW
09    62.2   071.8   13:15    49.1   05:03     02.7     00.0   00.00   00.3     12.7    13:15      S 
10    70.1   086.5   15:25    53.2   06:02     00.0     05.1   00.00   00.0     17.3    17:01     SSW
11    68.8   079.9   13:01    65.3   00:00     00.0     03.9   00.00   00.3     13.8    12:03      NW
12    74.6   089.1   15:29    62.8   05:03     00.0     09.7   00.00   00.4     14.9    16:29      W 
13    70.3   084.6   14:15    62.2   23:15     00.0     05.3   00.00   00.4     14.9    11:29     WSW
14    70.6   082.6   15:04    60.8   03:02     00.0     05.6   00.00   04.1     21.9    11:04      NW
15    74.4   088.5   15:04    62.6   00:00     00.0     09.5   00.00   01.0     14.9    15:03     NNW
16    65.9   073.8   14:29    59.7   04:02     00.0     01.0   00.00   00.4     13.8    18:30     NNE
17    68.0   081.0   15:03    55.4   00:00     00.0     03.1   00.00   01.1     14.9    14:04      N 
18    65.3   082.0   14:30    50.2   05:29     00.0     00.4   00.00   00.0     13.8    16:28      W 
19    70.8   090.1   15:03    58.8   06:02     00.0     05.8   00.00   00.8     14.9    15:03      S 
20    73.2   089.6   15:02    62.1   06:04     00.0     08.3   00.00   00.4     12.7    14:04      W 
21    74.1   083.1   13:03    66.6   03:01     00.0     09.1   00.00   01.0     21.9    17:03     SSW
22    70.6   081.7   14:02    54.1   00:00     00.0     05.7   00.00   03.8     20.7    09:04     NNW
23    62.5   077.9   14:28    48.6   06:04     02.4     00.0   00.00   00.4     14.9    16:06      N 
24    62.6   078.4   14:29    51.6   06:04     02.3     00.0   00.00   00.3     12.7    15:29      NW
25    63.3   081.1   15:01    46.0   06:06     01.6     00.0   00.00   01.5     16.1    11:04     SSW
26    68.8   087.3   14:03    53.1   06:05     00.0     03.9   00.00   00.5     13.8    16:05      W 
27    69.9   086.7   15:25    55.8   06:29     00.0     05.0   00.00   00.8     12.7    16:05     WSW
28    70.6   086.0   14:04    58.5   06:03     00.0     05.6   00.00   03.2     25.3    16:04      S 
29    69.9   077.7   15:04    63.1   06:04     00.0     05.0   00.00   03.9     20.7    14:04      S 
30    68.8   085.8   14:04    55.6   06:04     00.0     03.9   00.00   01.2     16.1    16:04      SW
--------------------------------------------------------------------------------------------------------
67.1 (68.1)   90.1  day 19     46.0  day 25   034.6    097.2   00.00   01.2     25.3   day 21     WNW
Max >=  86: 8
Min  .008in) 0 (> .08in) 0 (> 0.8in)