NOAA-Style Climate Reports


Report for 2004 June
                  MONTHLY CLIMATOLOGICAL SUMMARY FOR 6/2004
                                        HEAT  COOL        
     MEAN                               DEG   DEG       WIND SPEED       DOM MEAN  MEAN
DAY  TEMP  HIGH   TIME     LOW   TIME   DAYS  DAYS RAIN AVG  HI  TIME    DIR BAROM HUM
---------------------------------------------------------------------------------------
1    55.5  61.0   4:02pm  51.8   7:00am   10    0  0.00   0  12   5:44pm   N 29.53   92
2    58.2  73.9  12:24pm  43.9   5:46am    8    2  0.00   3  21   3:36pm   N 29.92   61
3    58.2  76.5   1:54pm  42.4   3:01am    9    3  0.00   2  29   5:12pm  NW 30.22   50
4    58.9  81.3   1:57pm  37.8   5:23am   10    4  0.00   1  18  12:11pm SSE 30.16   55
5    60.6  76.8  11:39am  43.5   5:38am    7    2  0.00   3  23  11:44am SSE 29.96   62
6    69.3  87.3   2:23pm  60.3   5:12am    1    5  0.00   2  20   5:26pm SSE 29.81   66
7    73.9  90.7   1:03pm  57.2   5:19am    2   11  0.00   5  32   1:56pm SSE 29.79   69
8    80.4  91.8   2:01pm  71.4   5:08am    0   15  0.00   6  29   1:39pm SSE 29.85   64
9    59.3  72.3  12:00am  50.9  11:54pm    6    1  0.28   0  23   3:06am   N 30.04   85
10   58.5  71.6   2:23pm  46.0   4:06am    7    1  0.00   2  22  11:50am NNE 30.04   60
11   57.3  63.3   2:33pm  52.5   8:31am    8    0  0.08   1  21   2:40pm NNE 29.94   67
12   64.0  80.4   3:20pm  53.6   3:31am    5    4  0.24   3  22   4:23pm SSE 29.90   80
13   64.3  73.6   6:05pm  56.5  11:57pm    2    2  0.91   1  25   7:39pm SSE 29.74   88
14    0.0  55.9   7:08am  55.9   7:08am    0    0  0.00   0   0   7:08am ---  0.00    0
15   68.4  78.6   1:47pm  55.9   7:08am    1    3  0.00   2  23   6:51pm WSW 30.04   65
16    0.0  61.0   8:57am  61.0   8:57am    0    0  0.00   0   0   8:57am ---  0.00    0
17   70.7  81.0   2:42pm  58.5  11:56pm    0    4  0.00   1  17   2:22pm SSE 30.00   58
18   64.7  79.9   1:33pm  53.1  11:52pm    4    4  0.00   3  28   6:11pm  NW 30.05   59
19   59.6  75.7   1:42pm  45.5   5:44am    8    2  0.00   3  22  12:09pm  NW 30.20   46
20   63.0  78.6   2:51pm  46.8   4:39am    6    4  0.00   4  32  10:29am SSE 29.94   53
21   63.7  75.0  11:53am  54.1   4:25am    4    3  0.31   3  25   2:21pm SSE 29.68   73
22   60.8  74.1   1:29pm  49.3   5:40am    6    2  0.00   3  29   1:30pm SSE 29.77   64
23   61.6  75.9   3:14pm  50.2   5:57am    5    2  0.12   2  29   3:01pm SSE 29.81   62
24   54.5  65.8  11:50am  44.2  11:58pm   11    0  0.00   4  30  12:53pm WNW 29.91   64
25   56.2  71.1   1:50pm  41.7   2:22am    9    1  0.00   4  25   9:48am SSE 30.00   63
26   59.0  73.6   2:34pm  45.9   5:11am    8    2  0.00   3  23   7:28pm  NW 30.01   59
27   58.7  73.9   1:44pm  45.5   4:28am    7    1  0.00   2  20   2:29pm SSE 30.04   66
28   64.1  80.4   2:28pm  48.2   5:35am    5    4  0.00   2  23   5:33pm WNW 30.01   59
29   65.5  84.2  12:08pm  53.8   5:28am    3    4  0.08   1  17   3:50pm WNW 29.99   72
30   70.4  88.0   3:22pm  53.4   2:56am    3    9  0.00   3  29   4:30pm SSE 29.96   64
---------------------------------------------------------------------------------------
TOT  62.8  91.8   6/8/04  37.8   6/4/04  157   93  3.31   2  32   6/7/04 SSE 29.94   66

HEAT BASE: 65.0
COOL BASE: 65.0