NOAA-Style Climate Reports


Report for 2004 April
                  MONTHLY CLIMATOLOGICAL SUMMARY FOR 4/2004
                                        HEAT  COOL        
     MEAN                               DEG   DEG       WIND SPEED       DOM MEAN  MEAN
DAY  TEMP  HIGH   TIME     LOW   TIME   DAYS  DAYS RAIN AVG  HI  TIME    DIR BAROM HUM
---------------------------------------------------------------------------------------
1    36.7  52.2   1:15pm  24.6   5:12am   28    0  0.00   3  18   1:35pm NNE 30.12   52
2    40.0  57.6   1:26pm  26.8   6:07am   24    0  0.00   3  21  10:51am WNW 30.09   42
3    37.5  43.9   8:25am  30.0   1:48am   27    0  0.00   8  46   9:55am   N 29.91   54
4    35.3  46.2   2:12pm  26.8  11:57pm   28    0  0.00   3  28   1:58pm   N 30.11   53
5    34.7  51.6   2:11pm  19.4   6:19am   30    0  0.00   3  24   9:45pm   S 30.10   57
6    45.1  65.7   2:12pm  32.7   6:38am   20    0  0.04   3  26   3:50pm   N 29.81   65
7    45.5  63.7   1:33pm  28.4   6:08am   20    0  0.00   2  25   5:24pm   S 29.80   52
8    42.0  51.3   2:13pm  36.0   7:56am   23    0  0.20   1  22   1:41am NNE 29.76   78
9    38.7  53.8   2:00pm  29.1   6:33am   26    0  0.04   3  23  11:58am  NW 30.00   60
10   35.1  43.0   1:16pm  29.7  12:00am   30    0  0.00   1  21  12:47pm WNW 30.07   65
11   32.7  41.2   2:46pm  25.5   4:31am   32    0  0.00   1  18   3:07pm NNE 30.18   58
12   33.1  40.5   1:57pm  24.8  11:59pm   32    0  0.00   1  17  12:51pm NNE 30.24   54
13   37.5  57.0   2:38pm  19.2   6:04am   28    0  0.00   3  24   2:31pm   N 30.04   52
14   45.4  61.7   1:15pm  30.6   5:56am   20    0  0.00   2  21   1:29pm WNW 30.01   45
15   46.2  65.8   2:24pm  29.5   6:09am   19    0  0.16   2  25  12:19pm NNE 30.01   55
16   58.0  81.1   2:49pm  40.5   5:42am   10    3  0.04   4  24   5:56pm WNW 29.84   67
17   55.9  71.8   2:31pm  43.5   5:12am   10    1  0.00   3  20   6:17pm NNE 30.04   62
18   56.5  72.0   5:09pm  44.1   4:25am   10    2  0.12   5  38  11:11pm   S 29.76   81
19   51.8  68.7  12:25am  42.8  11:59pm   13    0  0.20   7  35  12:19am  NW 29.82   68
20   39.9  47.7   1:13pm  31.6   5:19am   25    0  0.31   2  21   2:05pm NNE 29.96   73
21   41.8  46.6   5:30pm  38.8   3:17am   23    0  0.28   1  20   1:30pm NNE 29.54   94
22   43.1  57.7   2:36pm  30.6  11:59pm   22    0  0.00   3  21  12:41pm NNE 30.12   62
23   42.5  64.2   2:47pm  24.3   5:38am   23    0  0.00   3  25   2:26pm   S 30.14   53
24   40.5  54.1   2:16pm  27.0   6:17am   24    0  0.00   2  21  11:25am NNE 30.25   47
25   40.0  45.3   2:23pm  35.1  11:10pm   25    0  0.35   1  21   4:36pm  NW 29.78   85
26   41.8  52.5  12:01pm  32.4  11:50pm   23    0  0.04   5  31   2:57pm  NW 29.81   68
27   41.3  57.9   2:51pm  27.1   6:14am   24    0  0.00   3  26  11:51am  NW 29.91   46
28   56.4  76.1   5:33pm  40.1  12:55am   11    2  0.08   6  30   3:41pm   S 29.58   60
29   61.3  74.8  12:22pm  39.9  11:46pm    6    2  0.16   6  39   4:35am  SW 29.73   55
30   41.5  45.7   3:33pm  37.8   5:03am   23    0  0.00   0  12   5:47pm   S 30.02   83
---------------------------------------------------------------------------------------
TOT  43.3  81.1  4/16/04  19.2  4/13/04  660   11  2.01   3  46   4/3/04   S 29.95   62

HEAT BASE: 65.0
COOL BASE: 65.0