NOAA-Style Climate Reports


Report for 2004 March

Daily NOAA report



                            MONTHLY CLIMATOLOGICAL SUMMARY for MAR. 2004

NAME: Athelstane Weather   CITY: Athelstane STATE: Wisconsin
ELEV: 812 LAT: 045:23:00 LONG: 0088:07:00

                            TEMPERATURE ( °F), RAIN (in.), WIND SPEED (mph)

                                               HEAT     COOL           AVG
      MEAN                                     DEG      DEG            WIND                       DOM
DAY   TEMP    HIGH   TIME     LOW    TIME      DAYS     DAYS    RAIN   SPEED    HIGH    TIME      DIR
--------------------------------------------------------------------------------------------------------
05    30.6   031.8   19:20    29.1   00:00     34.4     00.0   00.00   00.0     00.0    00:00     NNW
06    32.7   038.1   14:03    28.2   06:08     32.2     00.0   00.00   00.7     14.9    12:04     WSW
07    32.8   036.3   12:04    28.9   00:00     32.1     00.0   00.00   01.9     19.6    13:04     NNW
12    29.1   035.4   14:08    19.4   07:20     35.8     00.0   00.00   04.5     19.6    23:58     SSW
13    31.8   032.9   00:00    30.4   22:03     33.1     00.0   00.00   08.8     25.3    23:02     SSW
14    32.1   035.1   13:30    24.8   00:00     32.9     00.0   00.00   03.6     26.4    11:02     WSW
15    26.7   038.7   13:28    16.9   00:00     38.2     00.0   00.00   00.9     16.1    13:17     NNE
16    24.0   040.3   14:01    09.9   06:00     41.0     00.0   00.00   01.2     17.3    14:01      E 
17    25.6   035.2   14:29    13.1   04:29     39.3     00.0   00.00   02.2     18.4    09:01      SW
18    32.3   038.7   16:03    18.0   07:00     32.6     00.0   00.00   00.9     11.5    17:01      S 
19    25.6   039.4   15:22    18.0   17:38     39.3     00.0   00.00   01.8     28.8    10:30     SSW
20    35.7   046.4   09:04    25.3   00:00     29.3     00.0   00.00   08.3     31.1    12:03      NW
21    21.6   030.4   14:22    07.9   00:00     43.3     00.0   00.00   06.0     27.6    04:29      N 
22    20.8   035.8   15:04   -00.0   06:17     44.1     00.0   00.00   04.7     28.8    14:02     WSW
26    33.3   036.9   23:58    24.6   04:03     31.6     00.0   00.00   00.6     11.5    01:10      SE
27    36.9   040.5   11:29    33.4   05:04     28.0     00.0   00.00   00.2     11.5    16:11     NNE
29    42.3   046.0   12:01    34.7   08:00     22.7     00.0   00.00   01.4     19.6    11:00      W 
30    35.3   043.3   14:30    30.0   22:30     29.7     00.0   00.00   05.1     14.9    09:30     NNW
--------------------------------------------------------------------------------------------------------
30.5 (29.8)   46.4  day 20    -00.0  day 22   619.7    000.0   00.00   02.9     31.1   day 20      NW
Max