NOAA-Style Climate Reports


Report for 2004 February
                  MONTHLY CLIMATOLOGICAL SUMMARY FOR 2/2004
                                        HEAT  COOL        
     MEAN                               DEG   DEG       WIND SPEED       DOM MEAN  MEAN
DAY  TEMP  HIGH   TIME     LOW   TIME   DAYS  DAYS RAIN AVG  HI  TIME    DIR BAROM HUM
---------------------------------------------------------------------------------------
1    21.8  27.9   3:21pm  16.3  12:00am   43    0  0.00   0  18   3:11pm NNE 30.24   65
2    26.1  32.2   2:56pm  18.1  12:15am   39    0  0.00   0  15   3:34pm NNE 30.08   77
3    21.1  28.6   1:24pm   1.9  11:49pm   44    0  0.00   3  27  11:38am  NW 29.92   63
4     8.1  28.4   1:40pm  -8.3   7:32am   57    0  0.00   1  17  12:55pm   S 30.38   27
5    15.7  28.8  12:48pm  -0.4   1:47am   49    0  0.00   0  16  12:58pm NNE 30.37   39
6    25.5  31.3   3:24pm  22.3  12:00am   39    0  0.00   1  15  10:31am   N 29.89   82
7    17.4  28.0   1:50pm  -2.2  11:56pm   47    0  0.00   2  18  10:11am   N 30.09   60
8    14.6  28.8   1:16pm  -4.7   2:20am   50    0  0.00   5  27  12:17pm   S 30.06   40
9    25.2  32.7  12:40pm  20.1  12:00am   40    0  0.00   3  22   9:07am  SW 29.77   73
10    0.0  27.1   5:40pm  27.1   5:40pm    0    0  0.00   0   0   5:40pm ---  0.00    0
11
12
13   22.5  27.1   5:40pm  19.2   9:42pm   10    0  0.00   0  12   5:48pm   S 29.72   57
14   17.8  26.1   4:29am  -3.8  11:56pm   47    0  0.00   3  24   2:12pm   N 30.01   48
15    2.8  21.7   1:44pm -11.9   6:33am   62    0  0.00   1  16  11:36am WNW 30.34   43
16   13.3  27.1   1:32pm  -4.4  12:17am   52    0  0.00   3  28   1:24pm   S 30.37   48
17   23.8  38.8   1:33pm  15.4  10:38pm   41    0  0.00   2  18   2:15am WNW 30.29   59
18   28.0  41.0   2:25pm  15.8  12:00am   37    0  0.04   3  22  10:54am   S 29.97   65
19   27.5  37.6  12:55pm  16.0   7:05am   38    0  0.00   1  17   8:14pm NNE 29.88   74
20   29.8  32.9  12:21pm  28.0  11:10pm   35    0  0.04   3  23  10:18pm NNE 29.46   90
21   29.7  38.5  12:50pm  16.3  11:55pm   35    0  0.00   3  29   2:43am WNW 29.78   68
22   24.1  38.7  12:45pm   6.1   6:37am   41    0  0.00   1  15  12:21pm SSW 30.10   73
23   33.3  36.3  11:57am  31.5  12:00am   32    0  0.12   0  11  12:19am NNE 30.07   95
24   32.8  37.8  12:47pm  24.4  11:58pm   32    0  0.04   0   9  12:03pm  SE 30.28   88
25   26.7  43.2   1:33pm  13.3   6:55am   38    0  0.20   1  17   2:05pm   S 30.35   71
26   24.3  42.3   1:23pm   8.8   6:55am   41    0  0.04   2  23  12:59pm   S 30.34   70
27   25.2  38.3   1:36pm  14.2   4:22am   39    0  0.00   2  17  12:24pm   S 30.37   75
28   31.2  47.5   2:00pm  15.6   6:56am   34    0  0.00   2  21  11:47am   S 30.18   68
29   38.6  51.8   1:33pm  29.1   6:40am   26    0  0.00   1  17   3:04pm   S 30.03   72
---------------------------------------------------------------------------------------
TOT  23.4  51.8  2/29/04 -11.9  2/15/04 1048    0  0.47   2  29  2/21/04   S 30.10   65

HEAT BASE: 65.0
COOL BASE: 65.0