NOAA-Style Climate Reports

Select a Year or Month report
2018: Jan Feb Mar Apr May Jun Jul Aug Sep Oct Nov Dec
2017: Jan Feb Mar Apr May Jun Jul Aug Sep Oct Nov Dec
2016: Jan Feb Mar Apr May Jun Jul Aug Sep Oct Nov Dec
2015: Jan Feb Mar Apr May Jun Jul Aug Sep Oct Nov Dec
2014: Jan Feb Mar Apr May Jun Jul Aug Sep Oct Nov Dec
2013: Jan Feb Mar Apr May Jun Jul Aug Sep Oct Nov Dec
2012: Jan Feb Mar Apr May Jun Jul Aug Sep Oct Nov Dec
2011: Jan Feb Mar Apr May Jun Jul Aug Sep Oct Nov Dec
2010: Jan Feb Mar Apr May Jun Jul Aug Sep Oct Nov Dec
2009: Jan Feb Mar Apr May Jun Jul Aug Sep Oct Nov Dec
2008: Jan Feb Mar Apr May Jun Jul Aug Sep Oct Nov Dec
2007: Jan Feb Mar Apr May Jun Jul Aug Sep Oct Nov Dec
2006: Jan Feb Mar Apr May Jun Jul Aug Sep Oct Nov Dec
2005: Jan Feb Mar Apr May Jun Jul Aug Sep Oct Nov Dec
2004: Jan Feb Mar Apr May Jun Jul Aug Sep Oct Nov Dec
2003: Jan Feb Mar Apr May Jun Jul Aug Sep Oct Nov Dec

Report for 2004 January

Daily NOAA report



                            MONTHLY CLIMATOLOGICAL SUMMARY for JAN. 2004

NAME: Athelstane Weather   CITY: Athelstane STATE: Wisconsin
ELEV: 812 LAT: 045:23:00 LONG: 0088:07:00

                            TEMPERATURE ( °F), RAIN (in.), WIND SPEED (mph)

                                               HEAT     COOL           AVG
      MEAN                                     DEG      DEG            WIND                       DOM
DAY   TEMP    HIGH   TIME     LOW    TIME      DAYS     DAYS    RAIN   SPEED    HIGH    TIME      DIR
--------------------------------------------------------------------------------------------------------
01    24.4   033.6   00:00    11.5   03:03     40.6     00.0   00.00   00.3     11.5    18:29      NW
02    34.4   036.5   11:28    33.1   08:04     30.5     00.0   00.00   00.0     11.5    17:01      W 
03    25.7   034.5   02:00    13.6   00:00     39.3     00.0   00.00   00.0     11.5    03:00      W 
04    16.0   020.5   13:04    10.0   06:07     49.0     00.0   00.00   00.0     00.0    00:00      W 
05    11.4   017.6   13:03   -02.2   00:00     53.6     00.0   00.00   00.0     00.0    00:00      W 
06    00.8   007.2   14:28   -06.3   07:21     64.1     00.0   00.00   00.0     00.0    00:00      W 
07    06.1   016.0   13:04   -00.6   00:00     58.8     00.0   00.00   00.0     00.0    00:00      W 
08    08.1   020.5   13:29   -00.9   02:17     56.8     00.0   00.00   00.0     00.0    00:00      W 
09    11.0   021.0   13:26    03.2   01:18     54.0     00.0   00.00   00.0     00.0    00:00      W 
10    17.6   024.8   15:04    09.7   00:28     47.4     00.0   00.00   00.6     14.9    18:08      SW
11    26.3   030.4   15:06    22.6   03:55     38.6     00.0   00.00   00.3     13.8    11:02      SW
16    24.8   031.6   13:08    16.5   23:58     40.2     00.0   00.00   01.3     20.7    16:30      W 
17    23.3   033.1   14:04    10.0   00:00     41.7     00.0   00.00   01.7     20.7    21:10     WNW
18    08.9   016.3   14:02    02.5   08:05     56.1     00.0   00.00   03.8     25.3    10:05      NW
19    06.4   015.8   13:02   -11.0   00:00     58.5     00.0   00.00   02.3     20.7    14:02      N 
20    02.5   016.3   13:30   -11.4   00:29     62.4     00.0   00.00   00.6     13.8    14:05     WSW
21    16.6   028.8   13:04    02.8   13:00     48.3     00.0   00.00   05.5     24.1    16:29      SW
22    01.7   008.4   23:00   -06.5   19:01     63.2     00.0   00.00   09.3     19.6    23:58      NW
23    08.4   008.4   23:49    08.1   00:00     56.5     00.0   00.00   00.0     00.0    00:00      NW
24    03.6   016.3   14:01   -11.6   01:00     61.3     00.0   00.00   00.7     17.3    13:01     NNW
25    02.9   019.6   13:29   -15.7   07:30     62.0     00.0   00.00   00.5     12.7    13:24      N 
30    10.3   018.1   12:05    00.5   23:30     54.7     00.0   00.00   02.4     17.3    13:04     ENE
--------------------------------------------------------------------------------------------------------
13.2 (12.6)   42.3  day 26    -15.7  day 25   1137.6    000.0   00.00   01.3     25.3   day 26     WNW
Max