NOAA-Style Climate Reports


Report for 2004 January
                  MONTHLY CLIMATOLOGICAL SUMMARY FOR 1/2004
                                        HEAT  COOL        
     MEAN                               DEG   DEG       WIND SPEED       DOM MEAN  MEAN
DAY  TEMP  HIGH   TIME     LOW   TIME   DAYS  DAYS RAIN AVG  HI  TIME    DIR BAROM HUM
---------------------------------------------------------------------------------------
1    24.3  33.8  11:36pm  11.3   2:53am   41    0  0.00   0  20   5:53pm NNE 30.06   74
2    34.4  36.9  11:46am  33.1   7:17am   30    0  0.04   0  11   4:32pm  NE 29.73   90
3    25.9  34.5   1:25am  13.6  11:49pm   39    0  0.00   0  12   2:32am  SW 29.83   66
4    16.0  20.5  12:31pm  10.0   5:43am   49    0  0.00   0   0  12:00am   N 30.17   64
5    11.4  18.0  12:43pm  -1.8  11:53pm   54    0  0.00   0   0  12:00am   N 30.17   57
6     0.9   7.5   2:13pm  -6.3   7:01am   64    0  0.00   0   0  12:00am   N 30.12   45
7     6.2  16.0   1:04pm  -0.6  10:55pm   59    0  0.00   0   0  12:00am   N 30.20   45
8     8.2  20.5   1:17pm  -1.1  12:31am   57    0  0.00   0   0  12:00am   N 30.31   51
9    11.0  21.0   1:05pm   3.0  12:57am   54    0  0.00   0   0  12:00am   N 30.46   55
10   17.6  24.8   2:55pm   9.7  12:00am   39    0  0.00   1  17   1:22pm   S 30.23   61
11   27.0  30.6  12:38pm  22.6  12:00am   33    0  0.00   0  15   9:38am   S 29.78   79
12   27.1  31.8  12:58pm  22.1   5:32am   38    0  0.00   3  24   5:18pm WNW 29.93   77
13   16.9  25.2  12:00am   8.8   7:01pm   48    0  0.00   2  27   2:16am  NW 30.19   46
14   13.1  20.5   1:19pm   4.1  11:57pm   52    0  0.00   2  22   1:52pm NNE 29.93   37
15    8.7  16.7   1:35pm  -1.3   1:18am   56    0  0.00   0  12  12:30pm NNE 30.18   56
16   11.4  19.2  11:45pm   5.9   1:47am   54    0  0.00   0  17   2:39pm NNE 30.22   59
17   23.4  33.3   1:10pm  11.1  11:52pm   41    0  0.00   2  26   9:43pm  NW 29.79   68
18    8.9  16.7   1:22pm   2.5   7:22am   56    0  0.00   4  25   9:32am WNW 29.90   24
19    6.5  16.0  12:32pm -10.8  11:57pm   58    0  0.00   2  22  12:31pm  NW 30.14   45
20    2.5  16.5   1:31pm -11.4  12:26am   62    0  0.00   0  17  10:53pm   S 30.25   46
21   14.9  28.9   1:07pm  -1.3  11:58pm   50    0  0.00   5  26   7:27pm   S 29.74   46
22   -5.0   3.7   1:09pm -13.2   7:45am   70    0  0.00   4  27   4:43am  NW 30.01    0
23    4.4  10.8   3:02pm  -4.0  12:07am   61    0  0.00   0  16   1:20am  SW 29.92    0
24    4.8  16.9   1:14pm -10.7  11:52pm   53    0  0.00   1  18  11:50am WNW 30.11    9
25    3.1  19.8   1:38pm -15.9   7:16am   62    0  0.00   1  15   1:25pm NNE 30.15   26
26   13.2  18.3  12:16pm   8.6  10:01pm   52    0  0.00   3  18   4:51pm NNE 30.03   66
27   14.2  25.0   2:44pm   3.7   8:15am   51    0  0.00   2  26   3:39pm  NW 29.81   62
28    6.8  17.6  12:57pm  -7.8  11:56pm   58    0  0.00   3  24   2:06pm WNW 29.92   53
29   -2.8  10.9   1:47pm -13.5   4:54am   68    0  0.00   1  20  11:30am WNW 30.02   44
30    1.7  14.0   3:22pm  -6.5   6:23am   63    0  0.00   2  22  11:05am WNW 29.91   38
31    8.4  23.7   3:28pm  -9.6   7:07am   55    0  0.00   1  17   1:42pm   S 30.03   26
---------------------------------------------------------------------------------------
TOT  11.7  36.9   1/2/04 -15.9  1/25/04 1627    0  0.04   1  27  1/13/04  NW 30.04   49

HEAT BASE: 65.0
COOL BASE: 65.0