NOAA-Style Climate Reports

Select a Year or Month report
2018: Jan Feb Mar Apr May Jun Jul Aug Sep Oct Nov Dec
2017: Jan Feb Mar Apr May Jun Jul Aug Sep Oct Nov Dec
2016: Jan Feb Mar Apr May Jun Jul Aug Sep Oct Nov Dec
2015: Jan Feb Mar Apr May Jun Jul Aug Sep Oct Nov Dec
2014: Jan Feb Mar Apr May Jun Jul Aug Sep Oct Nov Dec
2013: Jan Feb Mar Apr May Jun Jul Aug Sep Oct Nov Dec
2012: Jan Feb Mar Apr May Jun Jul Aug Sep Oct Nov Dec
2011: Jan Feb Mar Apr May Jun Jul Aug Sep Oct Nov Dec
2010: Jan Feb Mar Apr May Jun Jul Aug Sep Oct Nov Dec
2009: Jan Feb Mar Apr May Jun Jul Aug Sep Oct Nov Dec
2008: Jan Feb Mar Apr May Jun Jul Aug Sep Oct Nov Dec
2007: Jan Feb Mar Apr May Jun Jul Aug Sep Oct Nov Dec
2006: Jan Feb Mar Apr May Jun Jul Aug Sep Oct Nov Dec
2005: Jan Feb Mar Apr May Jun Jul Aug Sep Oct Nov Dec
2004: Jan Feb Mar Apr May Jun Jul Aug Sep Oct Nov Dec
2003: Jan Feb Mar Apr May Jun Jul Aug Sep Oct Nov Dec

Report for 2003 December

Daily NOAA report



                            MONTHLY CLIMATOLOGICAL SUMMARY for DEC. 2003

NAME: Athelstane Weather   CITY: Athelstane STATE: Wisconsin
ELEV: 812 LAT: 045:23:00 LONG: 0088:07:00

                            TEMPERATURE ( °F), RAIN (in.), WIND SPEED (mph)

                                               HEAT     COOL           AVG
      MEAN                                     DEG      DEG            WIND                       DOM
DAY   TEMP    HIGH   TIME     LOW    TIME      DAYS     DAYS    RAIN   SPEED    HIGH    TIME      DIR
--------------------------------------------------------------------------------------------------------
01    28.8   034.2   13:08    23.5   00:00     36.1     00.0   00.00   08.3     33.4    14:08      W 
02    22.8   033.1   13:28    12.7   00:00     42.2     00.0   00.00   00.5     11.5    13:28      SW
03    19.5   035.8   13:29    07.9   07:30     45.4     00.0   00.00   00.5     11.5    14:28     SSW
04    22.6   037.6   14:29    11.8   07:28     42.4     00.0   00.00   00.0     11.5    12:29     SSW
05    30.3   040.6   14:30    19.2   07:30     34.6     00.0   00.00   00.0     11.5    22:30      N 
06    26.7   034.7   00:28    21.0   18:29     38.2     00.0   00.00   00.6     12.7    03:28      N 
07    28.3   036.3   15:03    21.4   01:34     36.7     00.0   00.00   01.8     21.9    13:03     SSW
08    35.4   040.1   14:28    31.5   03:29     29.5     00.0   00.00   01.4     17.3    13:29     SSW
09    35.7   038.5   12:29    28.6   14:00     29.2     00.0   00.00   00.0     11.5    17:28      W 
12    28.1   028.6   23:58    15.1   11:00     36.8     00.0   00.00   00.0     08.1    11:00      S 
13    16.5   022.5   14:29    15.1   23:58     48.4     00.0   00.00   00.4     11.5    13:30      S 
14    24.0   029.1   14:30    17.2   00:29     40.9     00.0   00.00   00.5     11.5    00:00      S 
15    27.7   032.9   00:00    25.0   08:30     37.2     00.0   00.00   01.2     14.9    10:30      S 
19    29.4   033.8   09:30    12.4   00:00     35.6     00.0   00.00   00.2     16.1    10:30     WSW
20    18.3   026.8   13:04    05.7   07:04     46.6     00.0   00.00   02.8     20.7    19:10      S 
21    25.2   036.5   14:29    14.5   08:04     39.7     00.0   00.00   01.4     16.1    13:28      S 
22    31.1   041.9   12:29    21.4   08:28     33.9     00.0   00.00   00.4     14.9    14:28     WSW
23    25.8   032.4   00:29    13.3   00:00     39.2     00.0   00.00   02.0     16.1    16:31     NNW
24    20.8   026.4   14:30    12.4   02:30     44.1     00.0   00.00   01.3     14.9    12:30      N 
25    22.2   034.3   13:28    12.4   08:28     42.7     00.0   00.00   00.5     13.8    11:29     NNW
26    21.1   036.5   13:27    08.8   08:27     43.9     00.0   00.00   00.3     13.8    15:27     SSW
27    33.1   040.3   14:28    21.7   01:28     31.9     00.0   00.00   03.5     19.6    14:28     SSW
28    37.9   042.4   13:03    34.5   00:00     27.0     00.0   00.00   03.0     21.9    16:04      S 
29    32.6   034.5   00:29    29.7   00:00     32.3     00.0   00.00   00.1     11.5    02:16      S 
30    28.7   034.2   13:03    24.6   07:22     36.2     00.0   00.00   00.6     13.8    10:05      W 
31    25.6   032.2   04:23    15.3   23:07     39.4     00.0   00.00   04.4     29.9    06:23      SW
--------------------------------------------------------------------------------------------------------
26.9 (26.4)   42.4  day 28     05.7  day 20   990.2    000.0   00.00   01.4     33.4   day 01      SW
Max