NOAA-Style Climate Reports


Report for 2003 November
                  MONTHLY CLIMATOLOGICAL SUMMARY FOR 11/2003
                                        HEAT  COOL        
     MEAN                               DEG   DEG       WIND SPEED       DOM MEAN  MEAN
DAY  TEMP  HIGH   TIME     LOW   TIME   DAYS  DAYS RAIN AVG  HI  TIME    DIR BAROM HUM
---------------------------------------------------------------------------------------
1    38.5  43.3  12:34pm  35.4   1:55am   25    0  0.00   1  17   9:45am WNW 30.24   60
2    38.9  43.5   1:47pm  36.0   6:16am   26    0  0.00   0  12   2:03pm SSE 30.14   78
3    34.2  37.4  12:00am  31.6  10:14pm   31    0  0.00   0  15   4:06pm NNE 30.22   84
4    34.3  35.4  12:45pm  32.4  12:00am   31    0  0.55   0  16   8:45am  NW 29.83   97
5    34.8  39.2   1:06pm  31.5   6:29am   30    0  0.20   2  17  12:44pm  NW 30.06   80
6    28.8  36.1   1:00pm  22.3   6:57am   36    0  0.00   3  23  11:30am SSE 30.18   52
7    22.2  29.1  12:58pm  13.5  11:59pm   43    0  0.00   6  29  12:18am  NW 30.28   47
8    19.2  31.5   1:10pm  11.8   3:03am   46    0  0.00   1  17  12:05pm WNW 30.59   53
9    24.4  38.5   1:08pm   8.8   4:46am   41    0  0.00   3  24   9:59am   S 30.47   54
10   34.0  38.5   1:20pm  27.9   4:05am   31    0  0.04   2  22   9:39am   S 30.10   62
11   38.9  49.3  11:58am  31.3  11:20pm   26    0  0.00   2  21  12:33pm  SW 29.72   86
12   34.8  41.2  11:55am  30.4   2:12am   30    0  0.04   3  37   6:30pm  NW 29.60   87
13   30.7  36.1   1:11pm  27.1   6:38pm   34    0  0.00   2  26  12:15pm  NW 30.08   48
14   35.7  50.2   1:08pm  26.6   7:25am   28    0  0.00   1  16  12:08pm  SW 29.96   56
15   38.0  42.4  10:43am  32.7   2:25am   24    0  0.04   0   9   9:31am SSE 29.92   82
16   39.5  42.6   2:30pm  37.2   5:08am   26    0  0.00   0   0  12:00am   N 30.00   92
17   43.2  48.7  12:15pm  38.5   7:28am   22    0  0.00   3  28   9:38pm SSW 29.95   89
18   45.5  50.2   2:17pm  36.1  11:58pm   19    0  0.31   0  15   2:11am WNW 29.52   97
19   37.5  48.6   1:08pm  28.8  11:44pm   27    0  0.00   2  25   2:15pm  NW 29.60   79
20   39.5  54.0   1:35pm  28.0   3:14am   24    0  0.00   2  26  12:02pm   S 29.59   74
21   34.6  39.0  12:00am  31.6   6:23am   30    0  0.00   1  17  12:44am WNW 30.03   56
22   33.8  35.4   1:18pm  32.9   4:28am   31    0  0.00   1  17   1:07pm NNE 29.99   70
23   36.4  40.8   6:18pm  33.3  12:06am   29    0  0.79   3  23   6:16pm NNE 29.54   95
24   23.6  33.8  12:00am  18.3   4:08pm   41    0  0.00   0  18  12:07am   S 29.56   64
25   26.7  35.4   1:40pm  14.4   4:27am   38    0  0.00   3  32   2:36pm   S 29.68   62
26   29.6  38.8   1:02pm  21.6   7:29am   35    0  0.00   1  17  12:00am SSE 29.86   66
27   34.1  39.4  11:53am  29.3  12:00am   30    0  0.00   0  16  11:46am  SW 29.96   85
28   33.6  36.1   1:29pm  28.9  11:36pm   31    0  0.00   3  25   4:57pm WNW 29.88   78
29   31.0  33.3   4:57pm  25.2  11:57pm   32    0  0.00   3  28   1:39pm   S 29.71   66
30   32.4  46.0   2:37pm  22.1   3:54am   32    0  0.00   5  32   3:18pm  NW 29.65   65
---------------------------------------------------------------------------------------
TOT  33.6  54.0 11/20/03   8.8  11/9/03  931    0  1.97   2  37 11/12/03   S 29.93   72

HEAT BASE: 65.0
COOL BASE: 65.0