NOAA-Style Climate Reports


Report for 2003 November

Daily NOAA report



                            MONTHLY CLIMATOLOGICAL SUMMARY for NOV. 2003

NAME: Athelstane Weather   CITY: Athelstane STATE: Wisconsin
ELEV: 812 LAT: 045:23:00 LONG: 0088:07:00

                            TEMPERATURE ( °F), RAIN (in.), WIND SPEED (mph)

                                               HEAT     COOL           AVG
      MEAN                                     DEG      DEG            WIND                       DOM
DAY   TEMP    HIGH   TIME     LOW    TIME      DAYS     DAYS    RAIN   SPEED    HIGH    TIME      DIR
--------------------------------------------------------------------------------------------------------
01    38.4   043.2   14:30    35.4   07:27     26.5     00.0   00.00   01.0     12.7    08:28      W 
02    38.9   043.3   14:28    36.1   06:30     26.1     00.0   00.00   00.0     11.5    14:28      SW
03    34.2   037.4   00:30    31.8   22:29     30.7     00.0   00.00   00.3     13.8    16:30      NE
04    34.3   035.4   15:05    32.7   01:04     30.6     00.0   00.00   00.4     11.5    09:05     NNE
05    34.9   039.0   13:27    31.5   00:00     30.1     00.0   00.00   01.2     16.1    09:27      SW
06    28.9   036.1   13:30    22.3   07:27     36.1     00.0   00.00   03.4     21.9    13:30      S 
07    22.5   028.4   00:28    13.3   00:00     42.5     00.0   00.00   04.5     26.4    02:29     WNW
08    19.2   031.3   13:30    11.8   03:28     45.7     00.0   00.00   01.2     16.1    12:29     WNW
09    24.5   038.3   13:12    09.0   06:30     40.5     00.0   00.00   03.1     20.7    14:29     SSW
14    32.9   038.5   13:29    27.9   04:29     32.1     00.0   00.00   00.8     16.1    11:29      S 
15    38.0   042.4   12:03    32.7   02:28     26.9     00.0   00.00   00.0     08.1    10:04      SW
16    39.5   042.6   15:11    37.2   07:04     25.4     00.0   00.00   00.0     00.0    00:00     SSW
17    42.7   048.6   12:28    38.5   07:28     22.3     00.0   00.00   02.5     26.4    11:20     SSW
18    38.3   040.3   21:03    36.0   00:00     26.7     00.0   00.00   00.0     08.1    22:02      SW
19    37.5   048.6   14:28    28.8   00:00     27.4     00.0   00.00   01.5     21.9    13:28      W 
20    39.6   054.0   13:29    28.0   03:29     25.3     00.0   00.00   02.6     26.4    12:28      SW
21    34.7   038.7   00:32    31.8   19:26     30.2     00.0   00.00   00.4     13.8    01:29     WNW
22    33.8   035.4   15:30    32.9   05:28     31.1     00.0   00.00   02.3     14.9    09:26     NNE
23    36.4   040.6   18:30    33.4   00:29     28.6     00.0   00.00   04.2     19.6    18:29      S 
24    23.7   033.8   00:28    18.5   17:29     41.3     00.0   00.00   00.2     13.8    00:28      S 
25    26.6   035.4   14:28    14.4   04:29     38.4     00.0   00.00   02.9     32.2    14:29      SW
26    29.6   038.8   13:28    21.6   07:30     35.3     00.0   00.00   00.5     17.3    00:28      S 
27    34.0   039.0   12:28    29.3   00:30     30.9     00.0   00.00   00.0     11.5    13:28     NNE
28    33.8   036.1   13:28    29.1   23:29     31.2     00.0   00.00   02.5     18.4    17:28      NW
29    31.0   033.3   18:31    25.0   00:00     34.0     00.0   00.00   03.9     20.7    14:27     SSW
30    31.9   045.9   14:29    22.1   04:28     33.1     00.0   00.00   04.9     31.1    18:33      W 
--------------------------------------------------------------------------------------------------------
33.1 (33.4)   54.0  day 20     09.0  day 09   828.8    000.0   00.00   01.7     32.2   day 25      SW
Max  0.8in)