NOAA-Style Climate Reports


Report for 2003 October
                     MONTHLY CLIMATOLOGICAL SUMMARY FOR 10/2003
                                        HEAT  COOL        
     MEAN                               DEG   DEG       WIND SPEED       DOM MEAN  MEAN
DAY  TEMP  HIGH   TIME     LOW   TIME   DAYS  DAYS RAIN AVG  HI  TIME    DIR BAROM HUM
---------------------------------------------------------------------------------------
1    38.0  46.6   3:23pm  31.8  11:16pm   27    0  0.00   4  26  11:04am NNE 30.15   66
2    39.1  50.4   2:05pm  28.8   7:18am   26    0  0.00   2  26   2:07pm SSE 30.17   61
3    43.4  55.0   2:01pm  38.3   5:17am   22    0  0.04   4  27   2:50pm SSE 29.64   70
4    40.2  50.9   2:32pm  33.3  11:57pm   23    0  0.00   2  23   9:36am NNE 29.80   65
5    39.0  53.8   3:55pm  29.5   6:20am   26    0  0.00   1  16  12:06pm WNW 30.03   66
6    42.4  61.7   3:59pm  26.6   6:57am   22    0  0.00   2  22  10:50am SSE 30.06   71
7    51.0  69.4   3:57pm  36.9   6:58am   15    1  0.00   0  17  12:45pm SSE 29.92   74
8    59.6  77.9   2:03pm  47.1   1:04am    8    3  0.00   2  24   1:21pm SSE 29.95   75
9    58.9  76.1   1:55pm  46.4   6:58am    8    2  0.00   2  24   2:49pm SSE 30.02   72
10   57.1  73.4   1:52pm  43.3   6:29am   10    2  0.00   2  25  11:28am SSE 30.01   75
11   58.0  72.7   1:48pm  45.9   5:46am    8    1  0.31   4  30   2:11pm  SW 29.85   82
12   53.2  63.3   3:42pm  45.9  11:48pm   12    0  0.00   4  27  12:26pm WNW 29.83   68
13   53.9  67.3   1:40pm  44.6   4:56am   11    0  0.00   2  23   9:04am SSE 29.80   64
14   49.7  57.9   3:12pm  38.3  11:58pm   15    0  0.00   2  25   1:10pm   N 29.70   64
15   42.3  54.5   1:30pm  33.8  10:50pm   23    0  0.00   3  30  12:49pm  NW 29.82   60
16   39.7  54.0   1:55pm  28.8   6:49am   25    0  0.00   2  27  11:34am WNW 30.01   58
17   40.8  51.1   2:36pm  28.8   6:44am   24    0  0.00   1  16   2:21pm SSE 30.11   64
18   51.2  66.8   3:17pm  35.8   6:21am    4    0  0.00   1  21   4:11pm  NW 29.92   72
19   46.5  58.6   3:42pm  33.3   7:12am   15    0  0.00   1  17   2:56pm SSE 30.03   71
20   54.6  75.2   3:51pm  34.7   6:48am   13    2  0.00   3  31  10:01pm SSE 29.66   64
21   49.3  53.6  12:00am  36.0  11:40pm   16    0  0.00   6  36   8:12am   N 29.83   60
22   40.4  46.2   1:37pm  33.1   3:14am   25    0  0.00   0  12  10:15am WSW 29.92   78
23   43.0  52.2   3:33pm  33.4  11:58pm   22    0  0.00   1  18   1:02pm NNE 29.87   82
24   40.8  46.8   3:24pm  32.7   1:33am   24    0  0.00   0  15   2:44pm  SW 29.96   84
25   44.6  57.9   1:44pm  34.3   4:39am   20    0  0.00   2  27  12:43pm  SW 30.00   66
26   38.9  43.2   1:19pm  33.8   1:05am   26    0  0.00   1  20   7:35am NNE 30.04   61
27   37.2  44.2  12:50pm  32.9   6:36am   28    0  0.00   0  18  10:17pm  SW 29.78   60
28   40.3  47.5  12:36pm  35.1   1:23am   25    0  0.20   1  21   4:17pm  SW 29.36   92
29   41.3  48.2   1:10pm  36.9   2:14am   24    0  0.00   1  17   1:35pm WNW 29.64   83
30   43.8  52.5   1:20pm  38.5   3:24am   21    0  0.04   0  16  12:42pm NNE 29.83   86
31   44.9  48.7  12:48pm  37.9  11:46pm   20    0  0.04   0  18   8:24pm   W 29.96   89
---------------------------------------------------------------------------------------
TOT  45.9  77.9  10/8/03  26.6  10/6/03  583   11  0.63   2  36 10/21/03 SSE 29.89   71

HEAT BASE: 65.0
COOL BASE: 65.0