NOAA-Style Climate Reports


Report for 2003 October

Daily NOAA report



                            MONTHLY CLIMATOLOGICAL SUMMARY for OCT. 2003

NAME: Athelstane Weather   CITY: Athelstane STATE: Wisconsin
ELEV: 812 LAT: 045:23:00 LONG: 0088:07:00

                            TEMPERATURE ( °F), RAIN (in.), WIND SPEED (mph)

                                               HEAT     COOL           AVG
      MEAN                                     DEG      DEG            WIND                       DOM
DAY   TEMP    HIGH   TIME     LOW    TIME      DAYS     DAYS    RAIN   SPEED    HIGH    TIME      DIR
--------------------------------------------------------------------------------------------------------
01    38.1   045.9   15:15    32.0   23:29     26.9     00.0   00.00   05.0     26.4    11:07     WNW
02    39.1   050.4   14:29    28.8   07:29     25.9     00.0   00.00   02.3     18.4    14:29      S 
03    43.4   054.5   14:29    38.3   06:28     21.5     00.0   00.00   03.1     20.7    17:30     WSW
04    40.9   050.9   14:29    33.3   00:00     24.1     00.0   00.00   01.0     16.1    14:28      NW
05    39.1   053.6   16:27    29.5   07:28     25.8     00.0   00.00   01.0     14.9    12:29      NW
06    42.6   061.7   16:29    26.6   07:28     22.3     00.0   00.00   00.6     16.1    15:30     SSW
07    51.0   069.4   16:29    36.9   07:29     13.9     00.0   00.00   00.7     13.8    15:28     SSW
08    59.6   077.9   14:29    47.1   02:28     05.4     00.0   00.00   01.6     18.4    15:29      S 
09    59.0   075.9   14:29    46.4   07:30     05.9     00.0   00.00   02.0     20.7    13:29      S 
10    57.1   073.4   14:28    43.3   07:26     07.8     00.0   00.00   01.8     24.1    14:29     SSW
11    57.9   072.5   14:30    46.0   07:28     07.1     00.0   00.00   04.4     24.1    13:30      SW
12    53.2   063.1   16:28    46.0   00:00     11.7     00.0   00.00   04.5     26.4    13:28     WNW
14    50.6   067.1   13:29    37.8   21:00     14.4     00.0   00.00   01.7     21.9    09:25     WSW
15    35.5   037.8   21:29    34.0   23:28     29.4     00.0   00.00   00.0     00.0    00:00      N 
16    39.6   053.6   15:29    28.8   07:27     25.3     00.0   00.00   02.4     26.4    11:29     SSW
17    40.7   051.1   14:29    28.8   07:29     24.3     00.0   00.00   00.3     12.7    11:26      SW
18    51.5   066.7   15:29    35.4   04:00     13.5     00.0   00.00   02.2     18.4    10:29      NW
26    42.6   058.5   16:11    33.4   08:02     22.3     00.0   00.00   00.7     14.9    14:29      W 
27    35.9   042.4   13:29    33.1   07:27     29.0     00.0   00.00   00.1     12.7    21:30     NNE
29    40.6   047.5   12:29    35.6   02:29     24.4     00.0   00.00   01.3     13.8    14:27     SSW
30    43.9   051.8   13:28    38.5   06:09     21.1     00.0   00.00   00.5     13.8    13:14     NNE
31    45.1   048.7   13:10    39.4   23:06     19.9     00.0   00.00   00.4     16.1    20:28      NW
--------------------------------------------------------------------------------------------------------
45.8 (47.1)   77.9  day 08     26.6  day 06   421.8    000.0   00.00   01.7     26.5   day 12     WSW
Min  .008in) 0 (> .08in) 0 (> 0.8in)