NOAA-Style Climate Reports

Select a Year or Month report
2018: Jan Feb Mar Apr May Jun Jul Aug Sep Oct Nov Dec
2017: Jan Feb Mar Apr May Jun Jul Aug Sep Oct Nov Dec
2016: Jan Feb Mar Apr May Jun Jul Aug Sep Oct Nov Dec
2015: Jan Feb Mar Apr May Jun Jul Aug Sep Oct Nov Dec
2014: Jan Feb Mar Apr May Jun Jul Aug Sep Oct Nov Dec
2013: Jan Feb Mar Apr May Jun Jul Aug Sep Oct Nov Dec
2012: Jan Feb Mar Apr May Jun Jul Aug Sep Oct Nov Dec
2011: Jan Feb Mar Apr May Jun Jul Aug Sep Oct Nov Dec
2010: Jan Feb Mar Apr May Jun Jul Aug Sep Oct Nov Dec
2009: Jan Feb Mar Apr May Jun Jul Aug Sep Oct Nov Dec
2008: Jan Feb Mar Apr May Jun Jul Aug Sep Oct Nov Dec
2007: Jan Feb Mar Apr May Jun Jul Aug Sep Oct Nov Dec
2006: Jan Feb Mar Apr May Jun Jul Aug Sep Oct Nov Dec
2005: Jan Feb Mar Apr May Jun Jul Aug Sep Oct Nov Dec
2004: Jan Feb Mar Apr May Jun Jul Aug Sep Oct Nov Dec
2003: Jan Feb Mar Apr May Jun Jul Aug Sep Oct Nov Dec

Report for 2003 September

Daily NOAA report



                            MONTHLY CLIMATOLOGICAL SUMMARY for SEP. 2003

NAME: Athelstane Weather   CITY: Athelstane STATE: Wisconsin
ELEV: 812 LAT: 045:23:00 LONG: 0088:07:00

                            TEMPERATURE ( °F), RAIN (in.), WIND SPEED (mph)

                                               HEAT     COOL           AVG
      MEAN                                     DEG      DEG            WIND                       DOM
DAY   TEMP    HIGH   TIME     LOW    TIME      DAYS     DAYS    RAIN   SPEED    HIGH    TIME      DIR
--------------------------------------------------------------------------------------------------------
01    64.9   082.9   13:30    49.8   07:02     00.0     00.0   00.00   00.5     11.5    17:03      SW
02    67.4   084.0   14:25    53.1   07:09     00.0     02.5   00.00   02.0     18.4    18:32      S 
03    64.3   074.5   13:19    56.1   07:13     00.7     00.0   00.00   03.2     20.7    15:29      SW
04    59.4   071.1   15:31    46.6   00:00     05.5     00.0   00.00   03.6     19.6    11:30      N 
05    58.2   078.6   14:30    39.2   06:28     06.7     00.0   00.00   01.8     19.6    12:29      S 
06    67.6   086.4   15:25    52.7   05:25     00.0     02.7   00.00   00.7     12.7    11:29     SSW
07    65.5   076.6   17:32    54.1   06:29     00.0     00.5   00.00   00.0     11.5    17:04     NNW
08    67.8   083.8   14:28    58.1   01:04     00.0     02.9   00.00   00.2     13.8    18:19     NNW
09    67.8   082.8   14:29    57.7   04:28     00.0     02.9   00.00   00.2     11.5    17:28     WNW
12    68.0   083.5   14:30    59.4   06:30     00.0     03.0   00.00   02.3     16.1    14:30      SW
13    67.6   070.7   15:01    63.5   00:00     00.0     02.6   00.00   00.3     11.5    09:01     SSW
14    59.5   063.5   00:28    50.4   00:00     05.4     00.0   00.00   00.4     08.1    16:04     NNW
15    57.3   068.0   13:30    48.2   00:00     07.7     00.0   00.00   00.8     13.8    12:30     SSW
16    58.0   076.1   14:28    43.7   07:27     06.9     00.0   00.00   01.3     14.9    14:29     SSW
17    60.3   077.0   13:30    49.1   07:28     04.6     00.0   00.00   01.6     21.9    12:30     SSW
18    65.4   079.9   14:04    55.9   00:00     00.0     00.4   00.00   01.9     26.4    15:28      SW
19    56.8   062.8   13:29    47.7   00:00     08.2     00.0   00.00   04.1     21.9    15:22     WSW
20    52.8   067.6   14:27    41.0   07:29     12.1     00.0   00.00   01.3     14.9    10:29      S 
21    54.0   070.5   14:27    40.1   06:30     10.9     00.0   00.00   01.4     17.3    14:27      W 
22    56.8   067.1   15:30    46.4   00:00     08.1     00.0   00.00   00.7     14.9    17:30     WNW
23    52.6   065.1   14:30    45.0   07:26     12.3     00.0   00.00   01.1     19.6    12:30     SSW
24    51.6   057.9   11:30    45.9   23:04     13.3     00.0   00.00   01.1     24.1    16:24     WSW
25    48.9   058.6   13:30    42.1   04:29     16.0     00.0   00.00   03.1     26.4    07:30      W 
26    49.9   056.8   15:34    43.0   01:28     15.0     00.0   00.00   00.2     12.7    13:30     SSW
27    48.4   052.5   14:04    43.5   06:03     16.5     00.0   00.00   01.0     17.3    13:03      S 
28    46.0   051.8   15:00    38.1   00:00     18.9     00.0   00.00   02.7     17.3    10:29     NNW
29    41.5   053.2   13:27    32.5   07:27     23.5     00.0   00.00   01.7     16.1    13:29      SW
30    40.0   049.3   14:29    32.7   07:28     24.9     00.0   00.00   00.7     25.3    15:30      NW
--------------------------------------------------------------------------------------------------------
57.8 (58.7)   86.4  day 06     32.5  day 29   217.3    017.5   00.00   01.4     26.5   day 19     WSW
Max >=  86: 1
Min  .008in) 0 (> .08in) 0 (> 0.8in)