NOAA-Style Climate Reports


Report for 2003 September
                  MONTHLY CLIMATOLOGICAL SUMMARY FOR 9/2003
                                        HEAT  COOL        
     MEAN                               DEG   DEG       WIND SPEED       DOM MEAN  MEAN
DAY  TEMP  HIGH   TIME     LOW   TIME   DAYS  DAYS RAIN AVG  HI  TIME    DIR BAROM HUM
---------------------------------------------------------------------------------------
1    64.8  83.5   1:44pm  49.8   5:27am    5    5  0.00   1  15   1:15pm SSE 30.11   67
2    67.3  84.2   2:07pm  53.1   6:51am    3    5  0.00   3  22  11:51am SSE 30.06   62
3    64.3  75.6   1:16pm  56.1   6:58am    3    2  0.00   3  25  11:10am SSE 29.88   60
4    59.2  71.8   2:11pm  46.8  11:56pm    7    1  0.00   3  21  10:34am   N 30.07   60
5    58.2  78.8   2:08pm  39.2   5:50am   10    3  0.00   2  21  12:56pm SSE 30.08   67
6    67.7  86.7   2:13pm  52.7   4:53am    4    7  0.00   1  16   9:16am SSE 29.99   70
7    63.4  77.0   2:28pm  54.1   6:04am    4    2  0.00   0  11   2:51pm   W 30.04   81
8    67.7  84.2   2:20pm  58.1   1:01am    2    5  0.00   0  15   6:03pm WSW 30.09   82
9    67.8  83.1   2:14pm  57.7   4:27am    2    5  0.00   1  20   3:48pm  SW 30.14   83
10   67.5  83.7   2:06pm  58.3   5:37am    2    5  0.00   2  22   2:59pm  SW 30.15   75
11   68.2  84.7   2:20pm  55.4   4:21am    3    6  0.00   2  28   5:49pm WSW 30.08   78
12   66.0  75.7  12:00pm  59.2   6:49am    1    2  0.51   3  24  11:11am WSW 29.88   86
13   67.5  70.9   1:46pm  63.5  11:51pm    0    3  0.55   0  16   8:27am SSE 29.89   96
14   59.3  63.5  12:00am  50.5  11:58pm    5    0  0.91   0  13   7:55am WNW 29.90   94
15   57.2  70.3   1:19pm  48.2  11:57pm    8    0  0.00   1  18   4:38pm WNW 29.95   76
16   58.0  76.1   2:02pm  43.7   7:02am    9    2  0.00   1  17   2:41pm SSE 29.99   75
17   58.2  76.6  12:56pm  49.1   6:57am    5    1  0.00   2  34  12:42pm SSE 30.06   83
18   65.4  80.1   2:09pm  55.9  11:59pm    3    3  0.00   3  26   3:34pm  SW 30.02   73
19   56.7  62.8   1:34pm  47.8  11:59pm    8    0  0.00   4  34   1:19pm  NW 29.82   73
20   52.8  67.8   1:56pm  41.0   6:39am   12    0  0.00   1  17  11:47am SSE 30.12   68
21   54.1  70.7   2:11pm  39.9   6:40am   11    1  0.04   1  17   1:47pm  SW 30.12   74
22   56.7  67.5   3:11pm  46.4  11:59pm    8    0  0.67   1  21   4:15pm WNW 29.71   88
23   52.5  65.8   2:10pm  44.8   6:41am   13    0  0.00   3  28   1:34pm SSE 29.75   74
24   51.8  59.5  11:33am  45.7  10:01pm   13    0  0.04   1  24   4:03pm SSE 29.66   74
25   48.8  59.0   1:39pm  42.1   4:16am   16    0  0.00   4  26   7:33am  NW 29.90   63
26   49.9  57.0   2:35pm  43.0   1:26am   15    0  0.39   1  17  11:06am WSW 29.65   88
27   48.5  53.1  12:53pm  43.5   5:57am   17    0  0.08   2  20  12:52pm SSE 29.53   88
28   46.0  52.0   2:38pm  38.5  11:58pm   19    0  0.00   2  23   9:47am   N 29.86   80
29   41.4  53.2   1:00pm  32.5   6:31am   24    0  0.04   1  21   3:08pm WNW 30.01   79
30   39.8  50.7   2:12pm  32.7   7:01am   25    0  0.00   3  26   3:23pm  NW 30.09   75
---------------------------------------------------------------------------------------
TOT  58.2  86.7   9/6/03  32.5  9/29/03  258   58  3.23   2  34  9/17/03 SSE 29.95   76

HEAT BASE: 65.0
COOL BASE: 65.0