NOAA-Style Climate Reports

Select a Year or Month report
2018: Jan Feb Mar Apr May Jun Jul Aug Sep Oct Nov Dec
2017: Jan Feb Mar Apr May Jun Jul Aug Sep Oct Nov Dec
2016: Jan Feb Mar Apr May Jun Jul Aug Sep Oct Nov Dec
2015: Jan Feb Mar Apr May Jun Jul Aug Sep Oct Nov Dec
2014: Jan Feb Mar Apr May Jun Jul Aug Sep Oct Nov Dec
2013: Jan Feb Mar Apr May Jun Jul Aug Sep Oct Nov Dec
2012: Jan Feb Mar Apr May Jun Jul Aug Sep Oct Nov Dec
2011: Jan Feb Mar Apr May Jun Jul Aug Sep Oct Nov Dec
2010: Jan Feb Mar Apr May Jun Jul Aug Sep Oct Nov Dec
2009: Jan Feb Mar Apr May Jun Jul Aug Sep Oct Nov Dec
2008: Jan Feb Mar Apr May Jun Jul Aug Sep Oct Nov Dec
2007: Jan Feb Mar Apr May Jun Jul Aug Sep Oct Nov Dec
2006: Jan Feb Mar Apr May Jun Jul Aug Sep Oct Nov Dec
2005: Jan Feb Mar Apr May Jun Jul Aug Sep Oct Nov Dec
2004: Jan Feb Mar Apr May Jun Jul Aug Sep Oct Nov Dec
2003: Jan Feb Mar Apr May Jun Jul Aug Sep Oct Nov Dec

Report for 2003 August

Daily NOAA report



                            MONTHLY CLIMATOLOGICAL SUMMARY for AUG. 2003

NAME: Athelstane Weather   CITY: Athelstane STATE: Wisconsin
ELEV: 812 LAT: 045:23:00 LONG: 0088:07:00

                            TEMPERATURE ( °F), RAIN (in.), WIND SPEED (mph)

                                               HEAT     COOL           AVG
      MEAN                                     DEG      DEG            WIND                       DOM
DAY   TEMP    HIGH   TIME     LOW    TIME      DAYS     DAYS    RAIN   SPEED    HIGH    TIME      DIR
--------------------------------------------------------------------------------------------------------
01    65.6   077.4   14:04    58.8   07:02     00.0     00.7   00.00   00.4     11.5    14:03      SW
02    69.5   075.9   19:08    59.2   05:29     00.0     04.5   00.00   00.0     13.8    19:08     WSW
03    66.7   071.6   18:02    63.9   00:00     00.0     01.8   00.00   00.0     11.5    17:03      N 
04    67.5   075.7   13:28    62.1   06:10     00.0     02.6   00.00   00.0     12.7    12:28      N 
05    69.9   084.6   16:28    58.8   06:28     00.0     05.0   00.00   00.3     12.7    17:29     ENE
06    68.8   085.5   12:29    63.0   06:29     00.0     03.8   00.00   01.0     18.4    12:29     WSW
07    67.3   074.3   17:28    61.2   04:27     00.0     02.3   00.00   01.1     14.9    17:28      N 
08    67.4   077.5   15:29    60.3   04:28     00.0     02.5   00.00   01.3     13.8    12:30     NNW
09    69.5   083.7   14:29    57.9   06:29     00.0     04.6   00.00   00.3     12.7    11:29     NNW
10    69.8   090.3   14:02    57.2   06:28     00.0     04.9   00.00   00.6     14.9    14:02      N 
11    66.8   078.1   15:15    58.3   00:00     00.0     01.9   00.00   02.6     17.3    09:06      N 
12    66.4   082.6   15:25    53.4   06:19     00.0     01.5   00.00   00.8     12.7    14:24      NW
13    69.4   087.6   14:29    54.5   06:29     00.0     04.5   00.00   00.8     14.9    16:29     WSW
14    72.6   088.7   14:15    59.0   06:28     00.0     07.7   00.00   01.9     19.6    18:20      S 
15    75.7   090.0   14:29    64.2   06:29     00.0     10.7   00.00   02.0     17.3    14:29     SSW
16    75.2   089.8   14:29    66.7   00:00     00.0     10.2   00.00   00.5     17.3    17:18     WNW
17    70.8   085.3   15:02    62.1   04:18     00.0     05.9   00.00   00.3     11.5    15:02     WSW
18    71.6   089.4   14:29    57.4   06:04     00.0     06.7   00.00   01.8     17.3    14:06      S 
19    74.9   090.0   14:12    63.7   05:04     00.0     09.9   00.00   01.7     20.7    13:28      S 
20    75.3   089.1   14:28    65.1   06:29     00.0     10.4   00.00   00.8     17.3    15:28     SSW
21    77.6   089.1   14:27    63.7   00:00     00.0     12.6   00.00   05.0     20.7    16:28      SE
22    69.6   086.9   15:29    56.7   06:25     00.0     04.6   00.00   01.8     17.3    11:29      NW
23    63.5   079.0   14:26    50.2   06:29     01.5     00.0   00.00   00.3     11.5    14:26     WNW
24    71.7   086.7   17:29    59.2   06:11     00.0     06.8   00.00   02.3     21.9    13:28      S 
25    75.9   088.7   15:29    67.1   06:28     00.0     10.9   00.00   00.0     11.5    15:27     WNW
26    74.5   089.4   15:17    64.4   07:06     00.0     09.6   00.00   00.9     17.3    15:28      NE
27    64.7   078.1   14:26    52.9   06:29     00.2     00.0   00.00   00.8     17.3    15:26     NNW
28    62.4   074.7   13:28    49.1   06:29     02.5     00.0   00.00   01.3     18.4    10:28      SW
29    64.1   073.0   15:05    48.0   00:00     00.9     00.0   00.00   08.7     17.3    14:03      W 
30    58.1   074.5   15:10    44.1   05:07     06.8     00.0   00.00   00.9     18.4    13:09     NNW
31    60.8   076.5   15:26    45.9   06:29     04.1     00.0   00.00   01.0     16.1    12:23     SSE
--------------------------------------------------------------------------------------------------------
69.2 (70.5)   90.3  day 10     44.1  day 30   016.0    146.6   00.00   01.3     21.9   day 21      W 
Max >=  86: 13
Min  .008in) 0 (> .08in) 0 (> 0.8in)