NOAA-Style Climate Reports


Report for 2003 August
                  MONTHLY CLIMATOLOGICAL SUMMARY FOR 8/2003
                                        HEAT  COOL        
     MEAN                               DEG   DEG       WIND SPEED       DOM MEAN  MEAN
DAY  TEMP  HIGH   TIME     LOW   TIME   DAYS  DAYS RAIN AVG  HI  TIME    DIR BAROM HUM
---------------------------------------------------------------------------------------
1    65.5  79.3   1:52pm  58.8   5:59am    2    2  0.67   0  16   2:48pm   W 29.85   90
2    65.6  77.4   1:17pm  59.2   5:32am    2    2  0.16   0  17  12:26pm WSW 29.85   91
3    66.8  71.8   5:46pm  64.2  11:56pm    0    2  0.59   0  13   5:27pm   N 29.89   92
4    67.5  76.5   5:16pm  61.9   5:52am    1    3  0.00   0  15   4:56pm WNW 29.91   86
5    69.9  84.7   4:09pm  58.8   5:38am    1    6  0.08   0  13  12:12pm WNW 29.88   82
6    68.7  85.8  12:30pm  63.0   4:55am    0    4  0.59   0  29   3:20pm WNW 29.91   88
7    67.2  74.3   4:58pm  61.2   4:25am    1    3  0.00   2  17   8:57am   N 30.00   84
8    67.4  77.5   3:31pm  60.1   4:08am    1    4  0.00   1  16  10:11am   N 30.07   78
9    69.5  85.3   2:52pm  57.9   5:48am    2    6  0.00   0  17   1:15pm   W 30.07   72
10   68.9  90.7   1:36pm  57.0   5:01am    2    6  0.83   1  17   3:47pm NNE 30.03   80
11   66.8  78.4   1:57pm  58.5  11:53pm    1    3  0.00   2  18   2:25pm   N 30.14   76
12   66.5  82.8   2:43pm  53.2   6:09am    4    5  0.00   1  15   3:18pm  NW 30.24   72
13   69.4  87.6   2:32pm  54.5   5:56am    3    7  0.00   1  16   4:33pm  SW 30.33   74
14   72.5  89.2   2:53pm  59.0   6:10am    1    9  0.00   2  21   2:08pm SSE 30.31   76
15   75.7  90.0   2:34pm  64.2   5:53am    0   11  0.00   2  25   2:18pm SSE 30.12   76
16   75.0  90.7   2:46pm  66.9   6:49am    0   10  0.00   0  17   5:02pm NNE 29.98   72
17   71.1  85.5   2:35pm  61.9   3:54am    1    6  0.00   0  15  12:55pm SSE 30.05   74
18   71.5  90.0   2:19pm  57.4   6:03am    2    8  0.00   2  21   2:28pm SSE 30.07   71
19   74.8  90.5   2:12pm  63.7   4:44am    0   10  0.00   2  22   1:31pm SSE 30.04   75
20   75.3  89.1   2:31pm  65.1   5:39am    0   10  0.08   2  22   3:23pm WSW 29.91   79
21   77.5  89.8   2:21pm  63.9  11:54pm    0   13  0.00   5  27   3:35am SSE 29.78   65
22   69.4  87.1   2:26pm  56.7   5:37am    2    7  0.00   1  18  11:27am NNE 30.04   62
23   63.5  80.2   1:47pm  50.2   6:06am    4    3  0.00   0  13   9:52am  SW 30.18   66
24   71.6  86.7   5:00pm  59.2   5:44am    2    8  0.12   3  27  12:16pm SSE 29.95   76
25   75.9  89.1   3:29pm  67.1   6:03am    0   11  0.00   0  15  12:23pm  SW 29.90   78
26   74.4  89.8   2:16pm  64.4   6:51am    0    9  0.00   1  17   3:31pm NNE 29.83   67
27   64.7  78.6   2:10pm  52.9   6:25am    4    3  0.00   1  17   3:01pm  NW 30.02   60
28   63.6  75.4   1:47pm  48.9   6:36am    5    3  0.16   1  21  10:48am  SW 29.90   84
29   63.6  73.2   2:08pm  48.0  11:58pm    3    2  0.00   3  21  10:42am NNE 29.97   70
30   58.0  75.2   3:14pm  43.9   5:07am    9    2  0.00   1  18   1:03pm  NW 30.23   66
31   60.7  76.6   3:06pm  45.9   6:27am    7    3  0.00   1  18  12:44pm SSE 30.20   69
---------------------------------------------------------------------------------------
TOT  69.0  90.7  8/10/03  43.9  8/30/03   60  183  3.27   1  29   8/6/03 SSE 30.02   76

HEAT BASE: 65.0
COOL BASE: 65.0