NOAA-Style Climate Reports


Report for 2003 July
                  MONTHLY CLIMATOLOGICAL SUMMARY FOR 7/2003
                                        HEAT  COOL        
     MEAN                               DEG   DEG       WIND SPEED       DOM MEAN  MEAN
DAY  TEMP  HIGH   TIME     LOW   TIME   DAYS  DAYS RAIN AVG  HI  TIME    DIR BAROM HUM
---------------------------------------------------------------------------------------
1    71.7  90.0   3:22pm  54.9   5:20am    2    9  0.00   1  18   3:44pm SSE 30.01   59
2    71.6  85.5   2:41pm  57.7   5:55am    1    8  0.08   2  21  10:46am SSE 29.83   71
3    76.0  91.8   3:26pm  66.0   1:49am    0   11  0.00   2  25   1:31pm WNW 29.71   70
4    74.9  90.5   1:46pm  64.8   4:20am    0   10  0.00   2  23   8:48am SSE 29.74   68
5    75.9  92.8   2:33pm  63.0   2:32am    0   11  0.00   2  18  11:30am  NW 29.83   51
6    71.8  88.9  12:14pm  57.9   5:17am    1    8  0.00   1  21   9:45am SSE 29.84   72
7    74.0  92.3   3:10pm  63.0   3:48am    0    9  0.00   2  22   6:41pm SSE 29.79   68
8    67.1  78.8   3:16pm  54.7   5:21am    2    5  0.00   2  18  11:04am WNW 29.95   57
9    63.2  75.0   1:08pm  51.8   5:16am    4    2  0.00   1  15  11:26am WSW 29.99   67
10   62.7  70.0   4:51pm  56.1  12:16am    3    1  0.39   0  15   3:55pm NNE 29.70   84
11   60.2  66.6   2:36pm  55.4   5:02am    5    0  0.04   4  24  12:06pm NNE 29.70   82
12   69.6  86.5   2:45pm  57.4   5:20am    2    7  0.00   1  17   4:47pm WNW 29.91   58
13   70.1  88.7   3:02pm  53.4   5:34am    3    8  0.00   3  20   2:12pm SSE 30.00   63
14   71.5  86.2   3:03pm  59.5   5:58am    1    8  0.04   4  31  12:44pm SSE 29.94   67
15   68.8  79.7   2:06pm  56.3  11:59pm    1    4  0.08   4  27   2:49pm NNE 29.81   70
16   69.6  90.0   2:38pm  49.8   5:35am    4    9  0.04   2  24   5:33pm SSE 30.02   64
17   68.0  79.9   2:34pm  52.9  11:57pm    1    4  0.08   1  17   6:29am   N 30.10   66
18   64.9  85.1   2:27pm  46.2   5:08am    6    6  0.00   1  21   2:32pm WNW 30.11   54
19   69.0  88.5   2:30pm  49.6   5:17am    4    8  0.00   3  23  11:41am SSE 29.99   58
20   71.9  93.6   2:09pm  61.5   6:28am    1    7  1.26   3  23  12:42pm NNE 29.76   73
21   65.1  75.0   3:01pm  59.4   4:53am    2    2  0.12   2  18  10:14am   N 29.74   81
22   62.8  74.3   1:18pm  53.6   5:11am    4    2  0.00   2  21   2:07pm   N 29.96   70
23   66.9  83.3   2:28pm  55.2  12:38am    3    5  0.00   1  15  12:48pm  NW 30.06   60
24   67.9  87.1   2:25pm  51.1   6:09am    4    7  0.00   1  22   1:45pm SSE 30.03   62
25   71.0  85.1  12:54pm  56.3   5:41am    2    8  0.00   4  25  12:40pm SSE 29.96   69
26   73.7  81.0   2:12pm  67.5  10:37am    0    9  1.06   3  26   6:17am SSE 29.86   84
27   71.8  81.5  12:58pm  57.2  11:57pm    0    7  0.00   2  22  11:58am   N 29.96   68
28   66.8  83.5   1:35pm  53.4   2:18am    4    6  0.00   1  15   2:29pm SSE 30.01   62
29   68.3  88.7   1:32pm  55.4   5:40am    2    6  0.08   1  17   3:17pm SSE 29.94   76
30   67.9  78.6   1:09pm  63.0   5:41am    0    3  0.51   0  22   3:02pm SSE 29.92   89
31   66.9  82.6   1:48pm  61.9   4:40am    1    3  0.12   1  17   9:57am SSE 29.90   89
---------------------------------------------------------------------------------------
TOT  69.1  93.6  7/20/03  46.2  7/18/03   66  193  3.90   2  31  7/14/03 SSE 29.91   69

HEAT BASE: 65.0
COOL BASE: 65.0