NOAA-Style Climate Reports

Select a Year or Month report
2018: Jan Feb Mar Apr May Jun Jul Aug Sep Oct Nov Dec
2017: Jan Feb Mar Apr May Jun Jul Aug Sep Oct Nov Dec
2016: Jan Feb Mar Apr May Jun Jul Aug Sep Oct Nov Dec
2015: Jan Feb Mar Apr May Jun Jul Aug Sep Oct Nov Dec
2014: Jan Feb Mar Apr May Jun Jul Aug Sep Oct Nov Dec
2013: Jan Feb Mar Apr May Jun Jul Aug Sep Oct Nov Dec
2012: Jan Feb Mar Apr May Jun Jul Aug Sep Oct Nov Dec
2011: Jan Feb Mar Apr May Jun Jul Aug Sep Oct Nov Dec
2010: Jan Feb Mar Apr May Jun Jul Aug Sep Oct Nov Dec
2009: Jan Feb Mar Apr May Jun Jul Aug Sep Oct Nov Dec
2008: Jan Feb Mar Apr May Jun Jul Aug Sep Oct Nov Dec
2007: Jan Feb Mar Apr May Jun Jul Aug Sep Oct Nov Dec
2006: Jan Feb Mar Apr May Jun Jul Aug Sep Oct Nov Dec
2005: Jan Feb Mar Apr May Jun Jul Aug Sep Oct Nov Dec
2004: Jan Feb Mar Apr May Jun Jul Aug Sep Oct Nov Dec
2003: Jan Feb Mar Apr May Jun Jul Aug Sep Oct Nov Dec

Report for 2003 July

Daily NOAA report



                            MONTHLY CLIMATOLOGICAL SUMMARY for JUL. 2003

NAME: Athelstane Weather   CITY: Athelstane STATE: Wisconsin
ELEV: 812 LAT: 045:23:00 LONG: 0088:07:00

                            TEMPERATURE ( °F), RAIN (in.), WIND SPEED (mph)

                                               HEAT     COOL           AVG
      MEAN                                     DEG      DEG            WIND                       DOM
DAY   TEMP    HIGH   TIME     LOW    TIME      DAYS     DAYS    RAIN   SPEED    HIGH    TIME      DIR
--------------------------------------------------------------------------------------------------------
01    71.9   089.8   14:29    54.9   05:29     00.0     07.0   00.00   01.1     14.9    13:08      SW
02    71.7   084.9   14:29    57.9   06:08     00.0     06.8   00.00   01.5     18.4    13:30     SSW
03    76.1   091.0   15:10    66.2   04:29     00.0     11.1   00.00   01.6     25.3    13:29      W 
04    75.1   089.6   14:10    64.8   05:09     00.0     10.2   00.00   01.6     20.7    17:10      W 
05    74.2   092.8   15:01    63.0   03:03     00.0     09.2   00.00   01.3     18.4    12:01      NW
07    69.4   087.6   13:02    63.9   00:00     00.0     04.4   00.00   00.4     13.8    13:03      SW
08    65.0   078.4   15:29    54.9   05:29     00.0     00.0   00.00   00.7     18.4    11:28      W 
09    63.3   074.7   13:30    52.2   05:29     01.6     00.0   00.00   00.5     12.7    17:30     NNW
10    62.6   069.6   17:28    56.1   00:29     02.3     00.0   00.00   00.9     11.5    23:29      N 
11    60.2   066.4   14:29    55.4   05:29     04.8     00.0   00.00   03.1     20.7    14:29      NW
12    69.6   086.0   14:29    57.4   05:30     00.0     04.7   00.00   01.4     13.8    10:29     WNW
13    70.1   088.7   15:28    53.4   05:30     00.0     05.2   00.00   02.8     18.4    17:29      S 
14    71.6   086.0   15:26    59.5   06:29     00.0     06.6   00.00   04.9     29.9    11:30      S 
15    69.0   079.5   14:28    56.3   00:00     00.0     04.1   00.00   03.4     20.7    16:30      NW
16    69.6   089.4   15:30    49.8   06:26     00.0     04.6   00.00   02.8     24.1    17:29     SSE
17    68.1   079.9   14:28    52.5   00:00     00.0     03.1   00.00   00.4     13.8    07:03     NNE
18    65.1   084.2   14:37    46.2   05:29     00.0     00.2   00.00   01.8     16.1    16:30      N 
19    70.8   088.5   14:30    49.6   05:29     00.0     05.8   00.00   04.5     19.6    17:29     SSE
20    72.1   092.8   14:03    61.5   06:29     00.0     07.2   00.00   01.9     19.6    19:02     NNE
22    67.0   074.3   15:15    59.4   05:03     00.0     02.1   00.00   01.2     13.8    18:29      N 
23    62.8   066.2   21:29    57.6   00:00     02.2     00.0   00.00   00.0     00.0    00:00     NNW
24    67.8   086.9   14:30    51.3   06:26     00.0     02.9   00.00   02.0     19.6    14:30     SSE
25    70.9   084.4   13:26    56.5   06:28     00.0     06.0   00.00   04.8     25.3    16:18     SSW
26    73.8   080.8   18:28    67.5   11:22     00.0     08.9   00.00   03.4     20.7    06:30     SSW
27    72.0   079.3   13:28    57.0   00:00     00.0     07.0   00.00   02.6     13.8    13:28      NW
28    66.7   082.9   15:29    53.4   03:28     00.0     01.8   00.00   00.8     13.8    17:29      SW
29    68.2   088.5   13:29    55.6   06:30     00.0     03.2   00.00   00.7     12.7    13:29     SSW
30    68.0   078.3   14:28    63.0   06:28     00.0     03.1   00.00   01.7     20.7    15:29     SSW
31    67.0   081.3   13:29    62.1   05:29     00.0     02.1   00.00   00.0     14.9    10:29      SW
--------------------------------------------------------------------------------------------------------
69.0 (70.0)   92.8  day 20     46.2  day 18   010.9    127.3   00.00   01.9     29.9   day 11      SW
Max >=  86: 13
Min  .008in) 0 (> .08in) 0 (> 0.8in)