NOAA-Style Climate Reports


Report for 2003 June

Daily NOAA report



                            MONTHLY CLIMATOLOGICAL SUMMARY for JUN. 2003

NAME: Athelstane Weather   CITY: Athelstane STATE: Wisconsin
ELEV: 812 LAT: 045:23:00 LONG: 0088:07:00

                            TEMPERATURE ( °F), RAIN (in.), WIND SPEED (mph)

                                               HEAT     COOL           AVG
      MEAN                                     DEG      DEG            WIND                       DOM
DAY   TEMP    HIGH   TIME     LOW    TIME      DAYS     DAYS    RAIN   SPEED    HIGH    TIME      DIR
--------------------------------------------------------------------------------------------------------
01    55.8   075.2   15:04    34.5   06:04     09.2     00.0   00.00   01.0     13.8    19:01     WSW
02    60.3   078.6   14:09    43.0   05:30     04.6     00.0   00.00   00.8     19.6    17:29     WNW
03    61.3   078.3   14:29    48.4   06:15     03.7     00.0   00.00   01.9     16.1    15:25      W 
04    60.7   078.1   15:29    43.0   05:30     04.2     00.0   00.00   00.2     16.1    15:29     WNW
05    66.4   084.2   14:29    52.0   05:29     00.0     01.5   00.00   01.5     17.3    12:30     NNW
06    60.1   074.3   13:30    48.0   05:25     04.9     00.0   00.00   01.3     17.3    17:29      SW
07    57.7   061.9   18:31    54.9   07:04     07.2     00.0   00.00   00.0     08.1    11:04     NNW
08    56.3   060.4   18:21    53.6   06:29     08.7     00.0   00.00   00.0     11.5    23:29     NNW
09    62.0   072.7   13:29    54.1   05:28     03.0     00.0   00.00   01.3     14.9    11:29      N 
10    55.4   057.2   17:29    51.8   03:29     09.6     00.0   00.00   00.0     10.3    00:00     WNW
11    60.7   075.6   15:30    48.7   04:29     04.2     00.0   00.00   00.3     13.8    16:28      N 
12    63.0   076.1   14:28    50.0   05:30     02.0     00.0   00.00   01.4     24.1    10:29      N 
13    65.2   080.2   14:28    50.2   05:30     00.0     00.3   00.00   00.0     11.5    19:29     NNW
14    68.7   082.9   15:28    56.7   06:28     00.0     03.8   00.00   00.7     14.9    17:29     NNE
15    64.4   082.6   14:29    48.6   06:28     00.5     00.0   00.00   01.3     14.9    13:29     NNW
16    65.7   087.6   15:29    46.6   05:29     00.0     00.8   00.00   01.1     13.8    13:28     WNW
17    67.7   087.8   14:29    46.9   05:29     00.0     02.7   00.00   00.9     16.1    16:28      SW
18    69.8   085.5   15:29    56.3   00:00     00.0     04.9   00.00   02.6     18.4    16:28     NNE
19    60.7   076.1   15:29    46.9   00:00     04.2     00.0   00.00   01.8     14.9    12:29      N 
20    61.2   083.3   15:29    38.5   05:29     03.7     00.0   00.00   02.3     14.9    16:29      SW
21    66.6   088.7   15:28    45.3   05:30     00.0     01.7   00.00   01.8     17.3    15:30      SW
22    70.0   090.5   15:28    51.1   05:28     00.0     05.1   00.00   02.5     19.6    13:26     SSW
23    70.7   091.6   14:30    56.1   02:30     00.0     05.8   00.00   02.2     20.7    14:30     SSW
24    74.4   085.5   17:28    64.8   05:29     00.0     09.5   00.00   01.4     13.8    13:29     SSW
25    78.0   091.9   14:28    67.6   05:28     00.0     13.0   00.00   02.6     19.6    15:29      S 
26    66.7   073.6   13:30    56.1   00:00     00.0     01.7   00.00   04.9     25.3    13:29      W 
27    62.7   075.0   13:29    52.9   04:29     02.2     00.0   00.00   03.1     18.4    13:28      N 
28    54.6   061.3   16:26    46.8   04:27     10.3     00.0   00.00   00.0     13.8    09:27     NNW
29    62.8   072.9   18:28    55.0   03:29     02.1     00.0   00.00   02.4     16.1    12:59     SSE
30    68.3   085.5   15:30    51.8   05:28     00.0     03.4   00.00   00.7     14.9    18:28     WNW
--------------------------------------------------------------------------------------------------------
63.9 (64.6)   91.9  day 25     34.5  day 01   084.3    054.0   00.00   01.4     25.3   day 26      W 
Max >=  86: 6
Min  .008in) 0 (> .08in) 0 (> 0.8in)