NOAA-Style Climate Reports


Report for 2003 June
                  MONTHLY CLIMATOLOGICAL SUMMARY FOR 6/2003
                                        HEAT  COOL        
     MEAN                               DEG   DEG       WIND SPEED       DOM MEAN  MEAN
DAY  TEMP  HIGH   TIME     LOW   TIME   DAYS  DAYS RAIN AVG  HI  TIME    DIR BAROM HUM
---------------------------------------------------------------------------------------
1    55.5  75.4   3:14pm  34.5   4:39am   12    2  0.00   2  18   1:06pm   S 29.99   53
2    60.3  78.6   2:03pm  42.8   5:20am    8    3  0.00   0  20   5:34pm WSW 29.95   55
3    61.2  79.0   2:43pm  48.4   5:47am    7    3  0.00   2  26   1:37pm NNE 29.93   51
4    60.8  78.4   1:41pm  43.0   5:24am    8    3  0.00   1  22   1:29pm NNE 29.92   46
5    66.6  86.5   1:50pm  52.0   5:10am    4    6  0.00   2  18   1:15pm WSW 29.87   44
6    60.1  74.7  12:28pm  47.8   4:55am    7    2  0.08   1  23   2:19pm  SW 29.86   72
7    57.9  62.4   3:21pm  54.9   5:55am    7    0  0.31   0  12  11:10am NNE 29.77   91
8    56.3  60.8   6:11pm  53.6   5:55am    9    0  0.43   0  18   9:42am WSW 29.64   92
9    61.5  74.3   1:26pm  14.0   5:15pm    5    2  0.00   1  18   9:55am  NW 29.75   70
10   55.4  57.2   3:30pm  51.8   2:58am   10    0  0.87   0  16   7:56pm NNE 29.72   95
11   60.7  76.1   3:23pm  48.7   4:30am    6    2  0.00   1  18   4:39pm   N 29.86   73
12   63.0  77.0   2:28pm  50.0   5:27am    5    3  0.00   2  26  10:57am   N 29.86   67
13   65.2  81.7   1:54pm  50.2   5:05am    5    5  0.00   1  15   7:45pm WSW 29.81   74
14   68.8  82.9   3:03pm  56.7   5:08am    2    6  0.00   1  16   5:32pm   N 30.00   67
15   64.4  82.9   2:28pm  48.4   5:36am    5    5  0.00   1  20   4:50pm WSW 30.14   61
16   65.7  87.6   3:05pm  46.6   5:33am    6    7  0.00   1  17   1:15pm WSW 30.14   59
17   67.7  88.0   2:07pm  46.9   5:25am    5    8  0.00   1  20   4:16pm  SW 30.00   57
18   69.7  86.9   2:59pm  56.3  11:30pm    2    6  0.00   1  21   1:56pm NNE 29.87   59
19   60.7  76.5   3:12pm  47.1  11:58pm    7    3  0.00   2  23  12:26pm   N 30.10   48
20   61.3  83.3   3:00pm  38.5   5:23am    9    5  0.00   1  17   2:27pm WSW 30.12   54
21   65.8  88.9   2:38pm  44.8   5:20am    6    7  0.00   1  18   1:45pm  SW 30.00   56
22   69.8  90.5   3:04pm  51.1   5:00am    4    9  0.00   2  21  11:56am SSE 29.90   57
23   72.9  91.9   2:20pm  52.7   5:24am    3   11  0.00   3  22   1:44pm SSE 29.87   64
24   74.3  85.5   4:35pm  64.8   5:20am    0    9  0.24   1  20   1:53pm SSE 29.89   78
25   78.0  92.5   1:58pm  67.6   4:33am    0   13  0.00   3  22   4:39pm SSE 29.82   76
26   66.7  74.1   1:29pm  56.1  11:51pm    1    3  0.00   5  27   1:20pm SSE 29.70   62
27   62.8  75.9   2:11pm  52.7   4:36am    5    2  0.00   3  22   9:41am   N 29.80   59
28   54.6  61.7   3:55pm  46.8   3:50am   10    0  0.04   0  16   2:41pm   W 29.92   81
29   62.6  73.4   5:44pm  55.0  12:04am    4    2  0.00   2  20   3:11pm SSE 29.95   76
30   68.2  86.7   2:22pm  51.8   5:00am    4    7  0.00   1  17   2:17pm SSE 30.08   64
---------------------------------------------------------------------------------------
TOT  63.9  92.5  6/25/03  14.0   6/9/03  164  133  1.97   1  27  6/26/03 SSE 29.91   65

HEAT BASE: 65.0
COOL BASE: 65.0