NOAA-Style Climate Reports

Select a Year or Month report
2018: Jan Feb Mar Apr May Jun Jul Aug Sep Oct Nov Dec
2017: Jan Feb Mar Apr May Jun Jul Aug Sep Oct Nov Dec
2016: Jan Feb Mar Apr May Jun Jul Aug Sep Oct Nov Dec
2015: Jan Feb Mar Apr May Jun Jul Aug Sep Oct Nov Dec
2014: Jan Feb Mar Apr May Jun Jul Aug Sep Oct Nov Dec
2013: Jan Feb Mar Apr May Jun Jul Aug Sep Oct Nov Dec
2012: Jan Feb Mar Apr May Jun Jul Aug Sep Oct Nov Dec
2011: Jan Feb Mar Apr May Jun Jul Aug Sep Oct Nov Dec
2010: Jan Feb Mar Apr May Jun Jul Aug Sep Oct Nov Dec
2009: Jan Feb Mar Apr May Jun Jul Aug Sep Oct Nov Dec
2008: Jan Feb Mar Apr May Jun Jul Aug Sep Oct Nov Dec
2007: Jan Feb Mar Apr May Jun Jul Aug Sep Oct Nov Dec
2006: Jan Feb Mar Apr May Jun Jul Aug Sep Oct Nov Dec
2005: Jan Feb Mar Apr May Jun Jul Aug Sep Oct Nov Dec
2004: Jan Feb Mar Apr May Jun Jul Aug Sep Oct Nov Dec
2003: Jan Feb Mar Apr May Jun Jul Aug Sep Oct Nov Dec

Report for 2003 May

Daily NOAA report



                            MONTHLY CLIMATOLOGICAL SUMMARY for MAY. 2003

NAME: Athelstane Weather   CITY: Athelstane STATE: Wisconsin
ELEV: 812 LAT: 045:23:00 LONG: 0088:07:00

                            TEMPERATURE ( °F), RAIN (in.), WIND SPEED (mph)

                                               HEAT     COOL           AVG
      MEAN                                     DEG      DEG            WIND                       DOM
DAY   TEMP    HIGH   TIME     LOW    TIME      DAYS     DAYS    RAIN   SPEED    HIGH    TIME      DIR
--------------------------------------------------------------------------------------------------------
01    53.2   072.9   15:40    36.1   00:00     11.8     00.0   00.00   03.1     14.9    17:25     NNE
02    45.3   062.1   15:16    32.2   00:00     19.6     00.0   00.00   02.4     17.3    13:24      NE
03    45.2   066.9   15:26    23.5   06:23     19.7     00.0   00.00   02.2     20.7    15:26     SSW
04    41.8   065.8   14:29    29.5   17:32     23.1     00.0   00.00   00.4     25.3    13:29      SW
06    48.0   050.9   03:29    40.3   00:00     17.0     00.0   00.00   04.4     24.1    12:29     NNE
07    49.8   062.8   13:29    37.0   06:28     15.1     00.0   00.00   02.1     19.6    13:29     WSW
08    64.7   068.7   23:58    49.3   00:28     00.2     00.0   00.00   05.1     12.7    17:29      W 
09    47.9   051.8   00:29    45.0   13:29     17.1     00.0   00.00   00.8     16.1    07:29     NNW
10    56.6   067.8   18:07    45.1   07:02     08.4     00.0   00.00   01.4     13.8    11:29      SW
11    49.5   054.3   00:31    42.1   21:29     15.5     00.0   00.00   04.1     25.3    18:29      N 
12    49.5   060.6   15:29    39.0   00:00     15.4     00.0   00.00   05.9     34.5    12:30      NW
13    55.1   077.4   15:28    35.2   03:30     09.8     00.0   00.00   02.2     16.1    14:29     NNW
14    56.8   074.1   13:28    39.0   05:30     08.2     00.0   00.00   02.0     19.6    16:29      SW
15    57.3   072.5   15:30    41.7   06:28     07.7     00.0   00.00   01.3     25.3    16:30      NE
16    54.9   065.1   16:02    43.3   05:30     10.0     00.0   00.00   01.1     18.4    11:29     NNE
17    58.2   072.7   15:16    49.5   00:00     06.8     00.0   00.00   00.7     17.3    15:30     ENE
18    58.7   072.9   15:25    44.4   05:22     06.2     00.0   00.00   01.6     17.3    14:29     NNE
19    58.6   063.1   17:29    53.1   05:30     06.3     00.0   00.00   00.0     14.9    09:29     WSW
20    54.3   062.4   15:29    39.6   00:00     10.6     00.0   00.00   06.7     26.4    07:29      NW
21    48.7   063.5   14:29    32.0   05:29     16.3     00.0   00.00   01.7     19.6    11:28     WSW
22    48.6   064.0   13:29    32.0   05:30     16.4     00.0   00.00   01.7     13.8    16:29     WSW
23    54.2   073.8   15:30    38.1   05:29     10.8     00.0   00.00   01.4     16.1    12:30      N 
24    58.0   077.5   15:29    37.9   03:29     07.0     00.0   00.00   02.1     16.1    12:28      N 
25    59.4   078.1   15:30    41.7   02:29     05.5     00.0   00.00   03.3     20.7    12:28     NNE
26    62.4   077.7   15:03    44.6   04:25     02.6     00.0   00.00   04.0     16.1    14:02     ENE
27    64.6   085.5   14:28    43.0   05:28     00.4     00.0   00.00   01.8     14.9    16:29      NW
28    59.2   069.1   14:30    54.0   05:24     05.7     00.0   00.00   03.4     19.6    17:30      NW
29    64.8   082.0   14:29    53.1   04:28     00.1     00.0   00.00   04.4     19.6    10:27     NNW
30    54.7   057.2   15:29    51.6   20:29     10.3     00.0   00.00   00.9     16.1    21:28      SE
31    51.4   063.3   14:29    41.2   23:07     13.5     00.0   00.00   05.9     25.3    03:28     NNW
--------------------------------------------------------------------------------------------------------
54.4 (54.5)   85.5  day 27     23.5  day 03   316.9    000.0   00.00   02.6     34.5   day 28     NNW
Min  .008in) 0 (> .08in) 0 (> 0.8in)