NOAA-Style Climate Reports


Report for 2003 April
                  MONTHLY CLIMATOLOGICAL SUMMARY FOR 4/2003
                                        HEAT  COOL        
     MEAN                               DEG   DEG       WIND SPEED       DOM MEAN  MEAN
DAY  TEMP  HIGH   TIME     LOW   TIME   DAYS  DAYS RAIN AVG  HI  TIME    DIR BAROM HUM
---------------------------------------------------------------------------------------
1    40.8  54.0   1:30pm  33.6  12:17am   24    0  0.00   0  16   8:55pm NNE 29.67   77
2    33.7  38.1   1:15pm  30.4  11:32pm   31    0  0.00   4  22   9:24am  NE 29.98   70
3    25.7  30.4  12:00am  22.5  11:38pm   39    0  0.00   5  22   6:46am ENE 30.00   87
4    21.3  24.1  11:02am  17.8  11:03pm   43    0  0.00   3  23  10:42am   N 29.91   77
5    25.5  38.5   1:45pm  13.5  11:59pm   39    0  0.00   2  22   2:40pm NNE 30.03   60
6    23.9  43.0   2:16pm   4.6   6:49am   39    0  0.04   2  18   1:56pm NNE 30.37   50
7    28.2  34.7  12:28pm  22.5   6:08am   37    0  0.00   3  23  12:22pm  NE 30.36   51
8    30.4  46.8   2:20pm  14.7   6:06am   35    0  0.24   1  17  10:53am NNE 30.37   45
9    36.9  55.0   2:51pm  19.6   6:02am   28    0  0.20   2  22   1:07pm   S 30.20   47
10   43.2  60.1   2:18pm  28.2   5:17am   22    0  0.00   3  26   3:21pm   S 30.01   51
11   47.7  64.6   2:25pm  32.9   5:37am   17    0  0.00   2  18   2:24pm NNE 29.93   45
12   40.3  52.5   3:00pm  31.8  12:00am   24    0  0.00   1  23  11:27am   N 30.12   56
13   43.2  61.9   2:19pm  25.7   6:11am   21    0  0.00   3  26   3:40pm   S 30.12   49
14   64.1  84.6   3:06pm  45.5   4:35am    7    6  0.00   7  32   3:54pm   S 29.79   44
15   59.5  75.9   1:12pm  37.6  11:54pm    7    2  0.39   4  22   1:58pm NNE 29.70   53
16   32.7  37.6  12:00am  28.9  11:44pm   32    0  1.42   1  22   3:35am  NE 30.04   90
17   31.5  33.8   2:08pm  28.9   5:42am   33    0  0.04   0   0  12:00am   N 30.05   87
18   36.1  39.2   5:02pm  32.5   3:10am   29    0  0.04   0  15  11:31pm NNE 30.09   91
19   44.4  52.7   2:18pm  36.7  12:40am   21    0  0.43   0  16   3:17pm NNE 29.94   95
20   51.0  59.2  11:59am  44.8  11:58pm   14    0  0.31   4  27   3:58pm  SW 29.61   90
21   41.2  47.1   1:11pm  36.1   8:06pm   24    0  0.00   5  32   2:42pm   N 29.70   72
22   43.0  59.2   2:21pm  31.3   5:50am   22    0  0.00   3  22  12:12pm   N 30.02   46
23   42.6  63.0   2:45pm  25.0   5:55am   20    0  0.00   1  21   5:27pm SSW 30.11   44
24   48.7  69.3   2:20pm  28.4   6:09am   16    0  0.00   2  20   1:15pm SSW 29.97   43
25   46.8  61.3   2:02pm  35.1  11:56pm   18    0  0.00   3  22   3:44pm NNE 29.90   54
26   44.5  64.6   2:51pm  25.5   6:04am   20    0  0.00   3  27   5:30pm SSW 29.88   42
27   58.6  79.2   2:34pm  37.9   2:30am   10    3  0.00   4  31   3:10pm   S 29.76   43
28   57.1  68.9   2:43pm  45.5  11:54pm    8    0  0.00   4  26   5:00pm  NW 29.82   41
29   50.7  68.9   2:18pm  33.4   6:15am   15    0  0.00   2  25   2:56pm WNW 30.01   48
30   45.8  62.6   2:20pm  35.1   6:04am   19    0  0.00   0  16   3:53pm NNE 29.93   55
---------------------------------------------------------------------------------------
TOT  41.3  84.6  4/14/03   4.6   4/6/03  713   12  3.27   3  32  4/14/03   S 29.98   60

HEAT BASE: 65.0
COOL BASE: 65.0