NOAA-Style Climate Reports

Select a Year or Month report
2018: Jan Feb Mar Apr May Jun Jul Aug Sep Oct Nov Dec
2017: Jan Feb Mar Apr May Jun Jul Aug Sep Oct Nov Dec
2016: Jan Feb Mar Apr May Jun Jul Aug Sep Oct Nov Dec
2015: Jan Feb Mar Apr May Jun Jul Aug Sep Oct Nov Dec
2014: Jan Feb Mar Apr May Jun Jul Aug Sep Oct Nov Dec
2013: Jan Feb Mar Apr May Jun Jul Aug Sep Oct Nov Dec
2012: Jan Feb Mar Apr May Jun Jul Aug Sep Oct Nov Dec
2011: Jan Feb Mar Apr May Jun Jul Aug Sep Oct Nov Dec
2010: Jan Feb Mar Apr May Jun Jul Aug Sep Oct Nov Dec
2009: Jan Feb Mar Apr May Jun Jul Aug Sep Oct Nov Dec
2008: Jan Feb Mar Apr May Jun Jul Aug Sep Oct Nov Dec
2007: Jan Feb Mar Apr May Jun Jul Aug Sep Oct Nov Dec
2006: Jan Feb Mar Apr May Jun Jul Aug Sep Oct Nov Dec
2005: Jan Feb Mar Apr May Jun Jul Aug Sep Oct Nov Dec
2004: Jan Feb Mar Apr May Jun Jul Aug Sep Oct Nov Dec
2003: Jan Feb Mar Apr May Jun Jul Aug Sep Oct Nov Dec

Report for 2003 April

Daily NOAA report



                            MONTHLY CLIMATOLOGICAL SUMMARY for APR. 2003

NAME: Athelstane Weather   CITY: Athelstane STATE: Wisconsin
ELEV: 812 LAT: 045:23:00 LONG: 0088:07:00

                            TEMPERATURE ( °F), RAIN (in.), WIND SPEED (mph)

                                               HEAT     COOL           AVG
      MEAN                                     DEG      DEG            WIND                       DOM
DAY   TEMP    HIGH   TIME     LOW    TIME      DAYS     DAYS    RAIN   SPEED    HIGH    TIME      DIR
--------------------------------------------------------------------------------------------------------
01    40.5   053.8   13:29    33.6   05:02     24.4     00.0   00.00   00.0     10.3    18:04     NNE
02    34.1   037.6   12:29    25.2   11:00     30.8     00.0   00.00   02.6     16.1    08:29      NE
03    24.7   025.2   23:58    22.5   00:00     40.3     00.0   00.00   05.1     14.9    23:58      NE
04    21.2   023.5   11:02    17.8   23:54     43.8     00.0   00.00   04.2     20.7    13:34      NE
05    25.8   037.9   13:29    13.3   00:00     39.1     00.0   00.00   01.8     18.4    12:59      N 
06    23.2   042.4   15:25    04.8   07:26     41.7     00.0   00.00   01.4     14.9    16:05     NNE
07    28.2   034.3   12:29    22.6   07:00     36.7     00.0   00.00   02.9     20.7    12:29      NE
08    30.3   046.2   15:07    14.7   06:29     34.7     00.0   00.00   01.0     14.9    11:28      N 
09    36.6   054.9   15:21    19.6   06:11     28.3     00.0   00.00   01.6     17.3    14:28     SSW
10    43.0   059.9   16:29    28.2   06:03     21.9     00.0   00.00   03.1     19.6    16:16     SSW
11    47.6   064.4   14:29    32.9   06:24     17.4     00.0   00.00   01.8     18.4    16:21      N 
12    40.4   052.3   15:28    31.6   00:00     24.6     00.0   00.00   02.6     13.8    16:29      N 
13    44.1   061.0   15:29    25.7   06:28     20.9     00.0   00.00   02.8     20.7    17:29     SSW
14    64.4   084.4   15:11    45.5   05:02     00.5     00.0   00.00   06.7     26.4    17:30     SSW
15    59.3   075.4   13:03    37.6   00:00     05.6     00.0   00.00   03.5     19.6    15:00      NE
16    33.4   037.6   00:01    31.1   18:31     31.5     00.0   00.00   01.3     16.1    04:02      NE
17    32.3   033.3   12:03    31.8   23:58     32.7     00.0   00.00   00.0     00.0    00:00     NNE
18    36.0   039.2   17:30    32.7   06:28     28.9     00.0   00.00   00.0     13.8    23:30     NNE
19    44.7   052.7   15:28    36.7   06:22     20.3     00.0   00.00   00.3     13.8    18:04     NNE
20    51.0   059.0   12:04    44.8   00:00     14.0     00.0   00.00   02.9     26.4    15:30     SSW
21    41.2   046.8   14:29    36.3   20:17     23.8     00.0   00.00   03.6     24.1    17:15     NNW
22    42.7   059.0   15:25    31.3   06:17     22.3     00.0   00.00   04.0     19.6    14:19      N 
23    42.7   062.2   14:28    25.2   06:06     22.3     00.0   00.00   01.8     18.4    16:29      SW
24    50.5   068.4   14:36    28.6   06:32     14.5     00.0   00.00   01.0     14.9    15:29     SSW
25    46.8   061.3   14:30    34.7   00:00     18.1     00.0   00.00   01.7     18.4    10:28      NE
26    44.7   064.2   15:28    25.5   06:15     20.2     00.0   00.00   03.6     26.4    17:29     SSW
27    58.5   079.2   15:28    37.9   02:29     06.5     00.0   00.00   03.8     26.4    16:28      S 
28    57.3   068.5   14:29    45.5   00:00     07.6     00.0   00.00   04.0     26.4    17:28     WNW
29    50.8   068.2   14:30    33.6   06:28     14.2     00.0   00.00   02.3     19.6    14:29     WNW
30    45.8   062.1   14:29    35.1   06:25     19.1     00.0   00.00   00.1     11.5    16:27     NNE
--------------------------------------------------------------------------------------------------------
41.4 (41.7)   84.4  day 14     04.8  day 06   706.6    000.0   00.00   02.4     26.5   day 10     NNE
Max